* [dpdk-test-report] |WARNING| pw60373 [PATCH] vhost: add support to large linear mbufs
@ 2019-10-01 22:50 dpdklab
0 siblings, 0 replies; 2+ messages in thread
From: dpdklab @ 2019-10-01 22:50 UTC (permalink / raw)
To: Test Report; +Cc: dpdk-test-reports
[-- Attachment #1: Type: text/plain, Size: 1145 bytes --]
Test-Label: iol-compilation
Test-Status: WARNING
http://dpdk.org/patch/60373
_Compilie Testing issues_
Submitter: Flavio Leitner <fbl@sysclose.org>
Date: Tuesday, October 01 2019 22:19:35
DPDK git baseline: Repo:dpdk
Branch: master
CommitID:bd253daa7717835f88bbc58b09a94d0060380396
60373 --> compile testing fail
Test environment and result as below:
+--------------+------------------+-------------------+--------------+
| Environment | dpdk_compile_ovs | dpdk_compile_spdk | dpdk_compile |
+==============+==================+===================+==============+
| Ubuntu 18.04 | FAIL | PASS | PASS |
+--------------+------------------+-------------------+--------------+
| FreeBSD 11.2 | | PASS | PASS |
+--------------+------------------+-------------------+--------------+
Ubuntu 18.04
Kernel: 4.15.0-generic
GCC: 7.4
FreeBSD 11.2
Kernel: 11.2
GCC: 8.3
https://lab.dpdk.org/results/dashboard/patchsets/7752/
UNH-IOL DPDK Performance Test Lab
To manage your email subscriptions visit:
https://lab.dpdk.org/results/dashboard/preferences/subscriptions/
^ permalink raw reply [flat|nested] 2+ messages in thread
* [dpdk-test-report] |WARNING| pw60373 [PATCH] vhost: add support to large linear mbufs
[not found] <20191001221935.12140-1-fbl@sysclose.org>
@ 2019-10-01 22:20 ` checkpatch
0 siblings, 0 replies; 2+ messages in thread
From: checkpatch @ 2019-10-01 22:20 UTC (permalink / raw)
To: test-report; +Cc: Flavio Leitner
Test-Label: checkpatch
Test-Status: WARNING
http://dpdk.org/patch/60373
_coding style issues_
ERROR:CODE_INDENT: code indent should use tabs where possible
#252: FILE: lib/librte_vhost/virtio_net.c:1627:
+ count);$
WARNING:LEADING_SPACE: please, no spaces at the start of a line
#252: FILE: lib/librte_vhost/virtio_net.c:1627:
+ count);$
ERROR:CODE_INDENT: code indent should use tabs where possible
#256: FILE: lib/librte_vhost/virtio_net.c:1630:
+ count);$
WARNING:LEADING_SPACE: please, no spaces at the start of a line
#256: FILE: lib/librte_vhost/virtio_net.c:1630:
+ count);$
total: 2 errors, 2 warnings, 184 lines checked
^ permalink raw reply [flat|nested] 2+ messages in thread
end of thread, other threads:[~2019-10-01 22:50 UTC | newest]
Thread overview: 2+ messages (download: mbox.gz / follow: Atom feed)
-- links below jump to the message on this page --
2019-10-01 22:50 [dpdk-test-report] |WARNING| pw60373 [PATCH] vhost: add support to large linear mbufs dpdklab
[not found] <20191001221935.12140-1-fbl@sysclose.org>
2019-10-01 22:20 ` checkpatch
This is a public inbox, see mirroring instructions
for how to clone and mirror all data and code used for this inbox;
as well as URLs for NNTP newsgroup(s).