* [dpdk-test-report] |FAILURE| pw61328-61335 [PATCH] [v3, 1/9] config: change ABI versioning to global
@ 2019-10-16 22:05 dpdklab
0 siblings, 0 replies; only message in thread
From: dpdklab @ 2019-10-16 22:05 UTC (permalink / raw)
To: Test Report; +Cc: dpdk-test-reports
[-- Attachment #1: Type: text/plain, Size: 1347 bytes --]
Test-Label: iol-compilation
Test-Status: FAILURE
http://dpdk.org/patch/61328
_Compilie Testing issues_
Submitter: Anatoly Burakov <anatoly.burakov@intel.com>
Date: Wednesday, October 16 2019 17:03:36
DPDK git baseline: Repo:dpdk
Branch: master
CommitID:a8f8ae1cf9b68f6398b49019ca07a215a57bba41
61328-61335 --> compile testing fail
Test environment and result as below:
+--------------+-------------------+--------------+------------------+
| Environment | dpdk_compile_spdk | dpdk_compile | dpdk_compile_ovs |
+==============+===================+==============+==================+
| FreeBSD 11.2 | FAIL | FAIL | |
+--------------+-------------------+--------------+------------------+
| Ubuntu 18.04 | PASS | PASS | PASS |
+--------------+-------------------+--------------+------------------+
| CentOS 8 | | PASS | PASS |
+--------------+-------------------+--------------+------------------+
FreeBSD 11.2
Kernel: 11.2
GCC: 8.3
Ubuntu 18.04
Kernel: 4.15.0-generic
GCC: 7.4
CentOS 8
Kernel: 4.18.0.el8_0
GCC: 8.2
https://lab.dpdk.org/results/dashboard/patchsets/7978/
UNH-IOL DPDK Performance Test Lab
To manage your email subscriptions visit:
https://lab.dpdk.org/results/dashboard/preferences/subscriptions/
^ permalink raw reply [flat|nested] only message in thread
only message in thread, other threads:[~2019-10-16 22:05 UTC | newest]
Thread overview: (only message) (download: mbox.gz / follow: Atom feed)
-- links below jump to the message on this page --
2019-10-16 22:05 [dpdk-test-report] |FAILURE| pw61328-61335 [PATCH] [v3, 1/9] config: change ABI versioning to global dpdklab
This is a public inbox, see mirroring instructions
for how to clone and mirror all data and code used for this inbox;
as well as URLs for NNTP newsgroup(s).