* [dpdk-test-report] |FAILURE| [GIT MASTER] b549bf491848eaba39634cab5dc2f4268d9bfe12
@ 2019-10-16 23:49 dpdklab
0 siblings, 0 replies; only message in thread
From: dpdklab @ 2019-10-16 23:49 UTC (permalink / raw)
To: Test Report; +Cc: dpdk-test-reports
[-- Attachment #1: Type: text/plain, Size: 1129 bytes --]
_Compilie Testing issues_
Branch: dpdk-next-net-intel
b549bf491848eaba39634cab5dc2f4268d9bfe12 --> compile testing fail
Test environment and result as below:
+--------------+-------------------+------------------+--------------+
| Environment | dpdk_compile_spdk | dpdk_compile_ovs | dpdk_compile |
+==============+===================+==================+==============+
| FreeBSD 11.2 | FAIL | | FAIL |
+--------------+-------------------+------------------+--------------+
| Ubuntu 18.04 | PASS | PASS | PASS |
+--------------+-------------------+------------------+--------------+
| CentOS 8 | | PASS | PASS |
+--------------+-------------------+------------------+--------------+
FreeBSD 11.2
Kernel: 11.2
GCC: 8.3
Ubuntu 18.04
Kernel: 4.15.0-generic
GCC: 7.4
CentOS 8
Kernel: 4.18.0.el8_0
GCC: 8.2
https://lab.dpdk.org/results/dashboard/tarballs/6588/
UNH-IOL DPDK Performance Test Lab
To manage your email subscriptions visit:
https://lab.dpdk.org/results/dashboard/preferences/subscriptions/
^ permalink raw reply [flat|nested] only message in thread
only message in thread, other threads:[~2019-10-16 23:49 UTC | newest]
Thread overview: (only message) (download: mbox.gz / follow: Atom feed)
-- links below jump to the message on this page --
2019-10-16 23:49 [dpdk-test-report] |FAILURE| [GIT MASTER] b549bf491848eaba39634cab5dc2f4268d9bfe12 dpdklab
This is a public inbox, see mirroring instructions
for how to clone and mirror all data and code used for this inbox;
as well as URLs for NNTP newsgroup(s).