automatic DPDK test reports
 help / color / Atom feed
* [dpdk-test-report] |FAILURE| pw62775-62776 [PATCH] [v2, 1/3] net/mlx5: reorganize flow tables with hash list
@ 2019-11-08 19:11 dpdklab
  0 siblings, 0 replies; 2+ messages in thread
From: dpdklab @ 2019-11-08 19:11 UTC (permalink / raw)
  To: Ali Alnubani, Erez Scop, Thomas Monjalon, Test Report; +Cc: dpdk-test-reports

[-- Attachment #1: Type: text/plain, Size: 3924 bytes --]

Test-Label: iol-mellanox-Performance
Test-Status: FAILURE
http://dpdk.org/patch/62775

_Performance Testing issues_

Submitter: Bing Zhao <bingz@mellanox.com>
Date: Friday, November 08 2019 15:23:08 
DPDK git baseline: Repo:dpdk-next-net-mlx
  Branch: master
  CommitID:faf1528175811bd82c79e109e0cdc05cb8d256e9

62775-62776 --> performance testing fail

Test environment and result as below:

Ubuntu 18.04
Kernel: 4.15.0-generic
GCC: 7.4
NIC: Mellanox ConnectX-4 Lx 25000 Mbps
Target: x86_64-native-linuxapp-gcc
Fail/Total: 2/6

Detail performance results: 
+------------+---------+-------------------------------------+
| frame_size | txd/rxd | throughput difference from expected |
+============+=========+=====================================+
| 64         | 256     | -1.178                              |
+------------+---------+-------------------------------------+
| 128        | 256     | -1.474                              |
+------------+---------+-------------------------------------+
| 256        | 256     | 0.014                               |
+------------+---------+-------------------------------------+
| 512        | 256     | 0.019                               |
+------------+---------+-------------------------------------+
| 1024       | 256     | 0.001                               |
+------------+---------+-------------------------------------+
| 1518       | 256     | -0.001                              |
+------------+---------+-------------------------------------+

Ubuntu 18.04
Kernel: 4.15.0-generic
GCC: 7.4
NIC: Mellanox ConnectX-5 100000 Mbps
Target: x86_64-native-linuxapp-gcc
Fail/Total: 1/6

Detail performance results: 
+------------+---------+-------------------------------------+
| frame_size | txd/rxd | throughput difference from expected |
+============+=========+=====================================+
| 64         | 256     | -3.434                              |
+------------+---------+-------------------------------------+
| 128        | 256     | -0.872                              |
+------------+---------+-------------------------------------+
| 256        | 256     | -0.460                              |
+------------+---------+-------------------------------------+
| 512        | 256     | 0.062                               |
+------------+---------+-------------------------------------+
| 1024       | 256     | 0.025                               |
+------------+---------+-------------------------------------+
| 1518       | 256     | -0.039                              |
+------------+---------+-------------------------------------+

Ubuntu 18.04
Kernel: 4.15.0-generic
GCC: 7.4
NIC: Mellanox ConnectX-4 Lx 40000 Mbps
Target: x86_64-native-linuxapp-gcc
Fail/Total: 3/6

Detail performance results: 
+------------+---------+-------------------------------------+
| frame_size | txd/rxd | throughput difference from expected |
+============+=========+=====================================+
| 64         | 256     | -2.434                              |
+------------+---------+-------------------------------------+
| 128        | 256     | -2.429                              |
+------------+---------+-------------------------------------+
| 256        | 256     | -1.243                              |
+------------+---------+-------------------------------------+
| 512        | 256     | -0.055                              |
+------------+---------+-------------------------------------+
| 1024       | 256     | 0.002                               |
+------------+---------+-------------------------------------+
| 1518       | 256     | 0                                   |
+------------+---------+-------------------------------------+

https://lab.dpdk.org/results/dashboard/patchsets/8444/

UNH-IOL DPDK Performance Test Lab

To manage your email subscriptions visit: 
https://lab.dpdk.org/results/dashboard/preferences/subscriptions/

^ permalink raw reply	[flat|nested] 2+ messages in thread

* [dpdk-test-report] |FAILURE| pw62775-62776 [PATCH] [v2, 1/3] net/mlx5: reorganize flow tables with hash list
@ 2019-11-08 15:54 dpdklab
  0 siblings, 0 replies; 2+ messages in thread
From: dpdklab @ 2019-11-08 15:54 UTC (permalink / raw)
  To: Test Report; +Cc: dpdk-test-reports

[-- Attachment #1: Type: text/plain, Size: 1345 bytes --]

Test-Label: iol-compilation
Test-Status: FAILURE
http://dpdk.org/patch/62775

_Compilie Testing issues_

Submitter: Bing Zhao <bingz@mellanox.com>
Date: Friday, November 08 2019 15:23:08 
DPDK git baseline: Repo:dpdk-next-net-mlx
  Branch: master
  CommitID:faf1528175811bd82c79e109e0cdc05cb8d256e9

62775-62776 --> compile testing fail

Test environment and result as below:

+--------------+--------------+------------------+-------------------+
| Environment  | dpdk_compile | dpdk_compile_ovs | dpdk_compile_spdk |
+==============+==============+==================+===================+
| FreeBSD 11.2 | PASS         |                  | PASS              |
+--------------+--------------+------------------+-------------------+
| Ubuntu 18.04 | PASS         | PASS             | PASS              |
+--------------+--------------+------------------+-------------------+
| CentOS 8     | FAIL         | FAIL             |                   |
+--------------+--------------+------------------+-------------------+

FreeBSD 11.2
	Kernel: 11.2
	GCC: 8.3

Ubuntu 18.04
	Kernel: 4.15.0-generic
	GCC: 7.4

CentOS 8
	Kernel: 4.18.0.el8_0
	GCC: 8.2

https://lab.dpdk.org/results/dashboard/patchsets/8444/

UNH-IOL DPDK Performance Test Lab

To manage your email subscriptions visit: 
https://lab.dpdk.org/results/dashboard/preferences/subscriptions/

^ permalink raw reply	[flat|nested] 2+ messages in thread

end of thread, back to index

Thread overview: 2+ messages (download: mbox.gz / follow: Atom feed)
-- links below jump to the message on this page --
2019-11-08 19:11 [dpdk-test-report] |FAILURE| pw62775-62776 [PATCH] [v2, 1/3] net/mlx5: reorganize flow tables with hash list dpdklab
  -- strict thread matches above, loose matches on Subject: below --
2019-11-08 15:54 dpdklab

automatic DPDK test reports

Archives are clonable:
	git clone --mirror http://inbox.dpdk.org/test-report/0 test-report/git/0.git

	# If you have public-inbox 1.1+ installed, you may
	# initialize and index your mirror using the following commands:
	public-inbox-init -V2 test-report test-report/ http://inbox.dpdk.org/test-report \
		test-report@dpdk.org
	public-inbox-index test-report


Newsgroup available over NNTP:
	nntp://inbox.dpdk.org/inbox.dpdk.test-report


AGPL code for this site: git clone https://public-inbox.org/ public-inbox