* [dpdk-test-report] |FAILURE| pw63344 [PATCH] net/mlx5: fix legacy non-inline multi-packet performance
@ 2019-11-27 13:46 dpdklab
0 siblings, 0 replies; 2+ messages in thread
From: dpdklab @ 2019-11-27 13:46 UTC (permalink / raw)
To: Ali Alnubani, Erez Scop, Thomas Monjalon, Test Report; +Cc: dpdk-test-reports
[-- Attachment #1: Type: text/plain, Size: 1576 bytes --]
Test-Label: iol-mellanox-Performance
Test-Status: FAILURE
http://dpdk.org/patch/63344
_Performance Testing issues_
Submitter: Viacheslav Ovsiienko <viacheslavo@mellanox.com>
Date: Wednesday, November 27 2019 12:33:12
DPDK git baseline: Repo:dpdk
Branch: master
CommitID:ebf9c7b1db2fbc09f87eed4cf8486239786fcad1
63344 --> performance testing fail
Test environment and result as below:
Ubuntu 18.04
Kernel: 4.15.0-generic
GCC: 7.4
NIC: Mellanox ConnectX-4 Lx 25000 Mbps
Target: x86_64-native-linuxapp-gcc
Fail/Total: 0/0
Detail performance results:
There were no deltas reported. There may have been an issue with the test harness. If logs are available, download them from the ci website for more information.
Ubuntu 18.04
Kernel: 4.15.0-generic
GCC: 7.4
NIC: Mellanox ConnectX-5 100000 Mbps
Target: x86_64-native-linuxapp-gcc
Fail/Total: 0/0
Detail performance results:
There were no deltas reported. There may have been an issue with the test harness. If logs are available, download them from the ci website for more information.
Ubuntu 18.04
Kernel: 4.15.0-generic
GCC: 7.4
NIC: Mellanox ConnectX-4 Lx 40000 Mbps
Target: x86_64-native-linuxapp-gcc
Fail/Total: 0/0
Detail performance results:
There were no deltas reported. There may have been an issue with the test harness. If logs are available, download them from the ci website for more information.
https://lab.dpdk.org/results/dashboard/patchsets/8742/
UNH-IOL DPDK Performance Test Lab
To manage your email subscriptions visit:
https://lab.dpdk.org/results/dashboard/preferences/subscriptions/
^ permalink raw reply [flat|nested] 2+ messages in thread
* [dpdk-test-report] |FAILURE| pw63344 [PATCH] net/mlx5: fix legacy non-inline multi-packet performance
@ 2019-11-27 13:21 dpdklab
0 siblings, 0 replies; 2+ messages in thread
From: dpdklab @ 2019-11-27 13:21 UTC (permalink / raw)
To: Test Report; +Cc: dpdk-test-reports
[-- Attachment #1: Type: text/plain, Size: 1346 bytes --]
Test-Label: iol-compilation
Test-Status: FAILURE
http://dpdk.org/patch/63344
_Compilie Testing issues_
Submitter: Viacheslav Ovsiienko <viacheslavo@mellanox.com>
Date: Wednesday, November 27 2019 12:33:12
DPDK git baseline: Repo:dpdk
Branch: master
CommitID:ebf9c7b1db2fbc09f87eed4cf8486239786fcad1
63344 --> compile testing fail
Test environment and result as below:
+--------------+------------------+--------------+-------------------+
| Environment | dpdk_compile_ovs | dpdk_compile | dpdk_compile_spdk |
+==============+==================+==============+===================+
| Ubuntu 18.04 | FAIL | FAIL | FAIL |
+--------------+------------------+--------------+-------------------+
| CentOS 8 | FAIL | FAIL | SKIPPED |
+--------------+------------------+--------------+-------------------+
| FreeBSD 11.2 | SKIPPED | PASS | PASS |
+--------------+------------------+--------------+-------------------+
Ubuntu 18.04
Kernel: 4.15.0-generic
GCC: 7.4
CentOS 8
Kernel: 4.18.0.el8_0
GCC: 8.2
FreeBSD 11.2
Kernel: 11.2
GCC: 8.3
https://lab.dpdk.org/results/dashboard/patchsets/8742/
UNH-IOL DPDK Performance Test Lab
To manage your email subscriptions visit:
https://lab.dpdk.org/results/dashboard/preferences/subscriptions/
^ permalink raw reply [flat|nested] 2+ messages in thread
end of thread, other threads:[~2019-11-27 13:46 UTC | newest]
Thread overview: 2+ messages (download: mbox.gz / follow: Atom feed)
-- links below jump to the message on this page --
2019-11-27 13:46 [dpdk-test-report] |FAILURE| pw63344 [PATCH] net/mlx5: fix legacy non-inline multi-packet performance dpdklab
-- strict thread matches above, loose matches on Subject: below --
2019-11-27 13:21 dpdklab
This is a public inbox, see mirroring instructions
for how to clone and mirror all data and code used for this inbox;
as well as URLs for NNTP newsgroup(s).