automatic DPDK test reports
 help / color / Atom feed
* [dpdk-test-report] |WARNING| [GIT MASTER] 0ab71e775d1f79a1a8d625b16be2cb53f7263ac5
@ 2019-11-28 19:29 dpdklab
  0 siblings, 0 replies; only message in thread
From: dpdklab @ 2019-11-28 19:29 UTC (permalink / raw)
  To: Test Report; +Cc: dpdk-test-reports

[-- Attachment #1: Type: text/plain, Size: 1123 bytes --]

_Compilie Testing issues_

Branch: dpdk-next-net

0ab71e775d1f79a1a8d625b16be2cb53f7263ac5 --> compile testing fail

Test environment and result as below:

+--------------+-------------------+------------------+--------------+
| Environment  | dpdk_compile_spdk | dpdk_compile_ovs | dpdk_compile |
+==============+===================+==================+==============+
| Ubuntu 18.04 | FAIL              | PASS             | PASS         |
+--------------+-------------------+------------------+--------------+
| FreeBSD 11.2 | PASS              | SKIPPED          | PASS         |
+--------------+-------------------+------------------+--------------+
| CentOS 8     | SKIPPED           | PASS             | PASS         |
+--------------+-------------------+------------------+--------------+

Ubuntu 18.04
	Kernel: 4.15.0-generic
	GCC: 7.4

FreeBSD 11.2
	Kernel: 11.2
	GCC: 8.3

CentOS 8
	Kernel: 4.18.0.el8_0
	GCC: 8.2

https://lab.dpdk.org/results/dashboard/tarballs/7335/

UNH-IOL DPDK Performance Test Lab

To manage your email subscriptions visit: 
https://lab.dpdk.org/results/dashboard/preferences/subscriptions/

^ permalink raw reply	[flat|nested] only message in thread

only message in thread, back to index

Thread overview: (only message) (download: mbox.gz / follow: Atom feed)
-- links below jump to the message on this page --
2019-11-28 19:29 [dpdk-test-report] |WARNING| [GIT MASTER] 0ab71e775d1f79a1a8d625b16be2cb53f7263ac5 dpdklab

automatic DPDK test reports

Archives are clonable:
	git clone --mirror http://inbox.dpdk.org/test-report/0 test-report/git/0.git

	# If you have public-inbox 1.1+ installed, you may
	# initialize and index your mirror using the following commands:
	public-inbox-init -V2 test-report test-report/ http://inbox.dpdk.org/test-report \
		test-report@dpdk.org
	public-inbox-index test-report


Newsgroup available over NNTP:
	nntp://inbox.dpdk.org/inbox.dpdk.test-report


AGPL code for this site: git clone https://public-inbox.org/ public-inbox