automatic DPDK test reports
 help / color / Atom feed
* [dpdk-test-report] |WARNING| pw63387 [PATCH] config: update Marvell ARMADA
@ 2019-11-29  7:27 dpdklab
  0 siblings, 0 replies; only message in thread
From: dpdklab @ 2019-11-29  7:27 UTC (permalink / raw)
  To: Test Report; +Cc: dpdk-test-reports

[-- Attachment #1: Type: text/plain, Size: 1327 bytes --]

Test-Label: iol-compilation
Test-Status: WARNING
http://dpdk.org/patch/63387

_Compilie Testing issues_

Submitter: Liron Himi <lironh@marvell.com>
Date: Friday, November 29 2019 09:11:00 
DPDK git baseline: Repo:dpdk
  Branch: master
  CommitID:7001c8fdb27357c67147c0a13cb3826e48c0f2bf

63387 --> compile testing fail

Test environment and result as below:

+--------------+------------------+-------------------+--------------+
| Environment  | dpdk_compile_ovs | dpdk_compile_spdk | dpdk_compile |
+==============+==================+===================+==============+
| Ubuntu 18.04 | PASS             | FAIL              | PASS         |
+--------------+------------------+-------------------+--------------+
| CentOS 8     | PASS             | SKIPPED           | PASS         |
+--------------+------------------+-------------------+--------------+
| FreeBSD 11.2 | SKIPPED          | PASS              | PASS         |
+--------------+------------------+-------------------+--------------+

Ubuntu 18.04
	Kernel: 4.15.0-generic
	GCC: 7.4

CentOS 8
	Kernel: 4.18.0.el8_0
	GCC: 8.2

FreeBSD 11.2
	Kernel: 11.2
	GCC: 8.3

https://lab.dpdk.org/results/dashboard/patchsets/8770/

UNH-IOL DPDK Performance Test Lab

To manage your email subscriptions visit: 
https://lab.dpdk.org/results/dashboard/preferences/subscriptions/

^ permalink raw reply	[flat|nested] only message in thread

only message in thread, back to index

Thread overview: (only message) (download: mbox.gz / follow: Atom feed)
-- links below jump to the message on this page --
2019-11-29  7:27 [dpdk-test-report] |WARNING| pw63387 [PATCH] config: update Marvell ARMADA dpdklab

automatic DPDK test reports

Archives are clonable:
	git clone --mirror http://inbox.dpdk.org/test-report/0 test-report/git/0.git

	# If you have public-inbox 1.1+ installed, you may
	# initialize and index your mirror using the following commands:
	public-inbox-init -V2 test-report test-report/ http://inbox.dpdk.org/test-report \
		test-report@dpdk.org
	public-inbox-index test-report


Newsgroup available over NNTP:
	nntp://inbox.dpdk.org/inbox.dpdk.test-report


AGPL code for this site: git clone https://public-inbox.org/ public-inbox