automatic DPDK test reports
 help / color / Atom feed
* [dpdk-test-report] |FAILURE| pw64682 [PATCH] [v4] mempool: remove memory wastage on non x86
@ 2020-01-14 21:47 dpdklab
  0 siblings, 0 replies; only message in thread
From: dpdklab @ 2020-01-14 21:47 UTC (permalink / raw)
  To: Test Report; +Cc: dpdk-test-reports

[-- Attachment #1: Type: text/plain, Size: 2531 bytes --]

Test-Label: iol-testing
Test-Status: FAILURE
http://dpdk.org/patch/64682

_Testing issues_

Submitter: Jerin Jacob Kollanukkaran <jerinj@marvell.com>
Date: Tuesday, January 14 2020 21:06:03 
DPDK git baseline: Repo:dpdk
  Branch: master
  CommitID:a02b9406a8769247737b55dbfa50b6b5f896d946

64682 --> testing fail

Test environment and result as below:

+------------------+-------------------+--------------------+--------------+------------------+----------------+
|   Environment    | dpdk_compile_spdk | dpdk_meson_compile | dpdk_compile | dpdk_compile_ovs | dpdk_unit_test |
+==================+===================+====================+==============+==================+================+
| FreeBSD 11.2     | PASS              | PASS               | PASS         | SKIPPED          | SKIPPED        |
+------------------+-------------------+--------------------+--------------+------------------+----------------+
| Ubuntu 18.04     | PASS              | PASS               | PASS         | PASS             | FAIL           |
+------------------+-------------------+--------------------+--------------+------------------+----------------+
| openSUSE Leap 15 | SKIPPED           | PASS               | PASS         | PASS             | SKIPPED        |
+------------------+-------------------+--------------------+--------------+------------------+----------------+
| Fedora 31        | SKIPPED           | PASS               | PASS         | PASS             | SKIPPED        |
+------------------+-------------------+--------------------+--------------+------------------+----------------+
| CentOS 8         | SKIPPED           | PASS               | PASS         | PASS             | SKIPPED        |
+------------------+-------------------+--------------------+--------------+------------------+----------------+
| Arch Linux       | SKIPPED           | PASS               | PASS         | PASS             | SKIPPED        |
+------------------+-------------------+--------------------+--------------+------------------+----------------+

FreeBSD 11.2
	Kernel: 11.2
	GCC: 8.3

Ubuntu 18.04
	Kernel: 4.15.0-generic
	GCC: 7.4

openSUSE Leap 15
	Kernel: 4.12.14
	GCC: 7.4.1

Fedora 31
	Kernel: 5.3.16
	GCC: 9.2.1

CentOS 8
	Kernel: 4.18.0.el8_0
	GCC: 8.2

Arch Linux
	Kernel: latest
	GCC: latest

To view detailed results, visit:
https://lab.dpdk.org/results/dashboard/patchsets/9199/

UNH-IOL DPDK Community Lab

To manage your email subscriptions, visit: 
https://lab.dpdk.org/results/dashboard/preferences/subscriptions/

^ permalink raw reply	[flat|nested] only message in thread

only message in thread, back to index

Thread overview: (only message) (download: mbox.gz / follow: Atom feed)
-- links below jump to the message on this page --
2020-01-14 21:47 [dpdk-test-report] |FAILURE| pw64682 [PATCH] [v4] mempool: remove memory wastage on non x86 dpdklab

automatic DPDK test reports

Archives are clonable:
	git clone --mirror http://inbox.dpdk.org/test-report/0 test-report/git/0.git

	# If you have public-inbox 1.1+ installed, you may
	# initialize and index your mirror using the following commands:
	public-inbox-init -V2 test-report test-report/ http://inbox.dpdk.org/test-report \
		test-report@dpdk.org
	public-inbox-index test-report


Newsgroup available over NNTP:
	nntp://inbox.dpdk.org/inbox.dpdk.test-report


AGPL code for this site: git clone https://public-inbox.org/ public-inbox