* [dpdk-test-report] |FAILURE| pw64645 [PATCH] [v3] drivers: add a HW quirk for register definitions
@ 2020-01-14 22:57 dpdklab
0 siblings, 0 replies; 2+ messages in thread
From: dpdklab @ 2020-01-14 22:57 UTC (permalink / raw)
To: Lijuan Tu, Test Report; +Cc: dpdk-test-reports
[-- Attachment #1: Type: text/plain, Size: 2031 bytes --]
Test-Label: iol-intel-Performance
Test-Status: FAILURE
http://dpdk.org/patch/64645
_Performance Testing issues_
Submitter: Sebastian, Selwin <selwin.sebastian@amd.com>
Date: Tuesday, January 14 2020 17:30:19
DPDK git baseline: Repo:dpdk
Branch: master
CommitID:a02b9406a8769247737b55dbfa50b6b5f896d946
64645 --> performance testing fail
Test environment and result as below:
Ubuntu 18.04
Kernel: 4.15.0-generic
GCC: 7.4
NIC: Intel Corporation Ethernet Converged Network Adapter 82599ES 10000 Mbps
Target: x86_64-native-linuxapp-gcc
Fail/Total: 2/3
Detail performance results:
+------------+---------+-------------------------------------+
| frame_size | txd/rxd | throughput difference from expected |
+============+=========+=====================================+
| 64 | 128 | -17.280 |
+------------+---------+-------------------------------------+
| 64 | 512 | -16.620 |
+------------+---------+-------------------------------------+
| 64 | 2048 | 0.081 |
+------------+---------+-------------------------------------+
Ubuntu 18.04
Kernel: 4.15.0-generic
GCC: 7.4
NIC: Intel Corporation Ethernet Converged Network Adapter XL710-QDA2 40000 Mbps
Target: x86_64-native-linuxapp-gcc
Fail/Total: 1/2
Detail performance results:
+------------+---------+-------------------------------------+
| frame_size | txd/rxd | throughput difference from expected |
+============+=========+=====================================+
| 64 | 512 | -2.284 |
+------------+---------+-------------------------------------+
| 64 | 2048 | 0.276 |
+------------+---------+-------------------------------------+
To view detailed results, visit:
https://lab.dpdk.org/results/dashboard/patchsets/9189/
UNH-IOL DPDK Community Lab
To manage your email subscriptions, visit:
https://lab.dpdk.org/results/dashboard/preferences/subscriptions/
^ permalink raw reply [flat|nested] 2+ messages in thread
* [dpdk-test-report] |FAILURE| pw64645 [PATCH] [v3] drivers: add a HW quirk for register definitions
@ 2020-01-14 23:05 dpdklab
0 siblings, 0 replies; 2+ messages in thread
From: dpdklab @ 2020-01-14 23:05 UTC (permalink / raw)
To: Test Report; +Cc: dpdk-test-reports
[-- Attachment #1: Type: text/plain, Size: 2529 bytes --]
Test-Label: iol-testing
Test-Status: FAILURE
http://dpdk.org/patch/64645
_Testing issues_
Submitter: Sebastian, Selwin <selwin.sebastian@amd.com>
Date: Tuesday, January 14 2020 17:30:19
DPDK git baseline: Repo:dpdk
Branch: master
CommitID:a02b9406a8769247737b55dbfa50b6b5f896d946
64645 --> testing fail
Test environment and result as below:
+------------------+-------------------+------------------+--------------------+----------------+--------------+
| Environment | dpdk_compile_spdk | dpdk_compile_ovs | dpdk_meson_compile | dpdk_unit_test | dpdk_compile |
+==================+===================+==================+====================+================+==============+
| Ubuntu 18.04 | PASS | PASS | FAIL | FAIL | PASS |
+------------------+-------------------+------------------+--------------------+----------------+--------------+
| FreeBSD 11.2 | PASS | SKIPPED | PASS | SKIPPED | PASS |
+------------------+-------------------+------------------+--------------------+----------------+--------------+
| openSUSE Leap 15 | SKIPPED | PASS | FAIL | SKIPPED | PASS |
+------------------+-------------------+------------------+--------------------+----------------+--------------+
| Arch Linux | SKIPPED | PASS | FAIL | SKIPPED | PASS |
+------------------+-------------------+------------------+--------------------+----------------+--------------+
| Fedora 31 | SKIPPED | PASS | FAIL | SKIPPED | PASS |
+------------------+-------------------+------------------+--------------------+----------------+--------------+
| CentOS 8 | SKIPPED | PASS | FAIL | SKIPPED | PASS |
+------------------+-------------------+------------------+--------------------+----------------+--------------+
Ubuntu 18.04
Kernel: 4.15.0-generic
GCC: 7.4
FreeBSD 11.2
Kernel: 11.2
GCC: 8.3
openSUSE Leap 15
Kernel: 4.12.14
GCC: 7.4.1
Arch Linux
Kernel: latest
GCC: latest
Fedora 31
Kernel: 5.3.16
GCC: 9.2.1
CentOS 8
Kernel: 4.18.0.el8_0
GCC: 8.2
To view detailed results, visit:
https://lab.dpdk.org/results/dashboard/patchsets/9189/
UNH-IOL DPDK Community Lab
To manage your email subscriptions, visit:
https://lab.dpdk.org/results/dashboard/preferences/subscriptions/
^ permalink raw reply [flat|nested] 2+ messages in thread
end of thread, other threads:[~2020-01-14 23:05 UTC | newest]
Thread overview: 2+ messages (download: mbox.gz / follow: Atom feed)
-- links below jump to the message on this page --
2020-01-14 22:57 [dpdk-test-report] |FAILURE| pw64645 [PATCH] [v3] drivers: add a HW quirk for register definitions dpdklab
2020-01-14 23:05 dpdklab
This is a public inbox, see mirroring instructions
for how to clone and mirror all data and code used for this inbox;
as well as URLs for NNTP newsgroup(s).