From: dpdklab@iol.unh.edu
To: Test Report <test-report@dpdk.org>
Cc: dpdk-test-reports@iol.unh.edu
Subject: [dpdk-test-report] |FAILURE| pw64677 [PATCH] fib: fix possible integer overflow
Date: Tue, 14 Jan 2020 18:42:34 -0500 (EST)	[thread overview]
Message-ID: <20200114234234.C4B70A7A2@noxus.dpdklab.iol.unh.edu> (raw)
[-- Attachment #1: Type: text/plain, Size: 2534 bytes --]
Test-Label: iol-testing
Test-Status: FAILURE
http://dpdk.org/patch/64677
_Testing issues_
Submitter: Vladimir Medvedkin <vladimir.medvedkin@intel.com>
Date: Tuesday, January 14 2020 17:18:32 
DPDK git baseline: Repo:dpdk
  Branch: master
  CommitID:31bb45bcfdf5d67737eab17747b383775c9c36ae
64677 --> testing fail
Test environment and result as below:
+------------------+-------------------+------------------+--------------+----------------+--------------------+
|   Environment    | dpdk_compile_spdk | dpdk_compile_ovs | dpdk_compile | dpdk_unit_test | dpdk_meson_compile |
+==================+===================+==================+==============+================+====================+
| Ubuntu 18.04     | PASS              | PASS             | PASS         | FAIL           | PASS               |
+------------------+-------------------+------------------+--------------+----------------+--------------------+
| FreeBSD 11.2     | PASS              | SKIPPED          | PASS         | SKIPPED        | PASS               |
+------------------+-------------------+------------------+--------------+----------------+--------------------+
| openSUSE Leap 15 | SKIPPED           | PASS             | PASS         | SKIPPED        | PASS               |
+------------------+-------------------+------------------+--------------+----------------+--------------------+
| Arch Linux       | SKIPPED           | PASS             | PASS         | SKIPPED        | PASS               |
+------------------+-------------------+------------------+--------------+----------------+--------------------+
| Fedora 31        | SKIPPED           | PASS             | PASS         | SKIPPED        | PASS               |
+------------------+-------------------+------------------+--------------+----------------+--------------------+
| CentOS 8         | SKIPPED           | PASS             | PASS         | SKIPPED        | PASS               |
+------------------+-------------------+------------------+--------------+----------------+--------------------+
Ubuntu 18.04
	Kernel: 4.15.0-generic
	GCC: 7.4
FreeBSD 11.2
	Kernel: 11.2
	GCC: 8.3
openSUSE Leap 15
	Kernel: 4.12.14
	GCC: 7.4.1
Arch Linux
	Kernel: latest
	GCC: latest
Fedora 31
	Kernel: 5.3.16
	GCC: 9.2.1
CentOS 8
	Kernel: 4.18.0.el8_0
	GCC: 8.2
To view detailed results, visit:
https://lab.dpdk.org/results/dashboard/patchsets/9194/
UNH-IOL DPDK Community Lab
To manage your email subscriptions, visit: 
https://lab.dpdk.org/results/dashboard/preferences/subscriptions/
next             reply	other threads:[~2020-01-14 23:42 UTC|newest]
Thread overview: 2+ messages / expand[flat|nested]  mbox.gz  Atom feed  top
2020-01-14 23:42 dpdklab [this message]
  -- strict thread matches above, loose matches on Subject: below --
2020-01-14 23:22 dpdklab
Reply instructions:
You may reply publicly to this message via plain-text email
using any one of the following methods:
* Save the following mbox file, import it into your mail client,
  and reply-to-all from there: mbox
  Avoid top-posting and favor interleaved quoting:
  https://en.wikipedia.org/wiki/Posting_style#Interleaved_style
* Reply using the --to, --cc, and --in-reply-to
  switches of git-send-email(1):
  git send-email \
    --in-reply-to=20200114234234.C4B70A7A2@noxus.dpdklab.iol.unh.edu \
    --to=dpdklab@iol.unh.edu \
    --cc=dpdk-test-reports@iol.unh.edu \
    --cc=test-report@dpdk.org \
    /path/to/YOUR_REPLY
  https://kernel.org/pub/software/scm/git/docs/git-send-email.html
* If your mail client supports setting the In-Reply-To header
  via mailto: links, try the mailto: link
  Be sure your reply has a Subject: header at the top and a blank line
  before the message body.
This is a public inbox, see mirroring instructions
for how to clone and mirror all data and code used for this inbox;
as well as URLs for NNTP newsgroup(s).