* [dpdk-test-report] |FAILURE| pw64857-64871 [PATCH] [v2, 01/15] common/octeontx2: add CPT LF mbox for inline inbound
@ 2020-01-18 11:31 dpdklab
0 siblings, 0 replies; only message in thread
From: dpdklab @ 2020-01-18 11:31 UTC (permalink / raw)
To: Test Report; +Cc: dpdk-test-reports
[-- Attachment #1: Type: text/plain, Size: 2527 bytes --]
Test-Label: iol-testing
Test-Status: FAILURE
http://dpdk.org/patch/64857
_Testing issues_
Submitter: Anoob Joseph <anoobj@marvell.com>
Date: Saturday, January 18 2020 10:48:59
DPDK git baseline: Repo:dpdk
Branch: master
CommitID:c6c267a00a9227d7e8ade7338ad1ddb10fbefcf8
64857-64871 --> testing fail
Test environment and result as below:
+------------------+-------------------+------------------+--------------+--------------------+----------------+
| Environment | dpdk_compile_spdk | dpdk_compile_ovs | dpdk_compile | dpdk_meson_compile | dpdk_unit_test |
+==================+===================+==================+==============+====================+================+
| FreeBSD 11.2 | FAIL | SKIPPED | FAIL | PASS | SKIPPED |
+------------------+-------------------+------------------+--------------+--------------------+----------------+
| Ubuntu 18.04 | FAIL | FAIL | FAIL | PASS | PASS |
+------------------+-------------------+------------------+--------------+--------------------+----------------+
| openSUSE Leap 15 | SKIPPED | FAIL | FAIL | PASS | SKIPPED |
+------------------+-------------------+------------------+--------------+--------------------+----------------+
| Arch Linux | SKIPPED | FAIL | FAIL | PASS | SKIPPED |
+------------------+-------------------+------------------+--------------+--------------------+----------------+
| Fedora 31 | SKIPPED | FAIL | FAIL | PASS | SKIPPED |
+------------------+-------------------+------------------+--------------+--------------------+----------------+
| CentOS 8 | SKIPPED | FAIL | FAIL | PASS | SKIPPED |
+------------------+-------------------+------------------+--------------+--------------------+----------------+
FreeBSD 11.2
Kernel: 11.2
GCC: 8.3
Ubuntu 18.04
Kernel: 4.15.0-generic
GCC: 7.4
openSUSE Leap 15
Kernel: 4.12.14
GCC: 7.4.1
Arch Linux
Kernel: latest
GCC: latest
Fedora 31
Kernel: 5.3.16
GCC: 9.2.1
CentOS 8
Kernel: 4.18.0.el8_0
GCC: 8.3.1
To view detailed results, visit:
https://lab.dpdk.org/results/dashboard/patchsets/9272/
UNH-IOL DPDK Community Lab
To manage your email subscriptions, visit:
https://lab.dpdk.org/results/dashboard/preferences/subscriptions/
^ permalink raw reply [flat|nested] only message in thread
only message in thread, other threads:[~2020-01-18 11:31 UTC | newest]
Thread overview: (only message) (download: mbox.gz / follow: Atom feed)
-- links below jump to the message on this page --
2020-01-18 11:31 [dpdk-test-report] |FAILURE| pw64857-64871 [PATCH] [v2, 01/15] common/octeontx2: add CPT LF mbox for inline inbound dpdklab
This is a public inbox, see mirroring instructions
for how to clone and mirror all data and code used for this inbox;
as well as URLs for NNTP newsgroup(s).