[-- Attachment #1: Type: text/plain, Size: 1581 bytes --] Test-Label: iol-mellanox-Performance Test-Status: FAILURE http://dpdk.org/patch/65201 _Performance Testing issues_ Submitter: Ori Kam <orika@mellanox.com> Date: Tuesday, January 28 2020 09:00:29 DPDK git baseline: Repo:dpdk Branch: master CommitID:c465e6b94be343303303f26b95f3c2ae4969063e 65201 --> performance testing fail Test environment and result as below: Ubuntu 18.04 Kernel: 4.15.0-generic GCC: 7.4 NIC: Mellanox ConnectX-4 Lx 40000 Mbps Target: x86_64-native-linuxapp-gcc Fail/Total: 0/0 Detail performance results: There were no deltas reported. There may have been an issue with the test harness. If logs are available, download them from the ci website for more information. Ubuntu 18.04 Kernel: 4.15.0-generic GCC: 7.4 NIC: Mellanox ConnectX-5 100000 Mbps Target: x86_64-native-linuxapp-gcc Fail/Total: 0/0 Detail performance results: There were no deltas reported. There may have been an issue with the test harness. If logs are available, download them from the ci website for more information. Ubuntu 18.04 Kernel: 4.15.0-generic GCC: 7.4 NIC: Mellanox ConnectX-4 Lx 25000 Mbps Target: x86_64-native-linuxapp-gcc Fail/Total: 0/0 Detail performance results: There were no deltas reported. There may have been an issue with the test harness. If logs are available, download them from the ci website for more information. To view detailed results, visit: https://lab.dpdk.org/results/dashboard/patchsets/9386/ UNH-IOL DPDK Community Lab To manage your email subscriptions, visit: https://lab.dpdk.org/results/dashboard/preferences/subscriptions/
[-- Attachment #1: Type: text/plain, Size: 2515 bytes --] Test-Label: iol-testing Test-Status: FAILURE http://dpdk.org/patch/65201 _Testing issues_ Submitter: Ori Kam <orika@mellanox.com> Date: Tuesday, January 28 2020 09:00:29 DPDK git baseline: Repo:dpdk Branch: master CommitID:c465e6b94be343303303f26b95f3c2ae4969063e 65201 --> testing fail Test environment and result as below: +------------------+-------------------+------------------+--------------+----------------+--------------------+ | Environment | dpdk_compile_spdk | dpdk_compile_ovs | dpdk_compile | dpdk_unit_test | dpdk_meson_compile | +==================+===================+==================+==============+================+====================+ | Ubuntu 18.04 | PASS | PASS | FAIL | FAIL | PASS | +------------------+-------------------+------------------+--------------+----------------+--------------------+ | FreeBSD 11.2 | PASS | SKIPPED | PASS | SKIPPED | PASS | +------------------+-------------------+------------------+--------------+----------------+--------------------+ | openSUSE Leap 15 | SKIPPED | PASS | PASS | SKIPPED | PASS | +------------------+-------------------+------------------+--------------+----------------+--------------------+ | Arch Linux | SKIPPED | PASS | PASS | SKIPPED | PASS | +------------------+-------------------+------------------+--------------+----------------+--------------------+ | Fedora 31 | SKIPPED | PASS | PASS | SKIPPED | PASS | +------------------+-------------------+------------------+--------------+----------------+--------------------+ | CentOS 8 | SKIPPED | PASS | PASS | SKIPPED | PASS | +------------------+-------------------+------------------+--------------+----------------+--------------------+ Ubuntu 18.04 Kernel: 4.15.0-generic GCC: 7.4 FreeBSD 11.2 Kernel: 11.2 GCC: 8.3 openSUSE Leap 15 Kernel: 4.12.14 GCC: 7.4.1 Arch Linux Kernel: latest GCC: latest Fedora 31 Kernel: 5.3.16 GCC: 9.2.1 CentOS 8 Kernel: 4.18.0.el8_0 GCC: 8.3.1 To view detailed results, visit: https://lab.dpdk.org/results/dashboard/patchsets/9386/ UNH-IOL DPDK Community Lab To manage your email subscriptions, visit: https://lab.dpdk.org/results/dashboard/preferences/subscriptions/
[-- Attachment #1: Type: text/plain, Size: 1581 bytes --] Test-Label: iol-mellanox-Performance Test-Status: FAILURE http://dpdk.org/patch/65201 _Performance Testing issues_ Submitter: Ori Kam <orika@mellanox.com> Date: Tuesday, January 28 2020 09:00:29 DPDK git baseline: Repo:dpdk Branch: master CommitID:c465e6b94be343303303f26b95f3c2ae4969063e 65201 --> performance testing fail Test environment and result as below: Ubuntu 18.04 Kernel: 4.15.0-generic GCC: 7.4 NIC: Mellanox ConnectX-5 100000 Mbps Target: x86_64-native-linuxapp-gcc Fail/Total: 0/0 Detail performance results: There were no deltas reported. There may have been an issue with the test harness. If logs are available, download them from the ci website for more information. Ubuntu 18.04 Kernel: 4.15.0-generic GCC: 7.4 NIC: Mellanox ConnectX-4 Lx 25000 Mbps Target: x86_64-native-linuxapp-gcc Fail/Total: 0/0 Detail performance results: There were no deltas reported. There may have been an issue with the test harness. If logs are available, download them from the ci website for more information. Ubuntu 18.04 Kernel: 4.15.0-generic GCC: 7.4 NIC: Mellanox ConnectX-4 Lx 40000 Mbps Target: x86_64-native-linuxapp-gcc Fail/Total: 0/0 Detail performance results: There were no deltas reported. There may have been an issue with the test harness. If logs are available, download them from the ci website for more information. To view detailed results, visit: https://lab.dpdk.org/results/dashboard/patchsets/9386/ UNH-IOL DPDK Community Lab To manage your email subscriptions, visit: https://lab.dpdk.org/results/dashboard/preferences/subscriptions/