* [dpdk-test-report] |FAILURE| pw65687-65689 [PATCH] [1/3] common/mlx5: split glue initialization
@ 2020-02-10 11:08 dpdklab
0 siblings, 0 replies; only message in thread
From: dpdklab @ 2020-02-10 11:08 UTC (permalink / raw)
To: Test Report; +Cc: dpdk-test-reports
[-- Attachment #1: Type: text/plain, Size: 2917 bytes --]
Test-Label: iol-testing
Test-Status: FAILURE
http://dpdk.org/patch/65687
_Testing issues_
Submitter: Thomas Monjalon <thomas@monjalon.net>
Date: Monday, February 10 2020 10:32:14
DPDK git baseline: Repo:dpdk
Branch: master
CommitID:2636c2a23878b4f9906d90744664d8740bc9ec66
65687-65689 --> testing fail
Test environment and result as below:
+---------------------+--------------------+-------------------+------------------+--------------+----------------+
| Environment | dpdk_meson_compile | dpdk_compile_spdk | dpdk_compile_ovs | dpdk_compile | dpdk_unit_test |
+=====================+====================+===================+==================+==============+================+
| Windows Server 2019 | PASS | SKIPPED | SKIPPED | SKIPPED | SKIPPED |
+---------------------+--------------------+-------------------+------------------+--------------+----------------+
| openSUSE Leap 15 | PASS | SKIPPED | PASS | PASS | SKIPPED |
+---------------------+--------------------+-------------------+------------------+--------------+----------------+
| Ubuntu 18.04 | PASS | PASS | PASS | PASS | FAIL |
+---------------------+--------------------+-------------------+------------------+--------------+----------------+
| Fedora 31 | PASS | PASS | PASS | PASS | SKIPPED |
+---------------------+--------------------+-------------------+------------------+--------------+----------------+
| CentOS 8 | PASS | PASS | PASS | PASS | SKIPPED |
+---------------------+--------------------+-------------------+------------------+--------------+----------------+
| Arch Linux | PASS | SKIPPED | PASS | PASS | SKIPPED |
+---------------------+--------------------+-------------------+------------------+--------------+----------------+
| FreeBSD 11.2 | PASS | PASS | SKIPPED | PASS | SKIPPED |
+---------------------+--------------------+-------------------+------------------+--------------+----------------+
Windows Server 2019
Kernel: 10.0
Compiler: clang 9.0
openSUSE Leap 15
Kernel: 4.12.14
Compiler: gcc 7.4.1
Ubuntu 18.04
Kernel: 4.15.0-generic
Compiler: gcc 7.4
Fedora 31
Kernel: 5.3.16
Compiler: gcc 9.2.1
CentOS 8
Kernel: 4.18.0.el8_0
Compiler: gcc 8.3.1
Arch Linux
Kernel: latest
Compiler: gcc latest
FreeBSD 11.2
Kernel: 11.2
Compiler: gcc 8.3
To view detailed results, visit:
https://lab.dpdk.org/results/dashboard/patchsets/9550/
UNH-IOL DPDK Community Lab
To manage your email subscriptions, visit:
https://lab.dpdk.org/results/dashboard/preferences/subscriptions/
^ permalink raw reply [flat|nested] only message in thread
only message in thread, other threads:[~2020-02-10 11:08 UTC | newest]
Thread overview: (only message) (download: mbox.gz / follow: Atom feed)
-- links below jump to the message on this page --
2020-02-10 11:08 [dpdk-test-report] |FAILURE| pw65687-65689 [PATCH] [1/3] common/mlx5: split glue initialization dpdklab
This is a public inbox, see mirroring instructions
for how to clone and mirror all data and code used for this inbox;
as well as URLs for NNTP newsgroup(s).