automatic DPDK test reports
 help / color / Atom feed
* [dpdk-test-report] |FAILURE| pw65746-65751 [PATCH] [v4, 1/6] drivers: cleanup meson build variable
@ 2020-02-12 15:21 dpdklab
  0 siblings, 0 replies; 2+ messages in thread
From: dpdklab @ 2020-02-12 15:21 UTC (permalink / raw)
  To: Test Report; +Cc: dpdk-test-reports

[-- Attachment #1: Type: text/plain, Size: 2920 bytes --]

Test-Label: iol-testing
Test-Status: FAILURE
http://dpdk.org/patch/65746

_Testing issues_

Submitter: Thomas Monjalon <thomas@monjalon.net>
Date: Wednesday, February 12 2020 01:59:39 
DPDK git baseline: Repo:dpdk
  Branch: master
  CommitID:43e34a229d3e575eb5ed075091afef0e5bf60a77

65746-65751 --> testing fail

Test environment and result as below:

+---------------------+----------------+--------------------+-------------------+------------------+--------------+
|     Environment     | dpdk_unit_test | dpdk_meson_compile | dpdk_compile_spdk | dpdk_compile_ovs | dpdk_compile |
+=====================+================+====================+===================+==================+==============+
| Ubuntu 18.04        | FAIL           | PASS               | PASS              | PASS             | PASS         |
+---------------------+----------------+--------------------+-------------------+------------------+--------------+
| Windows Server 2019 | SKIPPED        | PASS               | SKIPPED           | SKIPPED          | SKIPPED      |
+---------------------+----------------+--------------------+-------------------+------------------+--------------+
| CentOS 8            | SKIPPED        | PASS               | PASS              | PASS             | PASS         |
+---------------------+----------------+--------------------+-------------------+------------------+--------------+
| Fedora 31           | SKIPPED        | PASS               | PASS              | PASS             | PASS         |
+---------------------+----------------+--------------------+-------------------+------------------+--------------+
| openSUSE Leap 15    | SKIPPED        | PASS               | SKIPPED           | PASS             | PASS         |
+---------------------+----------------+--------------------+-------------------+------------------+--------------+
| FreeBSD 11.2        | SKIPPED        | PASS               | PASS              | SKIPPED          | PASS         |
+---------------------+----------------+--------------------+-------------------+------------------+--------------+
| Arch Linux          | SKIPPED        | PASS               | SKIPPED           | PASS             | PASS         |
+---------------------+----------------+--------------------+-------------------+------------------+--------------+

Ubuntu 18.04
	Kernel: 4.15.0-generic
	Compiler: gcc 7.4

Windows Server 2019
	Kernel: 10.0
	Compiler: clang 9.0

CentOS 8
	Kernel: 4.18.0.el8_0
	Compiler: gcc 8.3.1

Fedora 31
	Kernel: 5.3.16
	Compiler: gcc 9.2.1

openSUSE Leap 15
	Kernel: 4.12.14
	Compiler: gcc 7.4.1

FreeBSD 11.2
	Kernel: 11.2
	Compiler: gcc 8.3

Arch Linux
	Kernel: latest
	Compiler: gcc latest

To view detailed results, visit:
https://lab.dpdk.org/results/dashboard/patchsets/9573/

UNH-IOL DPDK Community Lab

To manage your email subscriptions, visit: 
https://lab.dpdk.org/results/dashboard/preferences/subscriptions/

^ permalink raw reply	[flat|nested] 2+ messages in thread

* [dpdk-test-report] |FAILURE| pw65746-65751 [PATCH] [v4, 1/6] drivers: cleanup meson build variable
@ 2020-02-12  3:29 dpdklab
  0 siblings, 0 replies; 2+ messages in thread
From: dpdklab @ 2020-02-12  3:29 UTC (permalink / raw)
  To: Test Report; +Cc: dpdk-test-reports

[-- Attachment #1: Type: text/plain, Size: 2920 bytes --]

Test-Label: iol-testing
Test-Status: FAILURE
http://dpdk.org/patch/65746

_Testing issues_

Submitter: Thomas Monjalon <thomas@monjalon.net>
Date: Wednesday, February 12 2020 01:59:39 
DPDK git baseline: Repo:dpdk
  Branch: master
  CommitID:43e34a229d3e575eb5ed075091afef0e5bf60a77

65746-65751 --> testing fail

Test environment and result as below:

+---------------------+----------------+--------------------+-------------------+------------------+--------------+
|     Environment     | dpdk_unit_test | dpdk_meson_compile | dpdk_compile_spdk | dpdk_compile_ovs | dpdk_compile |
+=====================+================+====================+===================+==================+==============+
| Ubuntu 18.04        | FAIL           | PASS               | PASS              | PASS             | PASS         |
+---------------------+----------------+--------------------+-------------------+------------------+--------------+
| Windows Server 2019 | SKIPPED        | FAIL               | SKIPPED           | SKIPPED          | SKIPPED      |
+---------------------+----------------+--------------------+-------------------+------------------+--------------+
| CentOS 8            | SKIPPED        | PASS               | PASS              | PASS             | PASS         |
+---------------------+----------------+--------------------+-------------------+------------------+--------------+
| Fedora 31           | SKIPPED        | PASS               | PASS              | PASS             | PASS         |
+---------------------+----------------+--------------------+-------------------+------------------+--------------+
| openSUSE Leap 15    | SKIPPED        | PASS               | SKIPPED           | PASS             | PASS         |
+---------------------+----------------+--------------------+-------------------+------------------+--------------+
| FreeBSD 11.2        | SKIPPED        | PASS               | PASS              | SKIPPED          | PASS         |
+---------------------+----------------+--------------------+-------------------+------------------+--------------+
| Arch Linux          | SKIPPED        | PASS               | SKIPPED           | PASS             | PASS         |
+---------------------+----------------+--------------------+-------------------+------------------+--------------+

Ubuntu 18.04
	Kernel: 4.15.0-generic
	Compiler: gcc 7.4

Windows Server 2019
	Kernel: 10.0
	Compiler: clang 9.0

CentOS 8
	Kernel: 4.18.0.el8_0
	Compiler: gcc 8.3.1

Fedora 31
	Kernel: 5.3.16
	Compiler: gcc 9.2.1

openSUSE Leap 15
	Kernel: 4.12.14
	Compiler: gcc 7.4.1

FreeBSD 11.2
	Kernel: 11.2
	Compiler: gcc 8.3

Arch Linux
	Kernel: latest
	Compiler: gcc latest

To view detailed results, visit:
https://lab.dpdk.org/results/dashboard/patchsets/9573/

UNH-IOL DPDK Community Lab

To manage your email subscriptions, visit: 
https://lab.dpdk.org/results/dashboard/preferences/subscriptions/

^ permalink raw reply	[flat|nested] 2+ messages in thread

end of thread, back to index

Thread overview: 2+ messages (download: mbox.gz / follow: Atom feed)
-- links below jump to the message on this page --
2020-02-12 15:21 [dpdk-test-report] |FAILURE| pw65746-65751 [PATCH] [v4, 1/6] drivers: cleanup meson build variable dpdklab
  -- strict thread matches above, loose matches on Subject: below --
2020-02-12  3:29 dpdklab

automatic DPDK test reports

Archives are clonable:
	git clone --mirror http://inbox.dpdk.org/test-report/0 test-report/git/0.git

	# If you have public-inbox 1.1+ installed, you may
	# initialize and index your mirror using the following commands:
	public-inbox-init -V2 test-report test-report/ http://inbox.dpdk.org/test-report \
		test-report@dpdk.org
	public-inbox-index test-report


Newsgroup available over NNTP:
	nntp://inbox.dpdk.org/inbox.dpdk.test-report


AGPL code for this site: git clone https://public-inbox.org/ public-inbox