* [dpdk-test-report] |FAILURE| pw68273-68275 [PATCH] [1/2] net/mlx5: modify ext-counter memory allocation
@ 2020-04-13 17:58 dpdklab
0 siblings, 0 replies; 2+ messages in thread
From: dpdklab @ 2020-04-13 17:58 UTC (permalink / raw)
To: Erez Scop, Thomas Monjalon, Ali Alnubani, Test Report; +Cc: dpdk-test-reports
[-- Attachment #1: Type: text/plain, Size: 1627 bytes --]
Test-Label: iol-mellanox-Performance
Test-Status: FAILURE
http://dpdk.org/patch/68273
_Performance Testing issues_
Submitter: Dong Zhou <dongz@mellanox.com>
Date: Monday, April 13 2020 14:53:41
DPDK git baseline: Repo:dpdk-next-net-mlx
Branch: master
CommitID:d085c1593e3bece39361bf641e57c0b496f85742
68273-68275 --> performance testing fail
Test environment and result as below:
Ubuntu 18.04
Kernel: 4.15.0-generic
Compiler: gcc 7.4
NIC: Mellanox ConnectX-4 Lx 40000 Mbps
Target: x86_64-native-linuxapp-gcc
Fail/Total: 0/0
Detail performance results:
There were no deltas reported. There may have been an issue with the test harness. If logs are available, download them from the ci website for more information.
Ubuntu 18.04
Kernel: 4.15.0-generic
Compiler: gcc 7.4
NIC: Mellanox ConnectX-5 100000 Mbps
Target: x86_64-native-linuxapp-gcc
Fail/Total: 0/0
Detail performance results:
There were no deltas reported. There may have been an issue with the test harness. If logs are available, download them from the ci website for more information.
Ubuntu 18.04
Kernel: 4.15.0-generic
Compiler: gcc 7.4
NIC: Mellanox ConnectX-4 Lx 25000 Mbps
Target: x86_64-native-linuxapp-gcc
Fail/Total: 0/0
Detail performance results:
There were no deltas reported. There may have been an issue with the test harness. If logs are available, download them from the ci website for more information.
To view detailed results, visit:
https://lab.dpdk.org/results/dashboard/patchsets/10399/
UNH-IOL DPDK Community Lab
To manage your email subscriptions, visit:
https://lab.dpdk.org/results/dashboard/preferences/subscriptions/
^ permalink raw reply [flat|nested] 2+ messages in thread
* [dpdk-test-report] |FAILURE| pw68273-68275 [PATCH] [1/2] net/mlx5: modify ext-counter memory allocation
@ 2020-04-13 18:31 dpdklab
0 siblings, 0 replies; 2+ messages in thread
From: dpdklab @ 2020-04-13 18:31 UTC (permalink / raw)
To: Test Report; +Cc: dpdk-test-reports
[-- Attachment #1: Type: text/plain, Size: 2921 bytes --]
Test-Label: iol-testing
Test-Status: FAILURE
http://dpdk.org/patch/68273
_Testing issues_
Submitter: Dong Zhou <dongz@mellanox.com>
Date: Monday, April 13 2020 14:53:41
DPDK git baseline: Repo:dpdk-next-net-mlx
Branch: master
CommitID:d085c1593e3bece39361bf641e57c0b496f85742
68273-68275 --> testing fail
Test environment and result as below:
+---------------------+----------------+--------------------+--------------+------------------+-------------------+
| Environment | dpdk_unit_test | dpdk_meson_compile | dpdk_compile | dpdk_compile_ovs | dpdk_compile_spdk |
+=====================+================+====================+==============+==================+===================+
| Ubuntu 18.04 | FAIL | FAIL | FAIL | FAIL | FAIL |
+---------------------+----------------+--------------------+--------------+------------------+-------------------+
| Windows Server 2019 | SKIPPED | PASS | SKIPPED | SKIPPED | SKIPPED |
+---------------------+----------------+--------------------+--------------+------------------+-------------------+
| openSUSE Leap 15 | SKIPPED | FAIL | FAIL | FAIL | FAIL |
+---------------------+----------------+--------------------+--------------+------------------+-------------------+
| CentOS 8 | SKIPPED | FAIL | FAIL | FAIL | FAIL |
+---------------------+----------------+--------------------+--------------+------------------+-------------------+
| Fedora 31 | SKIPPED | FAIL | FAIL | FAIL | FAIL |
+---------------------+----------------+--------------------+--------------+------------------+-------------------+
| FreeBSD 11.2 | SKIPPED | PASS | PASS | SKIPPED | PASS |
+---------------------+----------------+--------------------+--------------+------------------+-------------------+
| Arch Linux | SKIPPED | FAIL | FAIL | FAIL | SKIPPED |
+---------------------+----------------+--------------------+--------------+------------------+-------------------+
Ubuntu 18.04
Kernel: 4.15.0-generic
Compiler: gcc 7.4
Windows Server 2019
Kernel: 10.0
Compiler: clang 9.0
openSUSE Leap 15
Kernel: 4.12.14
Compiler: gcc 7.4.1
CentOS 8
Kernel: 4.18.0.el8_0
Compiler: gcc 8.3.1
Fedora 31
Kernel: 5.3.16
Compiler: gcc 9.2.1
FreeBSD 11.2
Kernel: 11.2
Compiler: gcc 8.3
Arch Linux
Kernel: latest
Compiler: gcc latest
To view detailed results, visit:
https://lab.dpdk.org/results/dashboard/patchsets/10399/
UNH-IOL DPDK Community Lab
To manage your email subscriptions, visit:
https://lab.dpdk.org/results/dashboard/preferences/subscriptions/
^ permalink raw reply [flat|nested] 2+ messages in thread
end of thread, other threads:[~2020-04-13 18:31 UTC | newest]
Thread overview: 2+ messages (download: mbox.gz / follow: Atom feed)
-- links below jump to the message on this page --
2020-04-13 17:58 [dpdk-test-report] |FAILURE| pw68273-68275 [PATCH] [1/2] net/mlx5: modify ext-counter memory allocation dpdklab
2020-04-13 18:31 dpdklab
This is a public inbox, see mirroring instructions
for how to clone and mirror all data and code used for this inbox;
as well as URLs for NNTP newsgroup(s).