* [dpdk-test-report] |FAILURE| pw68803-68804 [PATCH] [v1, 1/2] bonding: fix port id validity check on parsing
@ 2020-04-17 22:06 dpdklab
0 siblings, 0 replies; 2+ messages in thread
From: dpdklab @ 2020-04-17 22:06 UTC (permalink / raw)
To: Georgii Tkachuk, Qian Xu, Lijuan Tu, Test Report; +Cc: dpdk-test-reports
[-- Attachment #1: Type: text/plain, Size: 1633 bytes --]
Test-Label: iol-intel-Performance
Test-Status: FAILURE
http://dpdk.org/patch/68803
_Performance Testing issues_
Submitter: Gaetan Rivet <grive@u256.net>
Date: Friday, April 17 2020 16:42:06
DPDK git baseline: Repo:dpdk
Branch: master
CommitID:2d20636989c8935efa36bf03cb18645c2460d7b5
68803-68804 --> performance testing fail
Test environment and result as below:
Ubuntu 18.04
Kernel: 4.15.0-generic
Compiler: gcc 7.4
NIC: Intel Corporation Ethernet Converged Network Adapter XL710-QDA2 40000 Mbps
Target: x86_64-native-linuxapp-gcc
Fail/Total: 0/2
Detail performance results:
+------------+---------+-------------------------------------+
| frame_size | txd/rxd | throughput difference from expected |
+============+=========+=====================================+
| 64 | 512 | 0.942 |
+------------+---------+-------------------------------------+
| 64 | 2048 | -0.496 |
+------------+---------+-------------------------------------+
Ubuntu 18.04
Kernel: 4.15.0-generic
Compiler: gcc 7.4
NIC: Intel Corporation Ethernet Converged Network Adapter 82599ES 10000 Mbps
Target: x86_64-native-linuxapp-gcc
Fail/Total: 0/0
Detail performance results:
There were no deltas reported. There may have been an issue with the test harness. If logs are available, download them from the ci website for more information.
To view detailed results, visit:
https://lab.dpdk.org/results/dashboard/patchsets/10536/
UNH-IOL DPDK Community Lab
To manage your email subscriptions, visit:
https://lab.dpdk.org/results/dashboard/preferences/subscriptions/
^ permalink raw reply [flat|nested] 2+ messages in thread
* [dpdk-test-report] |FAILURE| pw68803-68804 [PATCH] [v1, 1/2] bonding: fix port id validity check on parsing
@ 2020-04-18 3:30 dpdklab
0 siblings, 0 replies; 2+ messages in thread
From: dpdklab @ 2020-04-18 3:30 UTC (permalink / raw)
To: Test Report; +Cc: dpdk-test-reports
[-- Attachment #1: Type: text/plain, Size: 2627 bytes --]
Test-Label: iol-testing
Test-Status: FAILURE
http://dpdk.org/patch/68803
_Testing issues_
Submitter: Gaetan Rivet <grive@u256.net>
Date: Friday, April 17 2020 16:42:06
DPDK git baseline: Repo:dpdk
Branch: master
CommitID:2d20636989c8935efa36bf03cb18645c2460d7b5
68803-68804 --> testing fail
Test environment and result as below:
+---------------------+--------------------+-------------------+----------------+------------------+--------------+
| Environment | dpdk_meson_compile | dpdk_compile_spdk | dpdk_unit_test | dpdk_compile_ovs | dpdk_compile |
+=====================+====================+===================+================+==================+==============+
| Windows Server 2019 | FAIL | SKIPPED | SKIPPED | SKIPPED | SKIPPED |
+---------------------+--------------------+-------------------+----------------+------------------+--------------+
| CentOS 8 | PASS | PASS | SKIPPED | PASS | PASS |
+---------------------+--------------------+-------------------+----------------+------------------+--------------+
| openSUSE Leap 15 | PASS | PASS | SKIPPED | PASS | PASS |
+---------------------+--------------------+-------------------+----------------+------------------+--------------+
| Ubuntu 18.04 | PASS | PASS | PASS | PASS | PASS |
+---------------------+--------------------+-------------------+----------------+------------------+--------------+
| FreeBSD 11.2 | PASS | PASS | SKIPPED | SKIPPED | PASS |
+---------------------+--------------------+-------------------+----------------+------------------+--------------+
| Arch Linux | PASS | SKIPPED | SKIPPED | PASS | PASS |
+---------------------+--------------------+-------------------+----------------+------------------+--------------+
Windows Server 2019
Kernel: 10.0
Compiler: clang 9.0
CentOS 8
Kernel: 4.18.0.el8_0
Compiler: gcc 8.3.1
openSUSE Leap 15
Kernel: 4.12.14
Compiler: gcc 7.4.1
Ubuntu 18.04
Kernel: 4.15.0-generic
Compiler: gcc 7.4
FreeBSD 11.2
Kernel: 11.2
Compiler: gcc 8.3
Arch Linux
Kernel: latest
Compiler: gcc latest
To view detailed results, visit:
https://lab.dpdk.org/results/dashboard/patchsets/10536/
UNH-IOL DPDK Community Lab
To manage your email subscriptions, visit:
https://lab.dpdk.org/results/dashboard/preferences/subscriptions/
^ permalink raw reply [flat|nested] 2+ messages in thread
end of thread, other threads:[~2020-04-18 3:30 UTC | newest]
Thread overview: 2+ messages (download: mbox.gz / follow: Atom feed)
-- links below jump to the message on this page --
2020-04-17 22:06 [dpdk-test-report] |FAILURE| pw68803-68804 [PATCH] [v1, 1/2] bonding: fix port id validity check on parsing dpdklab
2020-04-18 3:30 dpdklab
This is a public inbox, see mirroring instructions
for how to clone and mirror all data and code used for this inbox;
as well as URLs for NNTP newsgroup(s).