* [dpdk-test-report] |FAILURE| pw69292-69297 [PATCH] [v6, 1/6] eal: add internal ABI tag definition
@ 2020-04-25 17:32 dpdklab
0 siblings, 0 replies; 2+ messages in thread
From: dpdklab @ 2020-04-25 17:32 UTC (permalink / raw)
To: Test Report; +Cc: dpdk-test-reports
[-- Attachment #1: Type: text/plain, Size: 2916 bytes --]
Test-Label: iol-testing
Test-Status: FAILURE
http://dpdk.org/patch/69292
_Testing issues_
Submitter: Wang, Haiyue <haiyue.wang@intel.com>
Date: Saturday, April 25 2020 06:04:36
DPDK git baseline: Repo:dpdk
Branch: master
CommitID:269e1d04a15daa0741454524270e4ab97092e26f
69292-69297 --> testing fail
Test environment and result as below:
+---------------------+----------------+--------------------+-------------------+------------------+--------------+
| Environment | dpdk_unit_test | dpdk_meson_compile | dpdk_compile_spdk | dpdk_compile_ovs | dpdk_compile |
+=====================+================+====================+===================+==================+==============+
| Ubuntu 18.04 | FAIL | FAIL | PASS | PASS | PASS |
+---------------------+----------------+--------------------+-------------------+------------------+--------------+
| Windows Server 2019 | SKIPPED | FAIL | SKIPPED | SKIPPED | SKIPPED |
+---------------------+----------------+--------------------+-------------------+------------------+--------------+
| FreeBSD 11.2 | SKIPPED | FAIL | PASS | SKIPPED | PASS |
+---------------------+----------------+--------------------+-------------------+------------------+--------------+
| Fedora 31 | SKIPPED | FAIL | PASS | PASS | PASS |
+---------------------+----------------+--------------------+-------------------+------------------+--------------+
| CentOS 8 | SKIPPED | FAIL | PASS | PASS | PASS |
+---------------------+----------------+--------------------+-------------------+------------------+--------------+
| openSUSE Leap 15 | SKIPPED | FAIL | PASS | PASS | PASS |
+---------------------+----------------+--------------------+-------------------+------------------+--------------+
| Arch Linux | SKIPPED | FAIL | SKIPPED | PASS | PASS |
+---------------------+----------------+--------------------+-------------------+------------------+--------------+
Ubuntu 18.04
Kernel: 4.15.0-generic
Compiler: gcc 7.4
Windows Server 2019
Kernel: 10.0
Compiler: clang 9.0
FreeBSD 11.2
Kernel: 11.2
Compiler: gcc 8.3
Fedora 31
Kernel: 5.3.16
Compiler: gcc 9.2.1
CentOS 8
Kernel: 4.18.0.el8_0
Compiler: gcc 8.3.1
openSUSE Leap 15
Kernel: 4.12.14
Compiler: gcc 7.4.1
Arch Linux
Kernel: latest
Compiler: gcc latest
To view detailed results, visit:
https://lab.dpdk.org/results/dashboard/patchsets/10689/
UNH-IOL DPDK Community Lab
To manage your email subscriptions, visit:
https://lab.dpdk.org/results/dashboard/preferences/subscriptions/
^ permalink raw reply [flat|nested] 2+ messages in thread
* [dpdk-test-report] |FAILURE| pw69292-69297 [PATCH] [v6, 1/6] eal: add internal ABI tag definition
@ 2020-04-25 7:30 dpdklab
0 siblings, 0 replies; 2+ messages in thread
From: dpdklab @ 2020-04-25 7:30 UTC (permalink / raw)
To: Ali Alnubani, Erez Scop, Thomas Monjalon, Test Report; +Cc: dpdk-test-reports
[-- Attachment #1: Type: text/plain, Size: 1286 bytes --]
Test-Label: iol-mellanox-Performance
Test-Status: FAILURE
http://dpdk.org/patch/69292
_Performance Testing issues_
Submitter: Haiyue Wang <haiyue.wang@intel.com>
Date: Saturday, April 25 2020 06:04:36
DPDK git baseline: Repo:dpdk
Branch: master
CommitID:269e1d04a15daa0741454524270e4ab97092e26f
69292-69297 --> performance testing fail
Test environment and result as below:
Ubuntu 18.04
Kernel: 4.15.0-generic
Compiler: gcc 7.4
NIC: Mellanox ConnectX-4 Lx 25000 Mbps
Target: x86_64-native-linuxapp-gcc
Fail/Total: 0/0
Detail performance results:
There were no deltas reported. There may have been an issue with the test harness. If logs are available, download them from the ci website for more information.
Ubuntu 18.04
Kernel: 4.15.0-generic
Compiler: gcc 7.4
NIC: Mellanox ConnectX-4 Lx 40000 Mbps
Target: x86_64-native-linuxapp-gcc
Fail/Total: 0/0
Detail performance results:
There were no deltas reported. There may have been an issue with the test harness. If logs are available, download them from the ci website for more information.
To view detailed results, visit:
https://lab.dpdk.org/results/dashboard/patchsets/10689/
UNH-IOL DPDK Community Lab
To manage your email subscriptions, visit:
https://lab.dpdk.org/results/dashboard/preferences/subscriptions/
^ permalink raw reply [flat|nested] 2+ messages in thread
end of thread, other threads:[~2020-04-25 17:32 UTC | newest]
Thread overview: 2+ messages (download: mbox.gz / follow: Atom feed)
-- links below jump to the message on this page --
2020-04-25 17:32 [dpdk-test-report] |FAILURE| pw69292-69297 [PATCH] [v6, 1/6] eal: add internal ABI tag definition dpdklab
-- strict thread matches above, loose matches on Subject: below --
2020-04-25 7:30 dpdklab
This is a public inbox, see mirroring instructions
for how to clone and mirror all data and code used for this inbox;
as well as URLs for NNTP newsgroup(s).