automatic DPDK test reports
 help / color / Atom feed
From: dpdklab@iol.unh.edu
To: Test Report <test-report@dpdk.org>
Cc: dpdk-test-reports@iol.unh.edu
Subject: [dpdk-test-report] |FAILURE| [GIT MASTER] f3b6900a8d3aa52e898a219e458c21aa2a3ee611
Date: Sat, 23 May 2020 16:27:37 -0400 (EDT)
Message-ID: <20200523202737.E7DE16D421@noxus.dpdklab.iol.unh.edu> (raw)

[-- Attachment #1: Type: text/plain, Size: 2710 bytes --]

_Testing issues_

Branch: dpdk-next-net-brcm

f3b6900a8d3aa52e898a219e458c21aa2a3ee611 --> testing fail

Test environment and result as below:

+---------------------+--------------------+--------------+------------------+-------------------+----------------+
|     Environment     | dpdk_meson_compile | dpdk_compile | dpdk_compile_ovs | dpdk_compile_spdk | dpdk_unit_test |
+=====================+====================+==============+==================+===================+================+
| Windows Server 2019 | PASS               | SKIPPED      | SKIPPED          | SKIPPED           | SKIPPED        |
+---------------------+--------------------+--------------+------------------+-------------------+----------------+
| Fedora 31           | FAIL               | FAIL         | FAIL             | FAIL              | SKIPPED        |
+---------------------+--------------------+--------------+------------------+-------------------+----------------+
| CentOS 8            | PASS               | PASS         | PASS             | FAIL              | SKIPPED        |
+---------------------+--------------------+--------------+------------------+-------------------+----------------+
| Ubuntu 18.04        | PASS               | PASS         | PASS             | FAIL              | PASS           |
+---------------------+--------------------+--------------+------------------+-------------------+----------------+
| openSUSE Leap 15    | PASS               | PASS         | PASS             | FAIL              | SKIPPED        |
+---------------------+--------------------+--------------+------------------+-------------------+----------------+
| Arch Linux          | PASS               | PASS         | PASS             | SKIPPED           | SKIPPED        |
+---------------------+--------------------+--------------+------------------+-------------------+----------------+
| FreeBSD 11.2        | PASS               | PASS         | SKIPPED          | FAIL              | SKIPPED        |
+---------------------+--------------------+--------------+------------------+-------------------+----------------+

Windows Server 2019
	Kernel: 10.0
	Compiler: clang 9.0

Fedora 31
	Kernel: 5.3.16
	Compiler: gcc 9.2.1

CentOS 8
	Kernel: 4.18.0.el8_0
	Compiler: gcc 8.3.1

Ubuntu 18.04
	Kernel: 4.15.0-generic
	Compiler: gcc 7.4

openSUSE Leap 15
	Kernel: 4.12.14
	Compiler: gcc 7.4.1

Arch Linux
	Kernel: latest
	Compiler: gcc latest

FreeBSD 11.2
	Kernel: 11.2
	Compiler: gcc 8.3

To view detailed results, visit:
https://lab.dpdk.org/results/dashboard/tarballs/9746/

UNH-IOL DPDK Community Lab

To manage your email subscriptions, visit: 
https://lab.dpdk.org/results/dashboard/preferences/subscriptions/

                 reply index

Thread overview: [no followups] expand[flat|nested]  mbox.gz  Atom feed

Reply instructions:

You may reply publically to this message via plain-text email
using any one of the following methods:

* Save the following mbox file, import it into your mail client,
  and reply-to-all from there: mbox

  Avoid top-posting and favor interleaved quoting:
  https://en.wikipedia.org/wiki/Posting_style#Interleaved_style

* Reply using the --to, --cc, and --in-reply-to
  switches of git-send-email(1):

  git send-email \
    --in-reply-to=20200523202737.E7DE16D421@noxus.dpdklab.iol.unh.edu \
    --to=dpdklab@iol.unh.edu \
    --cc=dpdk-test-reports@iol.unh.edu \
    --cc=test-report@dpdk.org \
    /path/to/YOUR_REPLY

  https://kernel.org/pub/software/scm/git/docs/git-send-email.html

* If your mail client supports setting the In-Reply-To header
  via mailto: links, try the mailto: link

automatic DPDK test reports

Archives are clonable:
	git clone --mirror http://inbox.dpdk.org/test-report/0 test-report/git/0.git

	# If you have public-inbox 1.1+ installed, you may
	# initialize and index your mirror using the following commands:
	public-inbox-init -V2 test-report test-report/ http://inbox.dpdk.org/test-report \
		test-report@dpdk.org
	public-inbox-index test-report


Newsgroup available over NNTP:
	nntp://inbox.dpdk.org/inbox.dpdk.test-report


AGPL code for this site: git clone https://public-inbox.org/ public-inbox