* [dpdk-test-report] |FAILURE| pw70588-70594 [PATCH] [v2, 1/7] ethdev: allow unknown link speed
@ 2020-05-26 20:54 dpdklab
0 siblings, 0 replies; only message in thread
From: dpdklab @ 2020-05-26 20:54 UTC (permalink / raw)
To: Test Report; +Cc: dpdk-test-reports
[-- Attachment #1: Type: text/plain, Size: 2911 bytes --]
Test-Label: iol-testing
Test-Status: FAILURE
http://dpdk.org/patch/70588
_Testing issues_
Submitter: Ivan Dyukov <i.dyukov@samsung.com>
Date: Tuesday, May 26 2020 19:10:04
DPDK git baseline: Repo:dpdk
Branch: master
CommitID:281074a45d6d87a1ba2b9bca1f5ebd42b89595c9
70588-70594 --> testing fail
Test environment and result as below:
+---------------------+--------------------+----------------+-------------------+------------------+--------------+
| Environment | dpdk_meson_compile | dpdk_unit_test | dpdk_compile_spdk | dpdk_compile_ovs | dpdk_compile |
+=====================+====================+================+===================+==================+==============+
| Windows Server 2019 | PASS | SKIPPED | SKIPPED | SKIPPED | SKIPPED |
+---------------------+--------------------+----------------+-------------------+------------------+--------------+
| FreeBSD 11.2 | FAIL | SKIPPED | FAIL | SKIPPED | PASS |
+---------------------+--------------------+----------------+-------------------+------------------+--------------+
| openSUSE Leap 15 | FAIL | SKIPPED | FAIL | PASS | PASS |
+---------------------+--------------------+----------------+-------------------+------------------+--------------+
| Fedora 31 | FAIL | SKIPPED | FAIL | PASS | PASS |
+---------------------+--------------------+----------------+-------------------+------------------+--------------+
| CentOS 8 | FAIL | SKIPPED | FAIL | PASS | PASS |
+---------------------+--------------------+----------------+-------------------+------------------+--------------+
| Ubuntu 18.04 | FAIL | FAIL | FAIL | PASS | PASS |
+---------------------+--------------------+----------------+-------------------+------------------+--------------+
| Arch Linux | FAIL | SKIPPED | SKIPPED | PASS | PASS |
+---------------------+--------------------+----------------+-------------------+------------------+--------------+
Windows Server 2019
Kernel: 10.0
Compiler: clang 9.0
FreeBSD 11.2
Kernel: 11.2
Compiler: gcc 8.3
openSUSE Leap 15
Kernel: 4.12.14
Compiler: gcc 7.4.1
Fedora 31
Kernel: 5.3.16
Compiler: gcc 9.2.1
CentOS 8
Kernel: 4.18.0.el8_0
Compiler: gcc 8.3.1
Ubuntu 18.04
Kernel: 4.15.0-generic
Compiler: gcc 7.4
Arch Linux
Kernel: latest
Compiler: gcc latest
To view detailed results, visit:
https://lab.dpdk.org/results/dashboard/patchsets/11295/
UNH-IOL DPDK Community Lab
To manage your email subscriptions, visit:
https://lab.dpdk.org/results/dashboard/preferences/subscriptions/
^ permalink raw reply [flat|nested] only message in thread
only message in thread, other threads:[~2020-05-26 20:54 UTC | newest]
Thread overview: (only message) (download: mbox.gz / follow: Atom feed)
-- links below jump to the message on this page --
2020-05-26 20:54 [dpdk-test-report] |FAILURE| pw70588-70594 [PATCH] [v2, 1/7] ethdev: allow unknown link speed dpdklab
This is a public inbox, see mirroring instructions
for how to clone and mirror all data and code used for this inbox;
as well as URLs for NNTP newsgroup(s).