[-- Attachment #1: Type: text/plain, Size: 2708 bytes --] _Testing issues_ Branch: dpdk-next-crypto 27991115743bc0e1feb2c4ba7a766020d51bdb5d --> testing fail Test environment and result as below: +---------------------+--------------------+-------------------+----------------+--------------+------------------+ | Environment | dpdk_meson_compile | dpdk_compile_spdk | dpdk_unit_test | dpdk_compile | dpdk_compile_ovs | +=====================+====================+===================+================+==============+==================+ | Windows Server 2019 | PASS | SKIPPED | SKIPPED | SKIPPED | SKIPPED | +---------------------+--------------------+-------------------+----------------+--------------+------------------+ | Fedora 31 | PASS | FAIL | SKIPPED | PASS | PASS | +---------------------+--------------------+-------------------+----------------+--------------+------------------+ | CentOS 8 | PASS | FAIL | SKIPPED | PASS | PASS | +---------------------+--------------------+-------------------+----------------+--------------+------------------+ | Ubuntu 18.04 | PASS | FAIL | PASS | PASS | PASS | +---------------------+--------------------+-------------------+----------------+--------------+------------------+ | Arch Linux | PASS | SKIPPED | SKIPPED | PASS | PASS | +---------------------+--------------------+-------------------+----------------+--------------+------------------+ | openSUSE Leap 15 | PASS | FAIL | SKIPPED | PASS | PASS | +---------------------+--------------------+-------------------+----------------+--------------+------------------+ | FreeBSD 11.2 | PASS | FAIL | SKIPPED | PASS | SKIPPED | +---------------------+--------------------+-------------------+----------------+--------------+------------------+ Windows Server 2019 Kernel: 10.0 Compiler: clang 9.0 Fedora 31 Kernel: 5.3.16 Compiler: gcc 9.2.1 CentOS 8 Kernel: 4.18.0.el8_0 Compiler: gcc 8.3.1 Ubuntu 18.04 Kernel: 4.15.0-generic Compiler: gcc 7.4 Arch Linux Kernel: latest Compiler: gcc latest openSUSE Leap 15 Kernel: 4.12.14 Compiler: gcc 7.4.1 FreeBSD 11.2 Kernel: 11.2 Compiler: gcc 8.3 To view detailed results, visit: https://lab.dpdk.org/results/dashboard/tarballs/9779/ UNH-IOL DPDK Community Lab To manage your email subscriptions, visit: https://lab.dpdk.org/results/dashboard/preferences/subscriptions/
[-- Attachment #1: Type: text/plain, Size: 2696 bytes --] _Testing issues_ Branch: dpdk 27991115743bc0e1feb2c4ba7a766020d51bdb5d --> testing fail Test environment and result as below: +---------------------+----------------+--------------------+-------------------+------------------+--------------+ | Environment | dpdk_unit_test | dpdk_meson_compile | dpdk_compile_spdk | dpdk_compile_ovs | dpdk_compile | +=====================+================+====================+===================+==================+==============+ | Ubuntu 18.04 | PASS | PASS | FAIL | PASS | PASS | +---------------------+----------------+--------------------+-------------------+------------------+--------------+ | Windows Server 2019 | SKIPPED | PASS | SKIPPED | SKIPPED | SKIPPED | +---------------------+----------------+--------------------+-------------------+------------------+--------------+ | CentOS 8 | SKIPPED | PASS | FAIL | PASS | PASS | +---------------------+----------------+--------------------+-------------------+------------------+--------------+ | Fedora 31 | SKIPPED | PASS | FAIL | PASS | PASS | +---------------------+----------------+--------------------+-------------------+------------------+--------------+ | openSUSE Leap 15 | SKIPPED | PASS | FAIL | PASS | PASS | +---------------------+----------------+--------------------+-------------------+------------------+--------------+ | Arch Linux | SKIPPED | PASS | SKIPPED | PASS | PASS | +---------------------+----------------+--------------------+-------------------+------------------+--------------+ | FreeBSD 11.2 | SKIPPED | PASS | FAIL | SKIPPED | PASS | +---------------------+----------------+--------------------+-------------------+------------------+--------------+ Ubuntu 18.04 Kernel: 4.15.0-generic Compiler: gcc 7.4 Windows Server 2019 Kernel: 10.0 Compiler: clang 9.0 CentOS 8 Kernel: 4.18.0.el8_0 Compiler: gcc 8.3.1 Fedora 31 Kernel: 5.3.16 Compiler: gcc 9.2.1 openSUSE Leap 15 Kernel: 4.12.14 Compiler: gcc 7.4.1 Arch Linux Kernel: latest Compiler: gcc latest FreeBSD 11.2 Kernel: 11.2 Compiler: gcc 8.3 To view detailed results, visit: https://lab.dpdk.org/results/dashboard/tarballs/9788/ UNH-IOL DPDK Community Lab To manage your email subscriptions, visit: https://lab.dpdk.org/results/dashboard/preferences/subscriptions/
[-- Attachment #1: Type: text/plain, Size: 2708 bytes --] _Testing issues_ Branch: dpdk-next-virtio 27991115743bc0e1feb2c4ba7a766020d51bdb5d --> testing fail Test environment and result as below: +---------------------+--------------------+-------------------+----------------+------------------+--------------+ | Environment | dpdk_meson_compile | dpdk_compile_spdk | dpdk_unit_test | dpdk_compile_ovs | dpdk_compile | +=====================+====================+===================+================+==================+==============+ | Windows Server 2019 | PASS | SKIPPED | SKIPPED | SKIPPED | SKIPPED | +---------------------+--------------------+-------------------+----------------+------------------+--------------+ | Fedora 31 | PASS | FAIL | SKIPPED | PASS | PASS | +---------------------+--------------------+-------------------+----------------+------------------+--------------+ | CentOS 8 | PASS | FAIL | SKIPPED | PASS | PASS | +---------------------+--------------------+-------------------+----------------+------------------+--------------+ | Ubuntu 18.04 | PASS | FAIL | PASS | PASS | PASS | +---------------------+--------------------+-------------------+----------------+------------------+--------------+ | openSUSE Leap 15 | PASS | FAIL | SKIPPED | PASS | PASS | +---------------------+--------------------+-------------------+----------------+------------------+--------------+ | Arch Linux | PASS | SKIPPED | SKIPPED | PASS | PASS | +---------------------+--------------------+-------------------+----------------+------------------+--------------+ | FreeBSD 11.2 | PASS | FAIL | SKIPPED | SKIPPED | PASS | +---------------------+--------------------+-------------------+----------------+------------------+--------------+ Windows Server 2019 Kernel: 10.0 Compiler: clang 9.0 Fedora 31 Kernel: 5.3.16 Compiler: gcc 9.2.1 CentOS 8 Kernel: 4.18.0.el8_0 Compiler: gcc 8.3.1 Ubuntu 18.04 Kernel: 4.15.0-generic Compiler: gcc 7.4 openSUSE Leap 15 Kernel: 4.12.14 Compiler: gcc 7.4.1 Arch Linux Kernel: latest Compiler: gcc latest FreeBSD 11.2 Kernel: 11.2 Compiler: gcc 8.3 To view detailed results, visit: https://lab.dpdk.org/results/dashboard/tarballs/9799/ UNH-IOL DPDK Community Lab To manage your email subscriptions, visit: https://lab.dpdk.org/results/dashboard/preferences/subscriptions/