automatic DPDK test reports
 help / color / mirror / Atom feed
* [dpdk-test-report] |WARNING| pw70864 [PATCH] [v2] app/testpmd: fix passing negative parameter to strerror
@ 2020-06-05  4:40 dpdklab
  0 siblings, 0 replies; 2+ messages in thread
From: dpdklab @ 2020-06-05  4:40 UTC (permalink / raw)
  To: Test Report; +Cc: dpdk-test-reports

[-- Attachment #1: Type: text/plain, Size: 2912 bytes --]

Test-Label: iol-testing
Test-Status: WARNING
http://dpdk.org/patch/70864

_Testing issues_

Submitter: Wei Hu (Xavier) <xavier.huwei@huawei.com>
Date: Friday, June 05 2020 03:01:19 
DPDK git baseline: Repo:dpdk
  Branch: master
  CommitID:60814f955cfdebeb1d7bb3c8c5ae6c566b15f572

70864 --> testing fail

Test environment and result as below:

+---------------------+--------------------+-------------------+--------------+----------------+------------------+
|     Environment     | dpdk_meson_compile | dpdk_compile_spdk | dpdk_compile | dpdk_unit_test | dpdk_compile_ovs |
+=====================+====================+===================+==============+================+==================+
| Windows Server 2019 | PASS               | SKIPPED           | SKIPPED      | SKIPPED        | SKIPPED          |
+---------------------+--------------------+-------------------+--------------+----------------+------------------+
| CentOS 8            | PASS               | FAIL              | PASS         | SKIPPED        | PASS             |
+---------------------+--------------------+-------------------+--------------+----------------+------------------+
| Fedora 31           | PASS               | FAIL              | PASS         | SKIPPED        | PASS             |
+---------------------+--------------------+-------------------+--------------+----------------+------------------+
| Ubuntu 18.04        | PASS               | FAIL              | PASS         | PASS           | PASS             |
+---------------------+--------------------+-------------------+--------------+----------------+------------------+
| openSUSE Leap 15    | PASS               | PASS              | PASS         | SKIPPED        | PASS             |
+---------------------+--------------------+-------------------+--------------+----------------+------------------+
| Arch Linux          | PASS               | SKIPPED           | PASS         | SKIPPED        | PASS             |
+---------------------+--------------------+-------------------+--------------+----------------+------------------+
| FreeBSD 11.2        | PASS               | PASS              | PASS         | SKIPPED        | SKIPPED          |
+---------------------+--------------------+-------------------+--------------+----------------+------------------+

Windows Server 2019
	Kernel: 10.0
	Compiler: clang 9.0

CentOS 8
	Kernel: 4.18.0.el8_0
	Compiler: gcc 8.3.1

Fedora 31
	Kernel: 5.3.16
	Compiler: gcc 9.2.1

Ubuntu 18.04
	Kernel: 4.15.0-generic
	Compiler: gcc 7.4

openSUSE Leap 15
	Kernel: 4.12.14
	Compiler: gcc 7.4.1

Arch Linux
	Kernel: latest
	Compiler: gcc latest

FreeBSD 11.2
	Kernel: 11.2
	Compiler: gcc 8.3

To view detailed results, visit:
https://lab.dpdk.org/results/dashboard/patchsets/11372/

UNH-IOL DPDK Community Lab

To manage your email subscriptions, visit: 
https://lab.dpdk.org/results/dashboard/preferences/subscriptions/

^ permalink raw reply	[flat|nested] 2+ messages in thread

* [dpdk-test-report] |WARNING| pw70864 [PATCH v2] app/testpmd: fix passing negative parameter to strerror
       [not found] <1591326079-47091-1-git-send-email-xavier.huwei@huawei.com>
@ 2020-06-10  7:55 ` checkpatch
  0 siblings, 0 replies; 2+ messages in thread
From: checkpatch @ 2020-06-10  7:55 UTC (permalink / raw)
  To: test-report; +Cc: Wei Hu (Xavier)

Test-Label: checkpatch
Test-Status: WARNING
http://dpdk.org/patch/70864

_coding style issues_

Must be a reply to the first patch (--in-reply-to).

^ permalink raw reply	[flat|nested] 2+ messages in thread

end of thread, other threads:[~2020-06-10  7:55 UTC | newest]

Thread overview: 2+ messages (download: mbox.gz / follow: Atom feed)
-- links below jump to the message on this page --
2020-06-05  4:40 [dpdk-test-report] |WARNING| pw70864 [PATCH] [v2] app/testpmd: fix passing negative parameter to strerror dpdklab
     [not found] <1591326079-47091-1-git-send-email-xavier.huwei@huawei.com>
2020-06-10  7:55 ` [dpdk-test-report] |WARNING| pw70864 [PATCH v2] " checkpatch

automatic DPDK test reports

This inbox may be cloned and mirrored by anyone:

	git clone --mirror http://inbox.dpdk.org/test-report/0 test-report/git/0.git

	# If you have public-inbox 1.1+ installed, you may
	# initialize and index your mirror using the following commands:
	public-inbox-init -V2 test-report test-report/ http://inbox.dpdk.org/test-report \
		test-report@dpdk.org
	public-inbox-index test-report

Example config snippet for mirrors.
Newsgroup available over NNTP:
	nntp://inbox.dpdk.org/inbox.dpdk.test-report


AGPL code for this site: git clone https://public-inbox.org/public-inbox.git