automatic DPDK test reports
 help / color / mirror / Atom feed
* [dpdk-test-report] |WARNING| pw70872 [PATCH] test/crypto: change cipher offset for esn vector
@ 2020-06-05  9:56 dpdklab
  0 siblings, 0 replies; only message in thread
From: dpdklab @ 2020-06-05  9:56 UTC (permalink / raw)
  To: Test Report; +Cc: dpdk-test-reports

[-- Attachment #1: Type: text/plain, Size: 2907 bytes --]

Test-Label: iol-testing
Test-Status: WARNING
http://dpdk.org/patch/70872

_Testing issues_

Submitter: Ankur Dwivedi <adwivedi@marvell.com>
Date: Friday, June 05 2020 08:30:33 
DPDK git baseline: Repo:dpdk
  Branch: master
  CommitID:60814f955cfdebeb1d7bb3c8c5ae6c566b15f572

70872 --> testing fail

Test environment and result as below:

+---------------------+--------------------+--------------+----------------+-------------------+------------------+
|     Environment     | dpdk_meson_compile | dpdk_compile | dpdk_unit_test | dpdk_compile_spdk | dpdk_compile_ovs |
+=====================+====================+==============+================+===================+==================+
| Windows Server 2019 | PASS               | SKIPPED      | SKIPPED        | SKIPPED           | SKIPPED          |
+---------------------+--------------------+--------------+----------------+-------------------+------------------+
| Fedora 31           | PASS               | PASS         | SKIPPED        | FAIL              | PASS             |
+---------------------+--------------------+--------------+----------------+-------------------+------------------+
| CentOS 8            | PASS               | PASS         | SKIPPED        | FAIL              | PASS             |
+---------------------+--------------------+--------------+----------------+-------------------+------------------+
| Ubuntu 18.04        | PASS               | PASS         | PASS           | FAIL              | PASS             |
+---------------------+--------------------+--------------+----------------+-------------------+------------------+
| openSUSE Leap 15    | PASS               | PASS         | SKIPPED        | PASS              | PASS             |
+---------------------+--------------------+--------------+----------------+-------------------+------------------+
| Arch Linux          | PASS               | PASS         | SKIPPED        | SKIPPED           | PASS             |
+---------------------+--------------------+--------------+----------------+-------------------+------------------+
| FreeBSD 11.2        | PASS               | PASS         | SKIPPED        | PASS              | SKIPPED          |
+---------------------+--------------------+--------------+----------------+-------------------+------------------+

Windows Server 2019
	Kernel: 10.0
	Compiler: clang 9.0

Fedora 31
	Kernel: 5.3.16
	Compiler: gcc 9.2.1

CentOS 8
	Kernel: 4.18.0.el8_0
	Compiler: gcc 8.3.1

Ubuntu 18.04
	Kernel: 4.15.0-generic
	Compiler: gcc 7.4

openSUSE Leap 15
	Kernel: 4.12.14
	Compiler: gcc 7.4.1

Arch Linux
	Kernel: latest
	Compiler: gcc latest

FreeBSD 11.2
	Kernel: 11.2
	Compiler: gcc 8.3

To view detailed results, visit:
https://lab.dpdk.org/results/dashboard/patchsets/11376/

UNH-IOL DPDK Community Lab

To manage your email subscriptions, visit: 
https://lab.dpdk.org/results/dashboard/preferences/subscriptions/

^ permalink raw reply	[flat|nested] only message in thread

only message in thread, other threads:[~2020-06-05  9:56 UTC | newest]

Thread overview: (only message) (download: mbox.gz / follow: Atom feed)
-- links below jump to the message on this page --
2020-06-05  9:56 [dpdk-test-report] |WARNING| pw70872 [PATCH] test/crypto: change cipher offset for esn vector dpdklab

automatic DPDK test reports

This inbox may be cloned and mirrored by anyone:

	git clone --mirror http://inbox.dpdk.org/test-report/0 test-report/git/0.git

	# If you have public-inbox 1.1+ installed, you may
	# initialize and index your mirror using the following commands:
	public-inbox-init -V2 test-report test-report/ http://inbox.dpdk.org/test-report \
		test-report@dpdk.org
	public-inbox-index test-report

Example config snippet for mirrors.
Newsgroup available over NNTP:
	nntp://inbox.dpdk.org/inbox.dpdk.test-report


AGPL code for this site: git clone https://public-inbox.org/public-inbox.git