automatic DPDK test reports
 help / color / mirror / Atom feed
* [dpdk-test-report] |WARNING| pw70916 [PATCH] [v1] net/ice: support orignal VF action for DCF
@ 2020-06-06  7:04 dpdklab
  0 siblings, 0 replies; 2+ messages in thread
From: dpdklab @ 2020-06-06  7:04 UTC (permalink / raw)
  To: Test Report; +Cc: dpdk-test-reports

[-- Attachment #1: Type: text/plain, Size: 2900 bytes --]

Test-Label: iol-testing
Test-Status: WARNING
http://dpdk.org/patch/70916

_Testing issues_

Submitter: Ting Xu <ting.xu@intel.com>
Date: Saturday, June 06 2020 13:23:56 
DPDK git baseline: Repo:dpdk
  Branch: master
  CommitID:60814f955cfdebeb1d7bb3c8c5ae6c566b15f572

70916 --> testing fail

Test environment and result as below:

+---------------------+--------------------+-------------------+------------------+----------------+--------------+
|     Environment     | dpdk_meson_compile | dpdk_compile_spdk | dpdk_compile_ovs | dpdk_unit_test | dpdk_compile |
+=====================+====================+===================+==================+================+==============+
| Windows Server 2019 | PASS               | SKIPPED           | SKIPPED          | SKIPPED        | SKIPPED      |
+---------------------+--------------------+-------------------+------------------+----------------+--------------+
| Ubuntu 18.04        | PASS               | FAIL              | PASS             | PASS           | PASS         |
+---------------------+--------------------+-------------------+------------------+----------------+--------------+
| CentOS 8            | PASS               | FAIL              | PASS             | SKIPPED        | PASS         |
+---------------------+--------------------+-------------------+------------------+----------------+--------------+
| Fedora 31           | PASS               | FAIL              | PASS             | SKIPPED        | PASS         |
+---------------------+--------------------+-------------------+------------------+----------------+--------------+
| openSUSE Leap 15    | PASS               | PASS              | PASS             | SKIPPED        | PASS         |
+---------------------+--------------------+-------------------+------------------+----------------+--------------+
| Arch Linux          | PASS               | SKIPPED           | PASS             | SKIPPED        | PASS         |
+---------------------+--------------------+-------------------+------------------+----------------+--------------+
| FreeBSD 11.2        | PASS               | PASS              | SKIPPED          | SKIPPED        | PASS         |
+---------------------+--------------------+-------------------+------------------+----------------+--------------+

Windows Server 2019
	Kernel: 10.0
	Compiler: clang 9.0

Ubuntu 18.04
	Kernel: 4.15.0-generic
	Compiler: gcc 7.4

CentOS 8
	Kernel: 4.18.0.el8_0
	Compiler: gcc 8.3.1

Fedora 31
	Kernel: 5.3.16
	Compiler: gcc 9.2.1

openSUSE Leap 15
	Kernel: 4.12.14
	Compiler: gcc 7.4.1

Arch Linux
	Kernel: latest
	Compiler: gcc latest

FreeBSD 11.2
	Kernel: 11.2
	Compiler: gcc 8.3

To view detailed results, visit:
https://lab.dpdk.org/results/dashboard/patchsets/11382/

UNH-IOL DPDK Community Lab

To manage your email subscriptions, visit: 
https://lab.dpdk.org/results/dashboard/preferences/subscriptions/

^ permalink raw reply	[flat|nested] 2+ messages in thread

* [dpdk-test-report] |WARNING| pw70916 [PATCH v1] net/ice: support orignal VF action for DCF
       [not found] <20200606132356.35278-1-ting.xu@intel.com>
@ 2020-06-10  7:56 ` checkpatch
  0 siblings, 0 replies; 2+ messages in thread
From: checkpatch @ 2020-06-10  7:56 UTC (permalink / raw)
  To: test-report; +Cc: Ting Xu

Test-Label: checkpatch
Test-Status: WARNING
http://dpdk.org/patch/70916

_coding style issues_


WARNING:TYPO_SPELLING: 'orignal' may be misspelled - perhaps 'original'?
#42: 
Subject: [dpdk-dev] [PATCH v1] net/ice: support orignal VF action for DCF

total: 0 errors, 1 warnings, 0 checks, 37 lines checked

^ permalink raw reply	[flat|nested] 2+ messages in thread

end of thread, other threads:[~2020-06-10  7:56 UTC | newest]

Thread overview: 2+ messages (download: mbox.gz / follow: Atom feed)
-- links below jump to the message on this page --
2020-06-06  7:04 [dpdk-test-report] |WARNING| pw70916 [PATCH] [v1] net/ice: support orignal VF action for DCF dpdklab
     [not found] <20200606132356.35278-1-ting.xu@intel.com>
2020-06-10  7:56 ` [dpdk-test-report] |WARNING| pw70916 [PATCH v1] " checkpatch

automatic DPDK test reports

This inbox may be cloned and mirrored by anyone:

	git clone --mirror http://inbox.dpdk.org/test-report/0 test-report/git/0.git

	# If you have public-inbox 1.1+ installed, you may
	# initialize and index your mirror using the following commands:
	public-inbox-init -V2 test-report test-report/ http://inbox.dpdk.org/test-report \
		test-report@dpdk.org
	public-inbox-index test-report

Example config snippet for mirrors.
Newsgroup available over NNTP:
	nntp://inbox.dpdk.org/inbox.dpdk.test-report


AGPL code for this site: git clone https://public-inbox.org/public-inbox.git