* [dpdk-test-report] |FAILURE| pw71715-71713 [PATCH] [v10, 1/2] timer: move from common to Unix directory
@ 2020-06-18 13:40 dpdklab
0 siblings, 0 replies; only message in thread
From: dpdklab @ 2020-06-18 13:40 UTC (permalink / raw)
To: Test Report; +Cc: dpdk-test-reports
[-- Attachment #1: Type: text/plain, Size: 2089 bytes --]
Test-Label: iol-testing
Test-Status: FAILURE
http://dpdk.org/patch/71715
_Testing issues_
Submitter: Fady Bader <fady@mellanox.com>
Date: Thursday, June 18 2020 06:55:21
DPDK git baseline: Repo:dpdk
Branch: master
CommitID:f3687f251e14689900e24b39bf187bf251208407
71715-71713 --> testing fail
Test environment and result as below:
+---------------------+--------------------+-------------------+--------------+
| Environment | dpdk_meson_compile | dpdk_compile_spdk | dpdk_compile |
+=====================+====================+===================+==============+
| Windows Server 2019 | PASS | SKIPPED | SKIPPED |
+---------------------+--------------------+-------------------+--------------+
| CentOS 8 | PASS | PASS | PASS |
+---------------------+--------------------+-------------------+--------------+
| openSUSE Leap 15 | PASS | PASS | PASS |
+---------------------+--------------------+-------------------+--------------+
| Arch Linux | FAIL | SKIPPED | PASS |
+---------------------+--------------------+-------------------+--------------+
| Ubuntu 18.04 | PASS | PASS | PASS |
+---------------------+--------------------+-------------------+--------------+
| FreeBSD 11.2 | PASS | PASS | SKIPPED |
+---------------------+--------------------+-------------------+--------------+
Windows Server 2019
Kernel: 10.0
Compiler: clang 9.0
CentOS 8
Kernel: 4.18.0.el8_0
Compiler: gcc 8.3.1
openSUSE Leap 15
Kernel: 4.12.14
Compiler: gcc 7.4.1
Arch Linux
Kernel: latest
Compiler: gcc latest
Ubuntu 18.04
Kernel: 4.15.0-generic
Compiler: gcc 7.4
FreeBSD 11.2
Kernel: 11.2
Compiler: gcc 8.3
To view detailed results, visit:
https://lab.dpdk.org/results/dashboard/patchsets/11549/
UNH-IOL DPDK Community Lab
To manage your email subscriptions, visit:
https://lab.dpdk.org/results/dashboard/preferences/subscriptions/
^ permalink raw reply [flat|nested] only message in thread
only message in thread, other threads:[~2020-06-18 13:40 UTC | newest]
Thread overview: (only message) (download: mbox.gz / follow: Atom feed)
-- links below jump to the message on this page --
2020-06-18 13:40 [dpdk-test-report] |FAILURE| pw71715-71713 [PATCH] [v10, 1/2] timer: move from common to Unix directory dpdklab
This is a public inbox, see mirroring instructions
for how to clone and mirror all data and code used for this inbox;
as well as URLs for NNTP newsgroup(s).