* [dpdk-test-report] |FAILURE| pw72202-72209 [PATCH] [1/8] ethdev: introduce sample action for rte flow
@ 2020-06-26 12:58 dpdklab
0 siblings, 0 replies; only message in thread
From: dpdklab @ 2020-06-26 12:58 UTC (permalink / raw)
To: Test Report; +Cc: dpdk-test-reports
[-- Attachment #1: Type: text/plain, Size: 2922 bytes --]
Test-Label: iol-testing
Test-Status: FAILURE
http://dpdk.org/patch/72202
_Testing issues_
Submitter: Jiawei Wang <jiaweiw@mellanox.com>
Date: Thursday, June 25 2020 16:26:12
DPDK git baseline: Repo:dpdk-next-net
Branch: master
CommitID:a739f449ae887b7b663225424f2acccd70906b07
72202-72209 --> testing fail
Test environment and result as below:
+---------------------+----------------+------------------+--------------------+-------------------+--------------+
| Environment | dpdk_unit_test | dpdk_compile_ovs | dpdk_meson_compile | dpdk_compile_spdk | dpdk_compile |
+=====================+================+==================+====================+===================+==============+
| Ubuntu 18.04 | FAIL | FAIL | FAIL | FAIL | FAIL |
+---------------------+----------------+------------------+--------------------+-------------------+--------------+
| CentOS 8 | SKIPPED | PASS | PASS | PASS | PASS |
+---------------------+----------------+------------------+--------------------+-------------------+--------------+
| openSUSE Leap 15 | SKIPPED | PASS | PASS | PASS | PASS |
+---------------------+----------------+------------------+--------------------+-------------------+--------------+
| Fedora 31 | SKIPPED | FAIL | FAIL | FAIL | FAIL |
+---------------------+----------------+------------------+--------------------+-------------------+--------------+
| Arch Linux | SKIPPED | PASS | PASS | SKIPPED | PASS |
+---------------------+----------------+------------------+--------------------+-------------------+--------------+
| Windows Server 2019 | SKIPPED | SKIPPED | PASS | SKIPPED | SKIPPED |
+---------------------+----------------+------------------+--------------------+-------------------+--------------+
| FreeBSD 11.2 | SKIPPED | SKIPPED | PASS | PASS | PASS |
+---------------------+----------------+------------------+--------------------+-------------------+--------------+
Ubuntu 18.04
Kernel: 4.15.0-generic
Compiler: gcc 7.4
CentOS 8
Kernel: 4.18.0.el8_0
Compiler: gcc 8.3.1
openSUSE Leap 15
Kernel: 4.12.14
Compiler: gcc 7.4.1
Fedora 31
Kernel: 5.3.16
Compiler: gcc 9.2.1
Arch Linux
Kernel: latest
Compiler: gcc latest
Windows Server 2019
Kernel: 10.0
Compiler: clang 9.0
FreeBSD 11.2
Kernel: 11.2
Compiler: gcc 8.3
To view detailed results, visit:
https://lab.dpdk.org/results/dashboard/patchsets/11677/
UNH-IOL DPDK Community Lab
To manage your email subscriptions, visit:
https://lab.dpdk.org/results/dashboard/preferences/subscriptions/
^ permalink raw reply [flat|nested] only message in thread
only message in thread, other threads:[~2020-06-26 12:58 UTC | newest]
Thread overview: (only message) (download: mbox.gz / follow: Atom feed)
-- links below jump to the message on this page --
2020-06-26 12:58 [dpdk-test-report] |FAILURE| pw72202-72209 [PATCH] [1/8] ethdev: introduce sample action for rte flow dpdklab
This is a public inbox, see mirroring instructions
for how to clone and mirror all data and code used for this inbox;
as well as URLs for NNTP newsgroup(s).