automatic DPDK test reports
 help / color / Atom feed
* [dpdk-test-report] |FAILURE| [GIT MASTER] 014a7ec6c418eaf24a13be8ade8229638ddc6eed
@ 2020-06-29 23:45 dpdklab
  0 siblings, 0 replies; 5+ messages in thread
From: dpdklab @ 2020-06-29 23:45 UTC (permalink / raw)
  To: Ruoshan Shi, Test Report; +Cc: dpdk-test-reports

[-- Attachment #1: Type: text/plain, Size: 703 bytes --]

_Performance Testing issues_

Branch: dpdk

014a7ec6c418eaf24a13be8ade8229638ddc6eed --> performance testing fail

Test environment and result as below:

Ubuntu 18.04
Kernel: 4.14.122
Compiler: gcc 7.3.0
NIC: NXP LS2088A 10000 Mbps
Target: x86_64-native-linuxapp-gcc
Fail/Total: 0/0

Detail performance results: 
There were no deltas reported. There may have been an issue with the test harness. If logs are available, download them from the ci website for more information.

To view detailed results, visit:
https://lab.dpdk.org/results/dashboard/tarballs/10166/

UNH-IOL DPDK Community Lab

To manage your email subscriptions, visit: 
https://lab.dpdk.org/results/dashboard/preferences/subscriptions/

^ permalink raw reply	[flat|nested] 5+ messages in thread

* [dpdk-test-report] |FAILURE| [GIT MASTER] 014a7ec6c418eaf24a13be8ade8229638ddc6eed
@ 2020-06-30  5:13 dpdklab
  0 siblings, 0 replies; 5+ messages in thread
From: dpdklab @ 2020-06-30  5:13 UTC (permalink / raw)
  To: Test Report; +Cc: dpdk-test-reports

[-- Attachment #1: Type: text/plain, Size: 2697 bytes --]

_Testing issues_

Branch: dpdk

014a7ec6c418eaf24a13be8ade8229638ddc6eed --> testing fail

Test environment and result as below:

+---------------------+----------------+-------------------+------------------+--------------+--------------------+
|     Environment     | dpdk_unit_test | dpdk_compile_spdk | dpdk_compile_ovs | dpdk_compile | dpdk_meson_compile |
+=====================+================+===================+==================+==============+====================+
| Ubuntu 18.04        | PASS           | FAIL              | FAIL             | FAIL         | PASS               |
+---------------------+----------------+-------------------+------------------+--------------+--------------------+
| FreeBSD 11.2        | SKIPPED        | FAIL              | SKIPPED          | FAIL         | PASS               |
+---------------------+----------------+-------------------+------------------+--------------+--------------------+
| CentOS 8            | SKIPPED        | FAIL              | FAIL             | FAIL         | PASS               |
+---------------------+----------------+-------------------+------------------+--------------+--------------------+
| openSUSE Leap 15    | SKIPPED        | FAIL              | FAIL             | FAIL         | PASS               |
+---------------------+----------------+-------------------+------------------+--------------+--------------------+
| Fedora 31           | SKIPPED        | FAIL              | FAIL             | FAIL         | PASS               |
+---------------------+----------------+-------------------+------------------+--------------+--------------------+
| Arch Linux          | SKIPPED        | SKIPPED           | FAIL             | FAIL         | PASS               |
+---------------------+----------------+-------------------+------------------+--------------+--------------------+
| Windows Server 2019 | SKIPPED        | SKIPPED           | SKIPPED          | SKIPPED      | PASS               |
+---------------------+----------------+-------------------+------------------+--------------+--------------------+

Ubuntu 18.04
	Kernel: 4.15.0-generic
	Compiler: gcc 7.4

FreeBSD 11.2
	Kernel: 11.2
	Compiler: gcc 8.3

CentOS 8
	Kernel: 4.18.0.el8_0
	Compiler: gcc 8.3.1

openSUSE Leap 15
	Kernel: 4.12.14
	Compiler: gcc 7.4.1

Fedora 31
	Kernel: 5.3.16
	Compiler: gcc 9.2.1

Arch Linux
	Kernel: latest
	Compiler: gcc latest

Windows Server 2019
	Kernel: 10.0
	Compiler: clang 9.0

To view detailed results, visit:
https://lab.dpdk.org/results/dashboard/tarballs/10166/

UNH-IOL DPDK Community Lab

To manage your email subscriptions, visit: 
https://lab.dpdk.org/results/dashboard/preferences/subscriptions/

^ permalink raw reply	[flat|nested] 5+ messages in thread

* [dpdk-test-report] |FAILURE| [GIT MASTER] 014a7ec6c418eaf24a13be8ade8229638ddc6eed
@ 2020-06-30  2:46 dpdklab
  0 siblings, 0 replies; 5+ messages in thread
From: dpdklab @ 2020-06-30  2:46 UTC (permalink / raw)
  To: Ali Alnubani, Erez Scop, Thomas Monjalon, Test Report; +Cc: dpdk-test-reports

[-- Attachment #1: Type: text/plain, Size: 1390 bytes --]

_Performance Testing issues_

Branch: dpdk

014a7ec6c418eaf24a13be8ade8229638ddc6eed --> performance testing fail

Test environment and result as below:

Ubuntu 18.04
Kernel: 4.15.0-generic
Compiler: gcc 7.4
NIC: Mellanox ConnectX-5 100000 Mbps
Target: x86_64-native-linuxapp-gcc
Fail/Total: 0/0

Detail performance results: 
There were no deltas reported. There may have been an issue with the test harness. If logs are available, download them from the ci website for more information.

Ubuntu 18.04
Kernel: 4.15.0-generic
Compiler: gcc 7.4
NIC: Mellanox ConnectX-4 Lx 25000 Mbps
Target: x86_64-native-linuxapp-gcc
Fail/Total: 0/0

Detail performance results: 
There were no deltas reported. There may have been an issue with the test harness. If logs are available, download them from the ci website for more information.

Ubuntu 18.04
Kernel: 4.15.0-generic
Compiler: gcc 7.4
NIC: Mellanox ConnectX-4 Lx 40000 Mbps
Target: x86_64-native-linuxapp-gcc
Fail/Total: 0/0

Detail performance results: 
There were no deltas reported. There may have been an issue with the test harness. If logs are available, download them from the ci website for more information.

To view detailed results, visit:
https://lab.dpdk.org/results/dashboard/tarballs/10166/

UNH-IOL DPDK Community Lab

To manage your email subscriptions, visit: 
https://lab.dpdk.org/results/dashboard/preferences/subscriptions/

^ permalink raw reply	[flat|nested] 5+ messages in thread

* [dpdk-test-report] |FAILURE| [GIT MASTER] 014a7ec6c418eaf24a13be8ade8229638ddc6eed
@ 2020-06-29 23:17 dpdklab
  0 siblings, 0 replies; 5+ messages in thread
From: dpdklab @ 2020-06-29 23:17 UTC (permalink / raw)
  To: Georgii Tkachuk, Qian Xu, Lijuan Tu, Test Report; +Cc: dpdk-test-reports

[-- Attachment #1: Type: text/plain, Size: 1134 bytes --]

_Performance Testing issues_

Branch: dpdk

014a7ec6c418eaf24a13be8ade8229638ddc6eed --> performance testing fail

Test environment and result as below:

Ubuntu 18.04
Kernel: 4.15.0-generic
Compiler: gcc 7.4
NIC: Intel Corporation Ethernet Converged Network Adapter XL710-QDA2 40000 Mbps
Target: x86_64-native-linuxapp-gcc
Fail/Total: 0/0

Detail performance results: 
There were no deltas reported. There may have been an issue with the test harness. If logs are available, download them from the ci website for more information.

Ubuntu 18.04
Kernel: 4.15.0-generic
Compiler: gcc 7.4
NIC: Intel Corporation Ethernet Converged Network Adapter 82599ES 10000 Mbps
Target: x86_64-native-linuxapp-gcc
Fail/Total: 0/0

Detail performance results: 
There were no deltas reported. There may have been an issue with the test harness. If logs are available, download them from the ci website for more information.

To view detailed results, visit:
https://lab.dpdk.org/results/dashboard/tarballs/10166/

UNH-IOL DPDK Community Lab

To manage your email subscriptions, visit: 
https://lab.dpdk.org/results/dashboard/preferences/subscriptions/

^ permalink raw reply	[flat|nested] 5+ messages in thread

* [dpdk-test-report] |FAILURE| [GIT MASTER] 014a7ec6c418eaf24a13be8ade8229638ddc6eed
@ 2020-06-29 22:01 dpdklab
  0 siblings, 0 replies; 5+ messages in thread
From: dpdklab @ 2020-06-29 22:01 UTC (permalink / raw)
  To: Ajit Khaparde, Test Report; +Cc: dpdk-test-reports

[-- Attachment #1: Type: text/plain, Size: 761 bytes --]

_Performance Testing issues_

Branch: dpdk

014a7ec6c418eaf24a13be8ade8229638ddc6eed --> performance testing fail

Test environment and result as below:

Ubuntu 18.04
Kernel: 4.15.0-65-generic
Compiler: gcc gcc (Ubuntu 7.4.0-1ubuntu1~18.04.1) 7.4.0
NIC: Broadcom Inc. brcm_57414 25000 Mbps
Target: x86_64-native-linuxapp-gcc
Fail/Total: 0/0

Detail performance results: 
There were no deltas reported. There may have been an issue with the test harness. If logs are available, download them from the ci website for more information.

To view detailed results, visit:
https://lab.dpdk.org/results/dashboard/tarballs/10166/

UNH-IOL DPDK Community Lab

To manage your email subscriptions, visit: 
https://lab.dpdk.org/results/dashboard/preferences/subscriptions/

^ permalink raw reply	[flat|nested] 5+ messages in thread

end of thread, back to index

Thread overview: 5+ messages (download: mbox.gz / follow: Atom feed)
-- links below jump to the message on this page --
2020-06-29 23:45 [dpdk-test-report] |FAILURE| [GIT MASTER] 014a7ec6c418eaf24a13be8ade8229638ddc6eed dpdklab
  -- strict thread matches above, loose matches on Subject: below --
2020-06-30  5:13 dpdklab
2020-06-30  2:46 dpdklab
2020-06-29 23:17 dpdklab
2020-06-29 22:01 dpdklab

automatic DPDK test reports

Archives are clonable:
	git clone --mirror http://inbox.dpdk.org/test-report/0 test-report/git/0.git

	# If you have public-inbox 1.1+ installed, you may
	# initialize and index your mirror using the following commands:
	public-inbox-init -V2 test-report test-report/ http://inbox.dpdk.org/test-report \
		test-report@dpdk.org
	public-inbox-index test-report


Newsgroup available over NNTP:
	nntp://inbox.dpdk.org/inbox.dpdk.test-report


AGPL code for this site: git clone https://public-inbox.org/ public-inbox