automatic DPDK test reports
 help / color / Atom feed
* [dpdk-test-report] |FAILURE| pw72446 [PATCH] app/flow-perf: fix condition of hairpin queues setup
@ 2020-06-30  8:33 dpdklab
  0 siblings, 0 replies; 4+ messages in thread
From: dpdklab @ 2020-06-30  8:33 UTC (permalink / raw)
  To: test-report; +Cc: dpdk-test-reports

[-- Attachment #1: Type: text/plain, Size: 1337 bytes --]

Test-Label: Performance-Testing
Test-Status: FAILURE
http://dpdk.org/patch/72446

_build patch failure_

Submitter: Wisam Jaddo <wisamm@mellanox.com>
Date: Tuesday, June 30 2020 08:10:28 
Applied on: CommitID:014a7ec6c418eaf24a13be8ade8229638ddc6eed
Apply patch set 72446 failed:


=========================== WARNING ============================
It is recommended to build DPDK using 'meson' and 'ninja'
See https://doc.dpdk.org/guides/linux_gsg/build_dpdk.html
Building DPDK with 'make' will be deprecated in a future release
================================================================

This deprecation warning can be passed by adding MAKE_PAUSE=n
to 'make' command line or as an exported environment variable.
Press enter to continue...
/home-local/jenkins-local/jenkins-agent/workspace/Apply-Custom-Patch-Set/dpdk/mk/rte.sdkroot.mk:65: recipe for target 'warning' failed
make[2]: *** [warning] Error 1
/home-local/jenkins-local/jenkins-agent/workspace/Apply-Custom-Patch-Set/dpdk/mk/rte.sdkinstall.mk:60: recipe for target 'pre_install' failed
make[1]: *** [pre_install] Error 2
/home-local/jenkins-local/jenkins-agent/workspace/Apply-Custom-Patch-Set/dpdk/mk/rte.sdkroot.mk:92: recipe for target 'install' failed
make: *** [install] Error 2

https://lab.dpdk.org/results/dashboard/patchsets/11734/

UNH-IOL DPDK Community Lab

^ permalink raw reply	[flat|nested] 4+ messages in thread

* [dpdk-test-report] |FAILURE| pw72446 [PATCH] app/flow-perf: fix condition of hairpin queues setup
@ 2020-06-30 17:47 dpdklab
  0 siblings, 0 replies; 4+ messages in thread
From: dpdklab @ 2020-06-30 17:47 UTC (permalink / raw)
  To: Test Report; +Cc: dpdk-test-reports

[-- Attachment #1: Type: text/plain, Size: 2907 bytes --]

Test-Label: iol-testing
Test-Status: FAILURE
http://dpdk.org/patch/72446

_Testing issues_

Submitter: Wisam Monther <wisamm@mellanox.com>
Date: Tuesday, June 30 2020 08:10:28 
DPDK git baseline: Repo:dpdk
  Branch: master
  CommitID:014a7ec6c418eaf24a13be8ade8229638ddc6eed

72446 --> testing fail

Test environment and result as below:

+---------------------+--------------------+--------------+----------------+------------------+-------------------+
|     Environment     | dpdk_meson_compile | dpdk_compile | dpdk_unit_test | dpdk_compile_ovs | dpdk_compile_spdk |
+=====================+====================+==============+================+==================+===================+
| Windows Server 2019 | PASS               | SKIPPED      | SKIPPED        | SKIPPED          | SKIPPED           |
+---------------------+--------------------+--------------+----------------+------------------+-------------------+
| openSUSE Leap 15    | PASS               | PASS         | SKIPPED        | PASS             | PASS              |
+---------------------+--------------------+--------------+----------------+------------------+-------------------+
| Fedora 31           | PASS               | PASS         | SKIPPED        | PASS             | PASS              |
+---------------------+--------------------+--------------+----------------+------------------+-------------------+
| CentOS 8            | PASS               | PASS         | SKIPPED        | PASS             | PASS              |
+---------------------+--------------------+--------------+----------------+------------------+-------------------+
| Ubuntu 18.04        | PASS               | PASS         | FAIL           | PASS             | PASS              |
+---------------------+--------------------+--------------+----------------+------------------+-------------------+
| Arch Linux          | PASS               | PASS         | SKIPPED        | PASS             | SKIPPED           |
+---------------------+--------------------+--------------+----------------+------------------+-------------------+
| FreeBSD 11.2        | PASS               | PASS         | SKIPPED        | SKIPPED          | PASS              |
+---------------------+--------------------+--------------+----------------+------------------+-------------------+

Windows Server 2019
	Kernel: 10.0
	Compiler: clang 9.0

openSUSE Leap 15
	Kernel: 4.12.14
	Compiler: gcc 7.4.1

Fedora 31
	Kernel: 5.3.16
	Compiler: gcc 9.2.1

CentOS 8
	Kernel: 4.18.0.el8_0
	Compiler: gcc 8.3.1

Ubuntu 18.04
	Kernel: 4.15.0-generic
	Compiler: gcc 7.4

Arch Linux
	Kernel: latest
	Compiler: gcc latest

FreeBSD 11.2
	Kernel: 11.2
	Compiler: gcc 8.3

To view detailed results, visit:
https://lab.dpdk.org/results/dashboard/patchsets/11734/

UNH-IOL DPDK Community Lab

To manage your email subscriptions, visit: 
https://lab.dpdk.org/results/dashboard/preferences/subscriptions/

^ permalink raw reply	[flat|nested] 4+ messages in thread

* [dpdk-test-report] |FAILURE| pw72446 [PATCH] app/flow-perf: fix condition of hairpin queues setup
@ 2020-06-30 15:06 dpdklab
  0 siblings, 0 replies; 4+ messages in thread
From: dpdklab @ 2020-06-30 15:06 UTC (permalink / raw)
  To: Ajit Khaparde, Test Report; +Cc: dpdk-test-reports

[-- Attachment #1: Type: text/plain, Size: 984 bytes --]

Test-Label: iol-broadcom-Performance
Test-Status: FAILURE
http://dpdk.org/patch/72446

_Performance Testing issues_

Submitter: Wisam Monther <wisamm@mellanox.com>
Date: Tuesday, June 30 2020 08:10:28 
DPDK git baseline: Repo:dpdk
  Branch: master
  CommitID:014a7ec6c418eaf24a13be8ade8229638ddc6eed

72446 --> performance testing fail

Test environment and result as below:

Ubuntu 18.04
Kernel: 4.15.0-65-generic
Compiler: gcc gcc (Ubuntu 7.4.0-1ubuntu1~18.04.1) 7.4.0
NIC: Broadcom Inc. brcm_57414 25000 Mbps
Target: x86_64-native-linuxapp-gcc
Fail/Total: 0/0

Detail performance results: 
There were no deltas reported. There may have been an issue with the test harness. If logs are available, download them from the ci website for more information.

To view detailed results, visit:
https://lab.dpdk.org/results/dashboard/patchsets/11734/

UNH-IOL DPDK Community Lab

To manage your email subscriptions, visit: 
https://lab.dpdk.org/results/dashboard/preferences/subscriptions/

^ permalink raw reply	[flat|nested] 4+ messages in thread

* [dpdk-test-report] |FAILURE| pw72446 [PATCH] app/flow-perf: fix condition of hairpin queues setup
@ 2020-06-30 14:40 dpdklab
  0 siblings, 0 replies; 4+ messages in thread
From: dpdklab @ 2020-06-30 14:40 UTC (permalink / raw)
  To: Ajit Khaparde, Test Report; +Cc: dpdk-test-reports

[-- Attachment #1: Type: text/plain, Size: 984 bytes --]

Test-Label: iol-broadcom-Performance
Test-Status: FAILURE
http://dpdk.org/patch/72446

_Performance Testing issues_

Submitter: Wisam Monther <wisamm@mellanox.com>
Date: Tuesday, June 30 2020 08:10:28 
DPDK git baseline: Repo:dpdk
  Branch: master
  CommitID:014a7ec6c418eaf24a13be8ade8229638ddc6eed

72446 --> performance testing fail

Test environment and result as below:

Ubuntu 18.04
Kernel: 4.15.0-65-generic
Compiler: gcc gcc (Ubuntu 7.4.0-1ubuntu1~18.04.1) 7.4.0
NIC: Broadcom Inc. brcm_57414 25000 Mbps
Target: x86_64-native-linuxapp-gcc
Fail/Total: 0/0

Detail performance results: 
There were no deltas reported. There may have been an issue with the test harness. If logs are available, download them from the ci website for more information.

To view detailed results, visit:
https://lab.dpdk.org/results/dashboard/patchsets/11734/

UNH-IOL DPDK Community Lab

To manage your email subscriptions, visit: 
https://lab.dpdk.org/results/dashboard/preferences/subscriptions/

^ permalink raw reply	[flat|nested] 4+ messages in thread

end of thread, back to index

Thread overview: 4+ messages (download: mbox.gz / follow: Atom feed)
-- links below jump to the message on this page --
2020-06-30  8:33 [dpdk-test-report] |FAILURE| pw72446 [PATCH] app/flow-perf: fix condition of hairpin queues setup dpdklab
2020-06-30 14:40 dpdklab
2020-06-30 15:06 dpdklab
2020-06-30 17:47 dpdklab

automatic DPDK test reports

Archives are clonable:
	git clone --mirror http://inbox.dpdk.org/test-report/0 test-report/git/0.git

	# If you have public-inbox 1.1+ installed, you may
	# initialize and index your mirror using the following commands:
	public-inbox-init -V2 test-report test-report/ http://inbox.dpdk.org/test-report \
		test-report@dpdk.org
	public-inbox-index test-report


Newsgroup available over NNTP:
	nntp://inbox.dpdk.org/inbox.dpdk.test-report


AGPL code for this site: git clone https://public-inbox.org/ public-inbox