* [dpdk-test-report] |FAILURE| pw72480-72492 [PATCH] [v2, 01/13] eal/log: introduce log register macro
@ 2020-07-01 14:47 dpdklab
0 siblings, 0 replies; only message in thread
From: dpdklab @ 2020-07-01 14:47 UTC (permalink / raw)
To: Test Report; +Cc: dpdk-test-reports
[-- Attachment #1: Type: text/plain, Size: 2912 bytes --]
Test-Label: iol-testing
Test-Status: FAILURE
http://dpdk.org/patch/72480
_Testing issues_
Submitter: Jerin Jacob <jerinj@marvell.com>
Date: Wednesday, July 01 2020 03:58:28
DPDK git baseline: Repo:dpdk
Branch: master
CommitID:4f299b7169000aa55fe7a48fe98736f728e4f710
72480-72492 --> testing fail
Test environment and result as below:
+---------------------+--------------------+----------------+------------------+-------------------+--------------+
| Environment | dpdk_meson_compile | dpdk_unit_test | dpdk_compile_ovs | dpdk_compile_spdk | dpdk_compile |
+=====================+====================+================+==================+===================+==============+
| Windows Server 2019 | PASS | SKIPPED | SKIPPED | SKIPPED | SKIPPED |
+---------------------+--------------------+----------------+------------------+-------------------+--------------+
| CentOS 8 | FAIL | SKIPPED | FAIL | FAIL | FAIL |
+---------------------+--------------------+----------------+------------------+-------------------+--------------+
| Ubuntu 18.04 | FAIL | FAIL | FAIL | FAIL | FAIL |
+---------------------+--------------------+----------------+------------------+-------------------+--------------+
| Fedora 31 | FAIL | SKIPPED | FAIL | FAIL | FAIL |
+---------------------+--------------------+----------------+------------------+-------------------+--------------+
| openSUSE Leap 15 | FAIL | SKIPPED | FAIL | FAIL | FAIL |
+---------------------+--------------------+----------------+------------------+-------------------+--------------+
| Arch Linux | FAIL | SKIPPED | FAIL | SKIPPED | FAIL |
+---------------------+--------------------+----------------+------------------+-------------------+--------------+
| FreeBSD 11.2 | PASS | SKIPPED | SKIPPED | PASS | PASS |
+---------------------+--------------------+----------------+------------------+-------------------+--------------+
Windows Server 2019
Kernel: 10.0
Compiler: clang 9.0
CentOS 8
Kernel: 4.18.0.el8_0
Compiler: gcc 8.3.1
Ubuntu 18.04
Kernel: 4.15.0-generic
Compiler: gcc 7.4
Fedora 31
Kernel: 5.3.16
Compiler: gcc 9.2.1
openSUSE Leap 15
Kernel: 4.12.14
Compiler: gcc 7.4.1
Arch Linux
Kernel: latest
Compiler: gcc latest
FreeBSD 11.2
Kernel: 11.2
Compiler: gcc 8.3
To view detailed results, visit:
https://lab.dpdk.org/results/dashboard/patchsets/11750/
UNH-IOL DPDK Community Lab
To manage your email subscriptions, visit:
https://lab.dpdk.org/results/dashboard/preferences/subscriptions/
^ permalink raw reply [flat|nested] only message in thread
only message in thread, other threads:[~2020-07-01 14:47 UTC | newest]
Thread overview: (only message) (download: mbox.gz / follow: Atom feed)
-- links below jump to the message on this page --
2020-07-01 14:47 [dpdk-test-report] |FAILURE| pw72480-72492 [PATCH] [v2, 01/13] eal/log: introduce log register macro dpdklab
This is a public inbox, see mirroring instructions
for how to clone and mirror all data and code used for this inbox;
as well as URLs for NNTP newsgroup(s).