* [dpdk-test-report] |FAILURE| [GIT MASTER] 05c262c0960fb67945a41e3375d0adbe52ea69b0
@ 2020-07-06 16:48 dpdklab
0 siblings, 0 replies; 3+ messages in thread
From: dpdklab @ 2020-07-06 16:48 UTC (permalink / raw)
To: Georgii Tkachuk, Qian Xu, Lijuan Tu, Test Report; +Cc: dpdk-test-reports
[-- Attachment #1: Type: text/plain, Size: 1146 bytes --]
_Performance Testing issues_
Branch: dpdk-next-crypto
05c262c0960fb67945a41e3375d0adbe52ea69b0 --> performance testing fail
Test environment and result as below:
Ubuntu 18.04
Kernel: 4.15.0-generic
Compiler: gcc 7.4
NIC: Intel Corporation Ethernet Converged Network Adapter XL710-QDA2 40000 Mbps
Target: x86_64-native-linuxapp-gcc
Fail/Total: 0/0
Detail performance results:
There were no deltas reported. There may have been an issue with the test harness. If logs are available, download them from the ci website for more information.
Ubuntu 18.04
Kernel: 4.15.0-generic
Compiler: gcc 7.4
NIC: Intel Corporation Ethernet Converged Network Adapter 82599ES 10000 Mbps
Target: x86_64-native-linuxapp-gcc
Fail/Total: 0/0
Detail performance results:
There were no deltas reported. There may have been an issue with the test harness. If logs are available, download them from the ci website for more information.
To view detailed results, visit:
https://lab.dpdk.org/results/dashboard/tarballs/10302/
UNH-IOL DPDK Community Lab
To manage your email subscriptions, visit:
https://lab.dpdk.org/results/dashboard/preferences/subscriptions/
^ permalink raw reply [flat|nested] 3+ messages in thread
* [dpdk-test-report] |FAILURE| [GIT MASTER] 05c262c0960fb67945a41e3375d0adbe52ea69b0
@ 2020-07-07 11:06 dpdklab
0 siblings, 0 replies; 3+ messages in thread
From: dpdklab @ 2020-07-07 11:06 UTC (permalink / raw)
To: Test Report; +Cc: dpdk-test-reports
[-- Attachment #1: Type: text/plain, Size: 2709 bytes --]
_Testing issues_
Branch: dpdk-next-crypto
05c262c0960fb67945a41e3375d0adbe52ea69b0 --> testing fail
Test environment and result as below:
+---------------------+--------------------+-------------------+----------------+--------------+------------------+
| Environment | dpdk_meson_compile | dpdk_compile_spdk | dpdk_unit_test | dpdk_compile | dpdk_compile_ovs |
+=====================+====================+===================+================+==============+==================+
| Windows Server 2019 | PASS | SKIPPED | SKIPPED | SKIPPED | SKIPPED |
+---------------------+--------------------+-------------------+----------------+--------------+------------------+
| Ubuntu 18.04 | FAIL | FAIL | FAIL | FAIL | FAIL |
+---------------------+--------------------+-------------------+----------------+--------------+------------------+
| FreeBSD 11.2 | FAIL | FAIL | SKIPPED | FAIL | SKIPPED |
+---------------------+--------------------+-------------------+----------------+--------------+------------------+
| CentOS 8 | FAIL | FAIL | SKIPPED | FAIL | FAIL |
+---------------------+--------------------+-------------------+----------------+--------------+------------------+
| Fedora 31 | FAIL | FAIL | SKIPPED | FAIL | FAIL |
+---------------------+--------------------+-------------------+----------------+--------------+------------------+
| openSUSE Leap 15 | FAIL | FAIL | SKIPPED | FAIL | FAIL |
+---------------------+--------------------+-------------------+----------------+--------------+------------------+
| Arch Linux | FAIL | SKIPPED | SKIPPED | FAIL | FAIL |
+---------------------+--------------------+-------------------+----------------+--------------+------------------+
Windows Server 2019
Kernel: 10.0
Compiler: clang 9.0
Ubuntu 18.04
Kernel: 4.15.0-generic
Compiler: gcc 7.4
FreeBSD 11.2
Kernel: 11.2
Compiler: gcc 8.3
CentOS 8
Kernel: 4.18.0.el8_0
Compiler: gcc 8.3.1
Fedora 31
Kernel: 5.3.16
Compiler: gcc 9.2.1
openSUSE Leap 15
Kernel: 4.12.14
Compiler: gcc 7.4.1
Arch Linux
Kernel: latest
Compiler: gcc latest
To view detailed results, visit:
https://lab.dpdk.org/results/dashboard/tarballs/10302/
UNH-IOL DPDK Community Lab
To manage your email subscriptions, visit:
https://lab.dpdk.org/results/dashboard/preferences/subscriptions/
^ permalink raw reply [flat|nested] 3+ messages in thread
* [dpdk-test-report] |FAILURE| [GIT MASTER] 05c262c0960fb67945a41e3375d0adbe52ea69b0
@ 2020-07-07 0:51 dpdklab
0 siblings, 0 replies; 3+ messages in thread
From: dpdklab @ 2020-07-07 0:51 UTC (permalink / raw)
To: Ali Alnubani, Erez Scop, Thomas Monjalon, Test Report; +Cc: dpdk-test-reports
[-- Attachment #1: Type: text/plain, Size: 1402 bytes --]
_Performance Testing issues_
Branch: dpdk-next-crypto
05c262c0960fb67945a41e3375d0adbe52ea69b0 --> performance testing fail
Test environment and result as below:
Ubuntu 18.04
Kernel: 4.15.0-generic
Compiler: gcc 7.4
NIC: Mellanox ConnectX-5 100000 Mbps
Target: x86_64-native-linuxapp-gcc
Fail/Total: 0/0
Detail performance results:
There were no deltas reported. There may have been an issue with the test harness. If logs are available, download them from the ci website for more information.
Ubuntu 18.04
Kernel: 4.15.0-generic
Compiler: gcc 7.4
NIC: Mellanox ConnectX-4 Lx 25000 Mbps
Target: x86_64-native-linuxapp-gcc
Fail/Total: 0/0
Detail performance results:
There were no deltas reported. There may have been an issue with the test harness. If logs are available, download them from the ci website for more information.
Ubuntu 18.04
Kernel: 4.15.0-generic
Compiler: gcc 7.4
NIC: Mellanox ConnectX-4 Lx 40000 Mbps
Target: x86_64-native-linuxapp-gcc
Fail/Total: 0/0
Detail performance results:
There were no deltas reported. There may have been an issue with the test harness. If logs are available, download them from the ci website for more information.
To view detailed results, visit:
https://lab.dpdk.org/results/dashboard/tarballs/10302/
UNH-IOL DPDK Community Lab
To manage your email subscriptions, visit:
https://lab.dpdk.org/results/dashboard/preferences/subscriptions/
^ permalink raw reply [flat|nested] 3+ messages in thread
end of thread, other threads:[~2020-07-07 11:06 UTC | newest]
Thread overview: 3+ messages (download: mbox.gz / follow: Atom feed)
-- links below jump to the message on this page --
2020-07-06 16:48 [dpdk-test-report] |FAILURE| [GIT MASTER] 05c262c0960fb67945a41e3375d0adbe52ea69b0 dpdklab
2020-07-07 0:51 dpdklab
2020-07-07 11:06 dpdklab
This is a public inbox, see mirroring instructions
for how to clone and mirror all data and code used for this inbox;
as well as URLs for NNTP newsgroup(s).