* [dpdk-test-report] |FAILURE| pw73840-73854 [PATCH] [v2, 01/20] regex/mlx5: add RegEx PMD layer and mlx5 driver
@ 2020-07-14 0:51 dpdklab
0 siblings, 0 replies; 2+ messages in thread
From: dpdklab @ 2020-07-14 0:51 UTC (permalink / raw)
To: Test Report; +Cc: dpdk-test-reports
[-- Attachment #1: Type: text/plain, Size: 2905 bytes --]
Test-Label: iol-testing
Test-Status: FAILURE
http://dpdk.org/patch/73840
_Testing issues_
Submitter: Ori Kam <orika@mellanox.com>
Date: Sunday, July 12 2020 20:58:42
DPDK git baseline: Repo:dpdk
Branch: master
CommitID:87520e59fb84c3ba5dbeee10d57a534fa3a70ad2
73840-73854 --> testing fail
Test environment and result as below:
+---------------------+--------------------+----------------+-------------------+--------------+------------------+
| Environment | dpdk_meson_compile | dpdk_unit_test | dpdk_compile_spdk | dpdk_compile | dpdk_compile_ovs |
+=====================+====================+================+===================+==============+==================+
| Windows Server 2019 | PASS | SKIPPED | SKIPPED | SKIPPED | SKIPPED |
+---------------------+--------------------+----------------+-------------------+--------------+------------------+
| FreeBSD 11.2 | PASS | SKIPPED | PASS | PASS | SKIPPED |
+---------------------+--------------------+----------------+-------------------+--------------+------------------+
| Fedora 31 | FAIL | SKIPPED | PASS | PASS | PASS |
+---------------------+--------------------+----------------+-------------------+--------------+------------------+
| Ubuntu 18.04 | FAIL | FAIL | PASS | PASS | PASS |
+---------------------+--------------------+----------------+-------------------+--------------+------------------+
| CentOS 8 | FAIL | SKIPPED | PASS | PASS | PASS |
+---------------------+--------------------+----------------+-------------------+--------------+------------------+
| openSUSE Leap 15 | FAIL | SKIPPED | PASS | PASS | PASS |
+---------------------+--------------------+----------------+-------------------+--------------+------------------+
| Arch Linux | FAIL | SKIPPED | SKIPPED | PASS | PASS |
+---------------------+--------------------+----------------+-------------------+--------------+------------------+
Windows Server 2019
Kernel: 10.0
Compiler: clang 9.0
FreeBSD 11.2
Kernel: 11.2
Compiler: gcc 8.3
Fedora 31
Kernel: 5.3.16
Compiler: gcc 9.2.1
Ubuntu 18.04
Kernel: 4.15.0-generic
Compiler: gcc 7.4
CentOS 8
Kernel: 4.18.0.el8_0
Compiler: gcc 8.3.1
openSUSE Leap 15
Kernel: 4.12.14
Compiler: gcc 7.4.1
Arch Linux
Kernel: latest
Compiler: gcc latest
To view detailed results, visit:
https://lab.dpdk.org/results/dashboard/patchsets/12020/
UNH-IOL DPDK Community Lab
To manage your email subscriptions, visit:
https://lab.dpdk.org/results/dashboard/preferences/subscriptions/
^ permalink raw reply [flat|nested] 2+ messages in thread
* [dpdk-test-report] |FAILURE| pw73840-73854 [PATCH] [v2, 01/20] regex/mlx5: add RegEx PMD layer and mlx5 driver
@ 2020-07-12 21:28 dpdklab
0 siblings, 0 replies; 2+ messages in thread
From: dpdklab @ 2020-07-12 21:28 UTC (permalink / raw)
To: test-report; +Cc: dpdk-test-reports
[-- Attachment #1: Type: text/plain, Size: 1337 bytes --]
Test-Label: Performance-Testing
Test-Status: FAILURE
http://dpdk.org/patch/73840
_build patch failure_
Submitter: Ori Kam <orika@mellanox.com>
Date: Sunday, July 12 2020 20:58:42
Applied on: CommitID:87520e59fb84c3ba5dbeee10d57a534fa3a70ad2
Apply patch set 73840-73854 failed:
=========================== WARNING ============================
It is recommended to build DPDK using 'meson' and 'ninja'
See https://doc.dpdk.org/guides/linux_gsg/build_dpdk.html
Building DPDK with 'make' will be deprecated in a future release
================================================================
This deprecation warning can be passed by adding MAKE_PAUSE=n
to 'make' command line or as an exported environment variable.
Press enter to continue...
/home-local/jenkins-local/jenkins-agent/workspace/Apply-Custom-Patch-Set/dpdk/mk/rte.sdkroot.mk:65: recipe for target 'warning' failed
make[2]: *** [warning] Error 1
/home-local/jenkins-local/jenkins-agent/workspace/Apply-Custom-Patch-Set/dpdk/mk/rte.sdkinstall.mk:60: recipe for target 'pre_install' failed
make[1]: *** [pre_install] Error 2
/home-local/jenkins-local/jenkins-agent/workspace/Apply-Custom-Patch-Set/dpdk/mk/rte.sdkroot.mk:92: recipe for target 'install' failed
make: *** [install] Error 2
https://lab.dpdk.org/results/dashboard/patchsets/12020/
UNH-IOL DPDK Community Lab
^ permalink raw reply [flat|nested] 2+ messages in thread
end of thread, other threads:[~2020-07-14 0:51 UTC | newest]
Thread overview: 2+ messages (download: mbox.gz / follow: Atom feed)
-- links below jump to the message on this page --
2020-07-14 0:51 [dpdk-test-report] |FAILURE| pw73840-73854 [PATCH] [v2, 01/20] regex/mlx5: add RegEx PMD layer and mlx5 driver dpdklab
-- strict thread matches above, loose matches on Subject: below --
2020-07-12 21:28 dpdklab
This is a public inbox, see mirroring instructions
for how to clone and mirror all data and code used for this inbox;
as well as URLs for NNTP newsgroup(s).