* [dpdk-test-report] |FAILURE| pw74144-74152 [PATCH] [v5, 1/9] rte_ethdev: change comment to rte_dev_eth_mac_addr_add
@ 2020-07-17 21:29 dpdklab
0 siblings, 0 replies; 2+ messages in thread
From: dpdklab @ 2020-07-17 21:29 UTC (permalink / raw)
To: Test Report; +Cc: dpdk-test-reports
[-- Attachment #1: Type: text/plain, Size: 2926 bytes --]
Test-Label: iol-testing
Test-Status: FAILURE
http://dpdk.org/patch/74144
_Testing issues_
Submitter: Stephen Hemminger <stephen@networkplumber.org>
Date: Wednesday, July 15 2020 23:02:49
DPDK git baseline: Repo:dpdk
Branch: master
CommitID:353162537fa416e2aa8b45bd6f86935f7eaf2d10
74144-74152 --> testing fail
Test environment and result as below:
+---------------------+--------------------+----------------+-------------------+------------------+--------------+
| Environment | dpdk_meson_compile | dpdk_unit_test | dpdk_compile_spdk | dpdk_compile_ovs | dpdk_compile |
+=====================+====================+================+===================+==================+==============+
| Windows Server 2019 | PASS | SKIPPED | SKIPPED | SKIPPED | SKIPPED |
+---------------------+--------------------+----------------+-------------------+------------------+--------------+
| FreeBSD 11.2 | PASS | SKIPPED | PASS | SKIPPED | PASS |
+---------------------+--------------------+----------------+-------------------+------------------+--------------+
| Fedora 31 | PASS | SKIPPED | PASS | PASS | PASS |
+---------------------+--------------------+----------------+-------------------+------------------+--------------+
| CentOS 8 | PASS | SKIPPED | PASS | PASS | PASS |
+---------------------+--------------------+----------------+-------------------+------------------+--------------+
| Ubuntu 18.04 | PASS | FAIL | PASS | PASS | PASS |
+---------------------+--------------------+----------------+-------------------+------------------+--------------+
| openSUSE Leap 15 | PASS | SKIPPED | PASS | PASS | PASS |
+---------------------+--------------------+----------------+-------------------+------------------+--------------+
| Arch Linux | PASS | SKIPPED | SKIPPED | PASS | PASS |
+---------------------+--------------------+----------------+-------------------+------------------+--------------+
Windows Server 2019
Kernel: 10.0
Compiler: clang 9.0
FreeBSD 11.2
Kernel: 11.2
Compiler: gcc 8.3
Fedora 31
Kernel: 5.3.16
Compiler: gcc 9.2.1
CentOS 8
Kernel: 4.18.0.el8_0
Compiler: gcc 8.3.1
Ubuntu 18.04
Kernel: 4.15.0-generic
Compiler: gcc 7.4
openSUSE Leap 15
Kernel: 4.12.14
Compiler: gcc 7.4.1
Arch Linux
Kernel: latest
Compiler: gcc latest
To view detailed results, visit:
https://lab.dpdk.org/results/dashboard/patchsets/12110/
UNH-IOL DPDK Community Lab
To manage your email subscriptions, visit:
https://lab.dpdk.org/results/dashboard/preferences/subscriptions/
^ permalink raw reply [flat|nested] 2+ messages in thread
* [dpdk-test-report] |FAILURE| pw74144-74152 [PATCH] [v5, 1/9] rte_ethdev: change comment to rte_dev_eth_mac_addr_add
@ 2020-07-17 20:44 dpdklab
0 siblings, 0 replies; 2+ messages in thread
From: dpdklab @ 2020-07-17 20:44 UTC (permalink / raw)
To: Test Report; +Cc: dpdk-test-reports
[-- Attachment #1: Type: text/plain, Size: 2926 bytes --]
Test-Label: iol-testing
Test-Status: FAILURE
http://dpdk.org/patch/74144
_Testing issues_
Submitter: Stephen Hemminger <stephen@networkplumber.org>
Date: Wednesday, July 15 2020 23:02:49
DPDK git baseline: Repo:dpdk
Branch: master
CommitID:353162537fa416e2aa8b45bd6f86935f7eaf2d10
74144-74152 --> testing fail
Test environment and result as below:
+---------------------+--------------------+-------------------+----------------+------------------+--------------+
| Environment | dpdk_meson_compile | dpdk_compile_spdk | dpdk_unit_test | dpdk_compile_ovs | dpdk_compile |
+=====================+====================+===================+================+==================+==============+
| Windows Server 2019 | PASS | SKIPPED | SKIPPED | SKIPPED | SKIPPED |
+---------------------+--------------------+-------------------+----------------+------------------+--------------+
| FreeBSD 11.2 | PASS | PASS | SKIPPED | SKIPPED | PASS |
+---------------------+--------------------+-------------------+----------------+------------------+--------------+
| Ubuntu 18.04 | PASS | PASS | FAIL | PASS | PASS |
+---------------------+--------------------+-------------------+----------------+------------------+--------------+
| CentOS 8 | PASS | PASS | SKIPPED | PASS | PASS |
+---------------------+--------------------+-------------------+----------------+------------------+--------------+
| Fedora 31 | PASS | PASS | SKIPPED | PASS | PASS |
+---------------------+--------------------+-------------------+----------------+------------------+--------------+
| openSUSE Leap 15 | PASS | PASS | SKIPPED | PASS | PASS |
+---------------------+--------------------+-------------------+----------------+------------------+--------------+
| Arch Linux | PASS | SKIPPED | SKIPPED | PASS | PASS |
+---------------------+--------------------+-------------------+----------------+------------------+--------------+
Windows Server 2019
Kernel: 10.0
Compiler: clang 9.0
FreeBSD 11.2
Kernel: 11.2
Compiler: gcc 8.3
Ubuntu 18.04
Kernel: 4.15.0-generic
Compiler: gcc 7.4
CentOS 8
Kernel: 4.18.0.el8_0
Compiler: gcc 8.3.1
Fedora 31
Kernel: 5.3.16
Compiler: gcc 9.2.1
openSUSE Leap 15
Kernel: 4.12.14
Compiler: gcc 7.4.1
Arch Linux
Kernel: latest
Compiler: gcc latest
To view detailed results, visit:
https://lab.dpdk.org/results/dashboard/patchsets/12110/
UNH-IOL DPDK Community Lab
To manage your email subscriptions, visit:
https://lab.dpdk.org/results/dashboard/preferences/subscriptions/
^ permalink raw reply [flat|nested] 2+ messages in thread
end of thread, other threads:[~2020-07-17 21:35 UTC | newest]
Thread overview: 2+ messages (download: mbox.gz / follow: Atom feed)
-- links below jump to the message on this page --
2020-07-17 21:29 [dpdk-test-report] |FAILURE| pw74144-74152 [PATCH] [v5, 1/9] rte_ethdev: change comment to rte_dev_eth_mac_addr_add dpdklab
-- strict thread matches above, loose matches on Subject: below --
2020-07-17 20:44 dpdklab
This is a public inbox, see mirroring instructions
for how to clone and mirror all data and code used for this inbox;
as well as URLs for NNTP newsgroup(s).