* [dpdk-test-report] |FAILURE| pw74210-74216 [PATCH] [v2, 1/7] common/mlx5: add mlx5 memory management functions
@ 2020-07-18 15:08 dpdklab
0 siblings, 0 replies; 2+ messages in thread
From: dpdklab @ 2020-07-18 15:08 UTC (permalink / raw)
To: Test Report; +Cc: dpdk-test-reports
[-- Attachment #1: Type: text/plain, Size: 2916 bytes --]
Test-Label: iol-testing
Test-Status: FAILURE
http://dpdk.org/patch/74210
_Testing issues_
Submitter: Suanming Mou <suanmingm@mellanox.com>
Date: Thursday, July 16 2020 09:20:10
DPDK git baseline: Repo:dpdk
Branch: master
CommitID:353162537fa416e2aa8b45bd6f86935f7eaf2d10
74210-74216 --> testing fail
Test environment and result as below:
+---------------------+--------------------+------------------+-------------------+----------------+--------------+
| Environment | dpdk_meson_compile | dpdk_compile_ovs | dpdk_compile_spdk | dpdk_unit_test | dpdk_compile |
+=====================+====================+==================+===================+================+==============+
| Windows Server 2019 | PASS | SKIPPED | SKIPPED | SKIPPED | SKIPPED |
+---------------------+--------------------+------------------+-------------------+----------------+--------------+
| CentOS 8 | FAIL | FAIL | FAIL | SKIPPED | FAIL |
+---------------------+--------------------+------------------+-------------------+----------------+--------------+
| openSUSE Leap 15 | FAIL | FAIL | FAIL | SKIPPED | FAIL |
+---------------------+--------------------+------------------+-------------------+----------------+--------------+
| FreeBSD 11.2 | PASS | SKIPPED | PASS | SKIPPED | PASS |
+---------------------+--------------------+------------------+-------------------+----------------+--------------+
| Fedora 31 | PASS | PASS | PASS | SKIPPED | PASS |
+---------------------+--------------------+------------------+-------------------+----------------+--------------+
| Ubuntu 18.04 | PASS | PASS | PASS | PASS | PASS |
+---------------------+--------------------+------------------+-------------------+----------------+--------------+
| Arch Linux | PASS | PASS | SKIPPED | SKIPPED | PASS |
+---------------------+--------------------+------------------+-------------------+----------------+--------------+
Windows Server 2019
Kernel: 10.0
Compiler: clang 9.0
CentOS 8
Kernel: 4.18.0.el8_0
Compiler: gcc 8.3.1
openSUSE Leap 15
Kernel: 4.12.14
Compiler: gcc 7.4.1
FreeBSD 11.2
Kernel: 11.2
Compiler: gcc 8.3
Fedora 31
Kernel: 5.3.16
Compiler: gcc 9.2.1
Ubuntu 18.04
Kernel: 4.15.0-generic
Compiler: gcc 7.4
Arch Linux
Kernel: latest
Compiler: gcc latest
To view detailed results, visit:
https://lab.dpdk.org/results/dashboard/patchsets/12130/
UNH-IOL DPDK Community Lab
To manage your email subscriptions, visit:
https://lab.dpdk.org/results/dashboard/preferences/subscriptions/
^ permalink raw reply [flat|nested] 2+ messages in thread
* [dpdk-test-report] |FAILURE| pw74210-74216 [PATCH] [v2, 1/7] common/mlx5: add mlx5 memory management functions
@ 2020-07-18 15:50 dpdklab
0 siblings, 0 replies; 2+ messages in thread
From: dpdklab @ 2020-07-18 15:50 UTC (permalink / raw)
To: Test Report; +Cc: dpdk-test-reports
[-- Attachment #1: Type: text/plain, Size: 2916 bytes --]
Test-Label: iol-testing
Test-Status: FAILURE
http://dpdk.org/patch/74210
_Testing issues_
Submitter: Suanming Mou <suanmingm@mellanox.com>
Date: Thursday, July 16 2020 09:20:10
DPDK git baseline: Repo:dpdk
Branch: master
CommitID:353162537fa416e2aa8b45bd6f86935f7eaf2d10
74210-74216 --> testing fail
Test environment and result as below:
+---------------------+--------------------+--------------+------------------+----------------+-------------------+
| Environment | dpdk_meson_compile | dpdk_compile | dpdk_compile_ovs | dpdk_unit_test | dpdk_compile_spdk |
+=====================+====================+==============+==================+================+===================+
| Windows Server 2019 | PASS | SKIPPED | SKIPPED | SKIPPED | SKIPPED |
+---------------------+--------------------+--------------+------------------+----------------+-------------------+
| CentOS 8 | FAIL | FAIL | FAIL | SKIPPED | FAIL |
+---------------------+--------------------+--------------+------------------+----------------+-------------------+
| FreeBSD 11.2 | PASS | PASS | SKIPPED | SKIPPED | PASS |
+---------------------+--------------------+--------------+------------------+----------------+-------------------+
| openSUSE Leap 15 | FAIL | FAIL | FAIL | SKIPPED | FAIL |
+---------------------+--------------------+--------------+------------------+----------------+-------------------+
| Ubuntu 18.04 | PASS | PASS | PASS | PASS | PASS |
+---------------------+--------------------+--------------+------------------+----------------+-------------------+
| Fedora 31 | PASS | PASS | PASS | SKIPPED | PASS |
+---------------------+--------------------+--------------+------------------+----------------+-------------------+
| Arch Linux | PASS | PASS | PASS | SKIPPED | SKIPPED |
+---------------------+--------------------+--------------+------------------+----------------+-------------------+
Windows Server 2019
Kernel: 10.0
Compiler: clang 9.0
CentOS 8
Kernel: 4.18.0.el8_0
Compiler: gcc 8.3.1
FreeBSD 11.2
Kernel: 11.2
Compiler: gcc 8.3
openSUSE Leap 15
Kernel: 4.12.14
Compiler: gcc 7.4.1
Ubuntu 18.04
Kernel: 4.15.0-generic
Compiler: gcc 7.4
Fedora 31
Kernel: 5.3.16
Compiler: gcc 9.2.1
Arch Linux
Kernel: latest
Compiler: gcc latest
To view detailed results, visit:
https://lab.dpdk.org/results/dashboard/patchsets/12130/
UNH-IOL DPDK Community Lab
To manage your email subscriptions, visit:
https://lab.dpdk.org/results/dashboard/preferences/subscriptions/
^ permalink raw reply [flat|nested] 2+ messages in thread
end of thread, other threads:[~2020-07-18 15:50 UTC | newest]
Thread overview: 2+ messages (download: mbox.gz / follow: Atom feed)
-- links below jump to the message on this page --
2020-07-18 15:08 [dpdk-test-report] |FAILURE| pw74210-74216 [PATCH] [v2, 1/7] common/mlx5: add mlx5 memory management functions dpdklab
2020-07-18 15:50 dpdklab
This is a public inbox, see mirroring instructions
for how to clone and mirror all data and code used for this inbox;
as well as URLs for NNTP newsgroup(s).