* [dpdk-test-report] |FAILURE| pw74533 [PATCH] vdpa/mlx5: fix the compatibility with MISC4
@ 2020-07-22 8:37 dpdklab
0 siblings, 0 replies; only message in thread
From: dpdklab @ 2020-07-22 8:37 UTC (permalink / raw)
To: Test Report; +Cc: dpdk-test-reports
[-- Attachment #1: Type: text/plain, Size: 2902 bytes --]
Test-Label: iol-testing
Test-Status: FAILURE
http://dpdk.org/patch/74533
_Testing issues_
Submitter: Bing Zhao <bingz@mellanox.com>
Date: Tuesday, July 21 2020 08:13:40
DPDK git baseline: Repo:dpdk
Branch: master
CommitID:cf43d9d04b935e3796331e453adedc3aabbedd12
74533 --> testing fail
Test environment and result as below:
+---------------------+--------------------+--------------+----------------+-------------------+------------------+
| Environment | dpdk_meson_compile | dpdk_compile | dpdk_unit_test | dpdk_compile_spdk | dpdk_compile_ovs |
+=====================+====================+==============+================+===================+==================+
| Windows Server 2019 | PASS | SKIPPED | SKIPPED | SKIPPED | SKIPPED |
+---------------------+--------------------+--------------+----------------+-------------------+------------------+
| FreeBSD 11.2 | PASS | PASS | SKIPPED | PASS | SKIPPED |
+---------------------+--------------------+--------------+----------------+-------------------+------------------+
| Ubuntu 18.04 | PASS | PASS | PASS | PASS | PASS |
+---------------------+--------------------+--------------+----------------+-------------------+------------------+
| CentOS 8 | PASS | PASS | SKIPPED | PASS | PASS |
+---------------------+--------------------+--------------+----------------+-------------------+------------------+
| openSUSE Leap 15 | PASS | PASS | SKIPPED | PASS | PASS |
+---------------------+--------------------+--------------+----------------+-------------------+------------------+
| Fedora 31 | PASS | PASS | SKIPPED | PASS | PASS |
+---------------------+--------------------+--------------+----------------+-------------------+------------------+
| Arch Linux | FAIL | PASS | SKIPPED | SKIPPED | PASS |
+---------------------+--------------------+--------------+----------------+-------------------+------------------+
Windows Server 2019
Kernel: 10.0
Compiler: clang 9.0
FreeBSD 11.2
Kernel: 11.2
Compiler: gcc 8.3
Ubuntu 18.04
Kernel: 4.15.0-generic
Compiler: gcc 7.4
CentOS 8
Kernel: 4.18.0.el8_0
Compiler: gcc 8.3.1
openSUSE Leap 15
Kernel: 4.12.14
Compiler: gcc 7.4.1
Fedora 31
Kernel: 5.3.16
Compiler: gcc 9.2.1
Arch Linux
Kernel: latest
Compiler: gcc latest
To view detailed results, visit:
https://lab.dpdk.org/results/dashboard/patchsets/12242/
UNH-IOL DPDK Community Lab
To manage your email subscriptions, visit:
https://lab.dpdk.org/results/dashboard/preferences/subscriptions/
^ permalink raw reply [flat|nested] only message in thread
only message in thread, other threads:[~2020-07-22 8:37 UTC | newest]
Thread overview: (only message) (download: mbox.gz / follow: Atom feed)
-- links below jump to the message on this page --
2020-07-22 8:37 [dpdk-test-report] |FAILURE| pw74533 [PATCH] vdpa/mlx5: fix the compatibility with MISC4 dpdklab
This is a public inbox, see mirroring instructions
for how to clone and mirror all data and code used for this inbox;
as well as URLs for NNTP newsgroup(s).