* [dpdk-test-report] |FAILURE| pw80190-80199 [PATCH] [v5, 10/10] doc: update programmer's guide for power library
@ 2020-10-09 16:52 dpdklab
0 siblings, 0 replies; 2+ messages in thread
From: dpdklab @ 2020-10-09 16:52 UTC (permalink / raw)
To: Ajit Khaparde, Test Report; +Cc: dpdk-test-reports
[-- Attachment #1: Type: text/plain, Size: 866 bytes --]
Test-Label: iol-broadcom-Functional
Test-Status: FAILURE
http://dpdk.org/patch/80199
_Functional Testing issues_
Submitter: Burakov, Anatoly <anatoly.burakov@intel.com>
Date: Friday, October 09 2020 16:02:27
DPDK git baseline: Repo:dpdk
Branch: master
CommitID:0e995cbcfc81e1d86d92dfb871ebe14ee5b8d9e4
80190-80199 --> functional testing fail
Test environment and result as below:
Ubuntu 18.04
Kernel: 4.15.0-65-generic
Compiler: gcc gcc (Ubuntu 7.4.0-1ubuntu1~18.04.1) 7.4.0
NIC: Broadcom Inc. brcm_57414 25000 Mbps
Target: x86_64-native-linuxapp-gcc
Fail/Total: 3/3
Failed Tests:
- mtu_update
- scatter
- stats_checks
To view detailed results, visit:
https://lab.dpdk.org/results/dashboard/patchsets/13585/
UNH-IOL DPDK Community Lab
To manage your email subscriptions, visit:
https://lab.dpdk.org/results/dashboard/preferences/subscriptions/
^ permalink raw reply [flat|nested] 2+ messages in thread
* [dpdk-test-report] |FAILURE| pw80190-80199 [PATCH] [v5, 10/10] doc: update programmer's guide for power library
@ 2020-10-09 16:43 dpdklab
0 siblings, 0 replies; 2+ messages in thread
From: dpdklab @ 2020-10-09 16:43 UTC (permalink / raw)
To: Test Report; +Cc: dpdk-test-reports
[-- Attachment #1: Type: text/plain, Size: 2006 bytes --]
Test-Label: iol-testing
Test-Status: FAILURE
http://dpdk.org/patch/80199
_Testing issues_
Submitter: Burakov, Anatoly <anatoly.burakov@intel.com>
Date: Friday, October 09 2020 16:02:27
DPDK git baseline: Repo:dpdk
Branch: master
CommitID:0e995cbcfc81e1d86d92dfb871ebe14ee5b8d9e4
80190-80199 --> testing fail
Test environment and result as below:
+---------------------+----------------+--------------------+
| Environment | dpdk_unit_test | dpdk_meson_compile |
+=====================+================+====================+
| Ubuntu 18.04 | FAIL | FAIL |
+---------------------+----------------+--------------------+
| Fedora 31 | SKIPPED | FAIL |
+---------------------+----------------+--------------------+
| Windows Server 2019 | SKIPPED | PASS |
+---------------------+----------------+--------------------+
| CentOS 8 | SKIPPED | FAIL |
+---------------------+----------------+--------------------+
| openSUSE Leap 15 | SKIPPED | FAIL |
+---------------------+----------------+--------------------+
| FreeBSD 11.2 | SKIPPED | PASS |
+---------------------+----------------+--------------------+
| Arch Linux | SKIPPED | FAIL |
+---------------------+----------------+--------------------+
Ubuntu 18.04
Kernel: 4.15.0-generic
Compiler: gcc 7.4
Fedora 31
Kernel: 5.3.16
Compiler: gcc 9.2.1
Windows Server 2019
Kernel: 10.0
Compiler: clang 9.0
CentOS 8
Kernel: 4.18.0.el8_0
Compiler: gcc 8.3.1
openSUSE Leap 15
Kernel: 4.12.14
Compiler: gcc 7.4.1
FreeBSD 11.2
Kernel: 11.2
Compiler: gcc 8.3
Arch Linux
Kernel: latest
Compiler: gcc latest
To view detailed results, visit:
https://lab.dpdk.org/results/dashboard/patchsets/13585/
UNH-IOL DPDK Community Lab
To manage your email subscriptions, visit:
https://lab.dpdk.org/results/dashboard/preferences/subscriptions/
^ permalink raw reply [flat|nested] 2+ messages in thread
end of thread, other threads:[~2020-10-09 16:52 UTC | newest]
Thread overview: 2+ messages (download: mbox.gz / follow: Atom feed)
-- links below jump to the message on this page --
2020-10-09 16:52 [dpdk-test-report] |FAILURE| pw80190-80199 [PATCH] [v5, 10/10] doc: update programmer's guide for power library dpdklab
-- strict thread matches above, loose matches on Subject: below --
2020-10-09 16:43 dpdklab
This is a public inbox, see mirroring instructions
for how to clone and mirror all data and code used for this inbox;
as well as URLs for NNTP newsgroup(s).