automatic DPDK test reports
 help / color / Atom feed
* [dpdk-test-report] |FAILURE| pw81109-81110 [PATCH] [v4, 2/2] examples/l3fwd-acl: allow explicitly select classify method
@ 2020-10-16 18:11 dpdklab
  0 siblings, 0 replies; only message in thread
From: dpdklab @ 2020-10-16 18:11 UTC (permalink / raw)
  To: Test Report; +Cc: dpdk-test-reports

[-- Attachment #1: Type: text/plain, Size: 2012 bytes --]

Test-Label: iol-testing
Test-Status: FAILURE
http://dpdk.org/patch/81110

_Testing issues_

Submitter: Ananyev, Konstantin <konstantin.ananyev@intel.com>
Date: Friday, October 16 2020 13:12:43 
DPDK git baseline: Repo:dpdk
  Branch: master
  CommitID:ed94631da7b49feb68a0a9d6c780a908745d9c00

81109-81110 --> testing fail

Test environment and result as below:

+---------------------+--------------------+----------------+
|     Environment     | dpdk_meson_compile | dpdk_unit_test |
+=====================+====================+================+
| Windows Server 2019 | FAIL               | SKIPPED        |
+---------------------+--------------------+----------------+
| FreeBSD 11.2        | PASS               | SKIPPED        |
+---------------------+--------------------+----------------+
| CentOS 8            | PASS               | SKIPPED        |
+---------------------+--------------------+----------------+
| openSUSE Leap 15    | PASS               | SKIPPED        |
+---------------------+--------------------+----------------+
| Arch Linux          | PASS               | SKIPPED        |
+---------------------+--------------------+----------------+
| Ubuntu 18.04        | PASS               | PASS           |
+---------------------+--------------------+----------------+
| Fedora 31           | PASS               | SKIPPED        |
+---------------------+--------------------+----------------+

Windows Server 2019
	Kernel: 10.0
	Compiler: clang 9.0

FreeBSD 11.2
	Kernel: 11.2
	Compiler: gcc 8.3

CentOS 8
	Kernel: 4.18.0.el8_0
	Compiler: gcc 8.3.1

openSUSE Leap 15
	Kernel: 4.12.14
	Compiler: gcc 7.4.1

Arch Linux
	Kernel: latest
	Compiler: gcc latest

Ubuntu 18.04
	Kernel: 4.15.0-generic
	Compiler: gcc 7.4

Fedora 31
	Kernel: 5.3.16
	Compiler: gcc 9.2.1

To view detailed results, visit:
https://lab.dpdk.org/results/dashboard/patchsets/13799/

UNH-IOL DPDK Community Lab

To manage your email subscriptions, visit: 
https://lab.dpdk.org/results/dashboard/preferences/subscriptions/

^ permalink raw reply	[flat|nested] only message in thread

only message in thread, back to index

Thread overview: (only message) (download: mbox.gz / follow: Atom feed)
-- links below jump to the message on this page --
2020-10-16 18:11 [dpdk-test-report] |FAILURE| pw81109-81110 [PATCH] [v4, 2/2] examples/l3fwd-acl: allow explicitly select classify method dpdklab

automatic DPDK test reports

Archives are clonable:
	git clone --mirror http://inbox.dpdk.org/test-report/0 test-report/git/0.git

	# If you have public-inbox 1.1+ installed, you may
	# initialize and index your mirror using the following commands:
	public-inbox-init -V2 test-report test-report/ http://inbox.dpdk.org/test-report \
		test-report@dpdk.org
	public-inbox-index test-report


Newsgroup available over NNTP:
	nntp://inbox.dpdk.org/inbox.dpdk.test-report


AGPL code for this site: git clone https://public-inbox.org/ public-inbox