automatic DPDK test reports
 help / color / Atom feed
* [dpdk-test-report] |FAILURE| pw81163-81161 [PATCH] [v3, 3/3] test/hash: add tests for integrated RCU QSBR
@ 2020-10-16 20:56 dpdklab
  0 siblings, 0 replies; 2+ messages in thread
From: dpdklab @ 2020-10-16 20:56 UTC (permalink / raw)
  To: Test Report; +Cc: dpdk-test-reports

[-- Attachment #1: Type: text/plain, Size: 2003 bytes --]

Test-Label: iol-testing
Test-Status: FAILURE
http://dpdk.org/patch/81161

_Testing issues_

Submitter: Dharmik Thakkar <dharmik.thakkar@arm.com>
Date: Friday, October 16 2020 17:38:58 
DPDK git baseline: Repo:dpdk
  Branch: master
  CommitID:ed94631da7b49feb68a0a9d6c780a908745d9c00

81163-81161 --> testing fail

Test environment and result as below:

+---------------------+--------------------+----------------+
|     Environment     | dpdk_meson_compile | dpdk_unit_test |
+=====================+====================+================+
| Windows Server 2019 | FAIL               | SKIPPED        |
+---------------------+--------------------+----------------+
| FreeBSD 11.2        | FAIL               | SKIPPED        |
+---------------------+--------------------+----------------+
| Fedora 31           | PASS               | SKIPPED        |
+---------------------+--------------------+----------------+
| CentOS 8            | PASS               | SKIPPED        |
+---------------------+--------------------+----------------+
| Ubuntu 18.04        | PASS               | PASS           |
+---------------------+--------------------+----------------+
| openSUSE Leap 15    | PASS               | SKIPPED        |
+---------------------+--------------------+----------------+
| Arch Linux          | PASS               | SKIPPED        |
+---------------------+--------------------+----------------+

Windows Server 2019
	Kernel: 10.0
	Compiler: clang 9.0

FreeBSD 11.2
	Kernel: 11.2
	Compiler: gcc 8.3

Fedora 31
	Kernel: 5.3.16
	Compiler: gcc 9.2.1

CentOS 8
	Kernel: 4.18.0.el8_0
	Compiler: gcc 8.3.1

Ubuntu 18.04
	Kernel: 4.15.0-generic
	Compiler: gcc 7.4

openSUSE Leap 15
	Kernel: 4.12.14
	Compiler: gcc 7.4.1

Arch Linux
	Kernel: latest
	Compiler: gcc latest

To view detailed results, visit:
https://lab.dpdk.org/results/dashboard/patchsets/13807/

UNH-IOL DPDK Community Lab

To manage your email subscriptions, visit: 
https://lab.dpdk.org/results/dashboard/preferences/subscriptions/

^ permalink raw reply	[flat|nested] 2+ messages in thread

* [dpdk-test-report] |FAILURE| pw81163-81161 [PATCH] [v3, 3/3] test/hash: add tests for integrated RCU QSBR
@ 2020-10-16 20:43 dpdklab
  0 siblings, 0 replies; 2+ messages in thread
From: dpdklab @ 2020-10-16 20:43 UTC (permalink / raw)
  To: Test Report; +Cc: dpdk-test-reports

[-- Attachment #1: Type: text/plain, Size: 2003 bytes --]

Test-Label: iol-testing
Test-Status: FAILURE
http://dpdk.org/patch/81161

_Testing issues_

Submitter: Dharmik Thakkar <dharmik.thakkar@arm.com>
Date: Friday, October 16 2020 17:38:58 
DPDK git baseline: Repo:dpdk
  Branch: master
  CommitID:ed94631da7b49feb68a0a9d6c780a908745d9c00

81163-81161 --> testing fail

Test environment and result as below:

+---------------------+--------------------+----------------+
|     Environment     | dpdk_meson_compile | dpdk_unit_test |
+=====================+====================+================+
| Windows Server 2019 | FAIL               | SKIPPED        |
+---------------------+--------------------+----------------+
| FreeBSD 11.2        | FAIL               | SKIPPED        |
+---------------------+--------------------+----------------+
| Fedora 31           | PASS               | SKIPPED        |
+---------------------+--------------------+----------------+
| Ubuntu 18.04        | PASS               | PASS           |
+---------------------+--------------------+----------------+
| CentOS 8            | PASS               | SKIPPED        |
+---------------------+--------------------+----------------+
| openSUSE Leap 15    | PASS               | SKIPPED        |
+---------------------+--------------------+----------------+
| Arch Linux          | PASS               | SKIPPED        |
+---------------------+--------------------+----------------+

Windows Server 2019
	Kernel: 10.0
	Compiler: clang 9.0

FreeBSD 11.2
	Kernel: 11.2
	Compiler: gcc 8.3

Fedora 31
	Kernel: 5.3.16
	Compiler: gcc 9.2.1

Ubuntu 18.04
	Kernel: 4.15.0-generic
	Compiler: gcc 7.4

CentOS 8
	Kernel: 4.18.0.el8_0
	Compiler: gcc 8.3.1

openSUSE Leap 15
	Kernel: 4.12.14
	Compiler: gcc 7.4.1

Arch Linux
	Kernel: latest
	Compiler: gcc latest

To view detailed results, visit:
https://lab.dpdk.org/results/dashboard/patchsets/13807/

UNH-IOL DPDK Community Lab

To manage your email subscriptions, visit: 
https://lab.dpdk.org/results/dashboard/preferences/subscriptions/

^ permalink raw reply	[flat|nested] 2+ messages in thread

end of thread, back to index

Thread overview: 2+ messages (download: mbox.gz / follow: Atom feed)
-- links below jump to the message on this page --
2020-10-16 20:56 [dpdk-test-report] |FAILURE| pw81163-81161 [PATCH] [v3, 3/3] test/hash: add tests for integrated RCU QSBR dpdklab
  -- strict thread matches above, loose matches on Subject: below --
2020-10-16 20:43 dpdklab

automatic DPDK test reports

Archives are clonable:
	git clone --mirror http://inbox.dpdk.org/test-report/0 test-report/git/0.git

	# If you have public-inbox 1.1+ installed, you may
	# initialize and index your mirror using the following commands:
	public-inbox-init -V2 test-report test-report/ http://inbox.dpdk.org/test-report \
		test-report@dpdk.org
	public-inbox-index test-report


Newsgroup available over NNTP:
	nntp://inbox.dpdk.org/inbox.dpdk.test-report


AGPL code for this site: git clone https://public-inbox.org/ public-inbox