automatic DPDK test reports
 help / color / Atom feed
* [dpdk-test-report] |FAILURE| pw81183-81195 [PATCH] [14/14] net/bnxt: add VXLAN decap offload support
@ 2020-10-17  7:07 dpdklab
  0 siblings, 0 replies; only message in thread
From: dpdklab @ 2020-10-17  7:07 UTC (permalink / raw)
  To: Test Report; +Cc: dpdk-test-reports

[-- Attachment #1: Type: text/plain, Size: 2027 bytes --]

Test-Label: iol-testing
Test-Status: FAILURE
http://dpdk.org/patch/81195

_Testing issues_

Submitter: Venkat Duvvuru <venkatkumar.duvvuru@broadcom.com>
Date: Saturday, October 17 2020 06:28:09 
DPDK git baseline: Repo:dpdk-next-net-brcm
  Branch: master
  CommitID:eb1b13d04341bf5bfbb5853c0b16b439b207da69

81183-81195 --> testing fail

Test environment and result as below:

+---------------------+--------------------+----------------+
|     Environment     | dpdk_meson_compile | dpdk_unit_test |
+=====================+====================+================+
| Windows Server 2019 | PASS               | SKIPPED        |
+---------------------+--------------------+----------------+
| FreeBSD 11.2        | FAIL               | SKIPPED        |
+---------------------+--------------------+----------------+
| Ubuntu 18.04        | PASS               | PASS           |
+---------------------+--------------------+----------------+
| Fedora 31           | PASS               | SKIPPED        |
+---------------------+--------------------+----------------+
| CentOS 8            | PASS               | SKIPPED        |
+---------------------+--------------------+----------------+
| Arch Linux          | FAIL               | SKIPPED        |
+---------------------+--------------------+----------------+
| openSUSE Leap 15    | PASS               | SKIPPED        |
+---------------------+--------------------+----------------+

Windows Server 2019
	Kernel: 10.0
	Compiler: clang 9.0

FreeBSD 11.2
	Kernel: 11.2
	Compiler: gcc 8.3

Ubuntu 18.04
	Kernel: 4.15.0-generic
	Compiler: gcc 7.4

Fedora 31
	Kernel: 5.3.16
	Compiler: gcc 9.2.1

CentOS 8
	Kernel: 4.18.0.el8_0
	Compiler: gcc 8.3.1

Arch Linux
	Kernel: latest
	Compiler: gcc latest

openSUSE Leap 15
	Kernel: 4.12.14
	Compiler: gcc 7.4.1

To view detailed results, visit:
https://lab.dpdk.org/results/dashboard/patchsets/13809/

UNH-IOL DPDK Community Lab

To manage your email subscriptions, visit: 
https://lab.dpdk.org/results/dashboard/preferences/subscriptions/

^ permalink raw reply	[flat|nested] only message in thread

only message in thread, back to index

Thread overview: (only message) (download: mbox.gz / follow: Atom feed)
-- links below jump to the message on this page --
2020-10-17  7:07 [dpdk-test-report] |FAILURE| pw81183-81195 [PATCH] [14/14] net/bnxt: add VXLAN decap offload support dpdklab

automatic DPDK test reports

Archives are clonable:
	git clone --mirror http://inbox.dpdk.org/test-report/0 test-report/git/0.git

	# If you have public-inbox 1.1+ installed, you may
	# initialize and index your mirror using the following commands:
	public-inbox-init -V2 test-report test-report/ http://inbox.dpdk.org/test-report \
		test-report@dpdk.org
	public-inbox-index test-report


Newsgroup available over NNTP:
	nntp://inbox.dpdk.org/inbox.dpdk.test-report


AGPL code for this site: git clone https://public-inbox.org/ public-inbox