* [dpdk-test-report] |FAILURE| pw82994-83014 [PATCH] [v10, 23/23] event/dlb: add timeout ticks entry point
@ 2020-10-30 19:47 dpdklab
0 siblings, 0 replies; only message in thread
From: dpdklab @ 2020-10-30 19:47 UTC (permalink / raw)
To: Test Report; +Cc: dpdk-test-reports
[-- Attachment #1: Type: text/plain, Size: 2007 bytes --]
Test-Label: iol-testing
Test-Status: FAILURE
http://dpdk.org/patch/83014
_Testing issues_
Submitter: Timothy McDaniel <timothy.mcdaniel@intel.com>
Date: Friday, October 30 2020 18:27:38
DPDK git baseline: Repo:dpdk
Branch: master
CommitID:25a7908bde2d1e5ddd00aab223162436dfa7e561
82994-83014 --> testing fail
Test environment and result as below:
+---------------------+--------------------+----------------+
| Environment | dpdk_meson_compile | dpdk_unit_test |
+=====================+====================+================+
| Windows Server 2019 | PASS | SKIPPED |
+---------------------+--------------------+----------------+
| FreeBSD 11.2 | PASS | SKIPPED |
+---------------------+--------------------+----------------+
| Fedora 31 | PASS | SKIPPED |
+---------------------+--------------------+----------------+
| CentOS 8 | PASS | SKIPPED |
+---------------------+--------------------+----------------+
| openSUSE Leap 15 | PASS | SKIPPED |
+---------------------+--------------------+----------------+
| Arch Linux | PASS | SKIPPED |
+---------------------+--------------------+----------------+
| Ubuntu 18.04 | PASS | FAIL |
+---------------------+--------------------+----------------+
Windows Server 2019
Kernel: 10.0
Compiler: clang 9.0
FreeBSD 11.2
Kernel: 11.2
Compiler: gcc 8.3
Fedora 31
Kernel: 5.3.16
Compiler: gcc 9.2.1
CentOS 8
Kernel: 4.18.0.el8_0
Compiler: gcc 8.3.1
openSUSE Leap 15
Kernel: 4.12.14
Compiler: gcc 7.4.1
Arch Linux
Kernel: latest
Compiler: gcc latest
Ubuntu 18.04
Kernel: 4.15.0-generic
Compiler: gcc 7.4
To view detailed results, visit:
https://lab.dpdk.org/results/dashboard/patchsets/14179/
UNH-IOL DPDK Community Lab
To manage your email subscriptions, visit:
https://lab.dpdk.org/results/dashboard/preferences/subscriptions/
^ permalink raw reply [flat|nested] only message in thread
only message in thread, other threads:[~2020-10-30 19:47 UTC | newest]
Thread overview: (only message) (download: mbox.gz / follow: Atom feed)
-- links below jump to the message on this page --
2020-10-30 19:47 [dpdk-test-report] |FAILURE| pw82994-83014 [PATCH] [v10, 23/23] event/dlb: add timeout ticks entry point dpdklab
This is a public inbox, see mirroring instructions
for how to clone and mirror all data and code used for this inbox;
as well as URLs for NNTP newsgroup(s).