* [dpdk-test-report] |FAILURE| pw83434-83441 [PATCH] [8/8] ionic: nits - whitespace, logging, helper variables
@ 2020-11-02 20:53 dpdklab
0 siblings, 0 replies; only message in thread
From: dpdklab @ 2020-11-02 20:53 UTC (permalink / raw)
To: Test Report; +Cc: dpdk-test-reports
[-- Attachment #1: Type: text/plain, Size: 1707 bytes --]
Test-Label: iol-testing
Test-Status: FAILURE
http://dpdk.org/patch/83441
_Testing issues_
Submitter: Andrew Boyer <aboyer@pensando.io>
Date: Monday, November 02 2020 18:35:27
DPDK git baseline: Repo:dpdk
Branch: master
CommitID:79d69c6dcf0debea38ac258d230e2f8c93e5ad12
83434-83441 --> testing fail
Test environment and result as below:
+---------------------+--------------------+
| Environment | dpdk_meson_compile |
+=====================+====================+
| Windows Server 2019 | PASS |
+---------------------+--------------------+
| FreeBSD 11.2 | PASS |
+---------------------+--------------------+
| Arch Linux | FAIL |
+---------------------+--------------------+
| CentOS 8 | PASS |
+---------------------+--------------------+
| Fedora 31 | PASS |
+---------------------+--------------------+
| openSUSE Leap 15 | PASS |
+---------------------+--------------------+
| Ubuntu 18.04 | PASS |
+---------------------+--------------------+
Windows Server 2019
Kernel: 10.0
Compiler: clang 9.0
FreeBSD 11.2
Kernel: 11.2
Compiler: gcc 8.3
Arch Linux
Kernel: latest
Compiler: gcc latest
CentOS 8
Kernel: 4.18.0.el8_0
Compiler: gcc 8.3.1
Fedora 31
Kernel: 5.3.16
Compiler: gcc 9.2.1
openSUSE Leap 15
Kernel: 4.12.14
Compiler: gcc 7.4.1
Ubuntu 18.04
Kernel: 4.15.0-generic
Compiler: gcc 7.4
To view detailed results, visit:
https://lab.dpdk.org/results/dashboard/patchsets/14238/
UNH-IOL DPDK Community Lab
To manage your email subscriptions, visit:
https://lab.dpdk.org/results/dashboard/preferences/subscriptions/
^ permalink raw reply [flat|nested] only message in thread
only message in thread, other threads:[~2020-11-02 20:53 UTC | newest]
Thread overview: (only message) (download: mbox.gz / follow: Atom feed)
-- links below jump to the message on this page --
2020-11-02 20:53 [dpdk-test-report] |FAILURE| pw83434-83441 [PATCH] [8/8] ionic: nits - whitespace, logging, helper variables dpdklab
This is a public inbox, see mirroring instructions
for how to clone and mirror all data and code used for this inbox;
as well as URLs for NNTP newsgroup(s).