* [dpdk-test-report] |FAILURE| [GIT MASTER] c738ca48f38314bbc577b0f873f8a9fa99f21aee
@ 2020-11-02 21:03 dpdklab
0 siblings, 0 replies; 2+ messages in thread
From: dpdklab @ 2020-11-02 21:03 UTC (permalink / raw)
To: Test Report; +Cc: dpdk-test-reports
[-- Attachment #1: Type: text/plain, Size: 1499 bytes --]
_Testing issues_
Branch: dpdk-next-net
c738ca48f38314bbc577b0f873f8a9fa99f21aee --> testing fail
Test environment and result as below:
+---------------------+--------------------+
| Environment | dpdk_meson_compile |
+=====================+====================+
| Windows Server 2019 | PASS |
+---------------------+--------------------+
| FreeBSD 11.2 | PASS |
+---------------------+--------------------+
| Arch Linux | FAIL |
+---------------------+--------------------+
| CentOS 8 | PASS |
+---------------------+--------------------+
| Fedora 31 | PASS |
+---------------------+--------------------+
| openSUSE Leap 15 | PASS |
+---------------------+--------------------+
| Ubuntu 18.04 | PASS |
+---------------------+--------------------+
Windows Server 2019
Kernel: 10.0
Compiler: clang 9.0
FreeBSD 11.2
Kernel: 11.2
Compiler: gcc 8.3
Arch Linux
Kernel: latest
Compiler: gcc latest
CentOS 8
Kernel: 4.18.0.el8_0
Compiler: gcc 8.3.1
Fedora 31
Kernel: 5.3.16
Compiler: gcc 9.2.1
openSUSE Leap 15
Kernel: 4.12.14
Compiler: gcc 7.4.1
Ubuntu 18.04
Kernel: 4.15.0-generic
Compiler: gcc 7.4
To view detailed results, visit:
https://lab.dpdk.org/results/dashboard/tarballs/12393/
UNH-IOL DPDK Community Lab
To manage your email subscriptions, visit:
https://lab.dpdk.org/results/dashboard/preferences/subscriptions/
^ permalink raw reply [flat|nested] 2+ messages in thread
* [dpdk-test-report] |FAILURE| [GIT MASTER] c738ca48f38314bbc577b0f873f8a9fa99f21aee
@ 2020-11-02 19:51 dpdklab
0 siblings, 0 replies; 2+ messages in thread
From: dpdklab @ 2020-11-02 19:51 UTC (permalink / raw)
To: Test Report; +Cc: dpdk-test-reports
[-- Attachment #1: Type: text/plain, Size: 1499 bytes --]
_Testing issues_
Branch: dpdk-next-net
c738ca48f38314bbc577b0f873f8a9fa99f21aee --> testing fail
Test environment and result as below:
+---------------------+--------------------+
| Environment | dpdk_meson_compile |
+=====================+====================+
| Windows Server 2019 | PASS |
+---------------------+--------------------+
| FreeBSD 11.2 | PASS |
+---------------------+--------------------+
| Arch Linux | FAIL |
+---------------------+--------------------+
| CentOS 8 | PASS |
+---------------------+--------------------+
| Fedora 31 | PASS |
+---------------------+--------------------+
| openSUSE Leap 15 | PASS |
+---------------------+--------------------+
| Ubuntu 18.04 | FAIL |
+---------------------+--------------------+
Windows Server 2019
Kernel: 10.0
Compiler: clang 9.0
FreeBSD 11.2
Kernel: 11.2
Compiler: gcc 8.3
Arch Linux
Kernel: latest
Compiler: gcc latest
CentOS 8
Kernel: 4.18.0.el8_0
Compiler: gcc 8.3.1
Fedora 31
Kernel: 5.3.16
Compiler: gcc 9.2.1
openSUSE Leap 15
Kernel: 4.12.14
Compiler: gcc 7.4.1
Ubuntu 18.04
Kernel: 4.15.0-generic
Compiler: gcc 7.4
To view detailed results, visit:
https://lab.dpdk.org/results/dashboard/tarballs/12393/
UNH-IOL DPDK Community Lab
To manage your email subscriptions, visit:
https://lab.dpdk.org/results/dashboard/preferences/subscriptions/
^ permalink raw reply [flat|nested] 2+ messages in thread
end of thread, other threads:[~2020-11-02 21:03 UTC | newest]
Thread overview: 2+ messages (download: mbox.gz / follow: Atom feed)
-- links below jump to the message on this page --
2020-11-02 21:03 [dpdk-test-report] |FAILURE| [GIT MASTER] c738ca48f38314bbc577b0f873f8a9fa99f21aee dpdklab
-- strict thread matches above, loose matches on Subject: below --
2020-11-02 19:51 dpdklab
This is a public inbox, see mirroring instructions
for how to clone and mirror all data and code used for this inbox;
as well as URLs for NNTP newsgroup(s).