* [dpdk-test-report] |FAILURE| pw83674 [PATCH] [v5] net/ice: fix outher chksum on cvl unknown
@ 2020-11-05 19:21 dpdklab
0 siblings, 0 replies; 3+ messages in thread
From: dpdklab @ 2020-11-05 19:21 UTC (permalink / raw)
To: Ajit Khaparde, Test Report; +Cc: dpdk-test-reports
[-- Attachment #1: Type: text/plain, Size: 856 bytes --]
Test-Label: iol-broadcom-Functional
Test-Status: FAILURE
http://dpdk.org/patch/83674
_Functional Testing issues_
Submitter: Murphy Yang <murphyx.yang@intel.com>
Date: Wednesday, November 04 2020 09:26:52
DPDK git baseline: Repo:dpdk
Branch: master
CommitID:d47e1d6426f3857f4945549c108cedef9317b194
83674 --> functional testing fail
Test environment and result as below:
Ubuntu 18.04
Kernel: 4.15.0-65-generic
Compiler: gcc gcc (Ubuntu 7.4.0-1ubuntu1~18.04.1) 7.4.0
NIC: Broadcom Inc. brcm_57414 25000 Mbps
Target: x86_64-native-linuxapp-gcc
Fail/Total: 3/3
Failed Tests:
- mtu_update
- scatter
- stats_checks
To view detailed results, visit:
https://lab.dpdk.org/results/dashboard/patchsets/14294/
UNH-IOL DPDK Community Lab
To manage your email subscriptions, visit:
https://lab.dpdk.org/results/dashboard/preferences/subscriptions/
^ permalink raw reply [flat|nested] 3+ messages in thread
* [dpdk-test-report] |FAILURE| pw83674 [PATCH] [v5] net/ice: fix outher chksum on cvl unknown
@ 2020-11-06 1:45 dpdklab
0 siblings, 0 replies; 3+ messages in thread
From: dpdklab @ 2020-11-06 1:45 UTC (permalink / raw)
To: Georgii Tkachuk, Qian Xu, Lijuan Tu, Test Report; +Cc: dpdk-test-reports
[-- Attachment #1: Type: text/plain, Size: 819 bytes --]
Test-Label: iol-intel-Functional
Test-Status: FAILURE
http://dpdk.org/patch/83674
_Functional Testing issues_
Submitter: Murphy Yang <murphyx.yang@intel.com>
Date: Wednesday, November 04 2020 09:26:52
DPDK git baseline: Repo:dpdk
Branch: master
CommitID:d47e1d6426f3857f4945549c108cedef9317b194
83674 --> functional testing fail
Test environment and result as below:
Ubuntu 18.04
Kernel: 4.15.0-generic
Compiler: gcc 7.4
NIC: Intel Corporation Ethernet Converged Network Adapter XL710-QDA2 40000 Mbps
Target: x86_64-native-linuxapp-gcc
Fail/Total: 1/3
Failed Tests:
- scatter
To view detailed results, visit:
https://lab.dpdk.org/results/dashboard/patchsets/14294/
UNH-IOL DPDK Community Lab
To manage your email subscriptions, visit:
https://lab.dpdk.org/results/dashboard/preferences/subscriptions/
^ permalink raw reply [flat|nested] 3+ messages in thread
* [dpdk-test-report] |FAILURE| pw83674 [PATCH] [v5] net/ice: fix outher chksum on cvl unknown
@ 2020-11-06 0:07 dpdklab
0 siblings, 0 replies; 3+ messages in thread
From: dpdklab @ 2020-11-06 0:07 UTC (permalink / raw)
To: Test Report; +Cc: dpdk-test-reports
[-- Attachment #1: Type: text/plain, Size: 1996 bytes --]
Test-Label: iol-testing
Test-Status: FAILURE
http://dpdk.org/patch/83674
_Testing issues_
Submitter: Murphy Yang <murphyx.yang@intel.com>
Date: Wednesday, November 04 2020 09:26:52
DPDK git baseline: Repo:dpdk
Branch: master
CommitID:d47e1d6426f3857f4945549c108cedef9317b194
83674 --> testing fail
Test environment and result as below:
+---------------------+--------------------+----------------+
| Environment | dpdk_meson_compile | dpdk_unit_test |
+=====================+====================+================+
| Windows Server 2019 | PASS | SKIPPED |
+---------------------+--------------------+----------------+
| CentOS 8 | FAIL | SKIPPED |
+---------------------+--------------------+----------------+
| Ubuntu 18.04 | PASS | FAIL |
+---------------------+--------------------+----------------+
| openSUSE Leap 15 | FAIL | SKIPPED |
+---------------------+--------------------+----------------+
| FreeBSD 11.2 | PASS | SKIPPED |
+---------------------+--------------------+----------------+
| Fedora 31 | PASS | SKIPPED |
+---------------------+--------------------+----------------+
| Arch Linux | FAIL | SKIPPED |
+---------------------+--------------------+----------------+
Windows Server 2019
Kernel: 10.0
Compiler: clang 9.0
CentOS 8
Kernel: 4.18.0.el8_0
Compiler: gcc 8.3.1
Ubuntu 18.04
Kernel: 4.15.0-generic
Compiler: gcc 7.5
openSUSE Leap 15
Kernel: 4.12.14
Compiler: gcc 7.4.1
FreeBSD 11.2
Kernel: 11.2
Compiler: gcc 8.3
Fedora 31
Kernel: 5.3.16
Compiler: gcc 9.2.1
Arch Linux
Kernel: latest
Compiler: gcc latest
To view detailed results, visit:
https://lab.dpdk.org/results/dashboard/patchsets/14294/
UNH-IOL DPDK Community Lab
To manage your email subscriptions, visit:
https://lab.dpdk.org/results/dashboard/preferences/subscriptions/
^ permalink raw reply [flat|nested] 3+ messages in thread
end of thread, other threads:[~2020-11-06 1:45 UTC | newest]
Thread overview: 3+ messages (download: mbox.gz / follow: Atom feed)
-- links below jump to the message on this page --
2020-11-05 19:21 [dpdk-test-report] |FAILURE| pw83674 [PATCH] [v5] net/ice: fix outher chksum on cvl unknown dpdklab
2020-11-06 0:07 dpdklab
2020-11-06 1:45 dpdklab
This is a public inbox, see mirroring instructions
for how to clone and mirror all data and code used for this inbox;
as well as URLs for NNTP newsgroup(s).