* [dpdk-test-report] |WARNING| pw84345 [PATCH] net/mlx5: fix eCPRI item value with mask
@ 2020-11-19 3:46 dpdklab
0 siblings, 0 replies; 2+ messages in thread
From: dpdklab @ 2020-11-19 3:46 UTC (permalink / raw)
To: Test Report; +Cc: dpdk-test-reports
[-- Attachment #1: Type: text/plain, Size: 2327 bytes --]
Test-Label: iol-testing
Test-Status: WARNING
http://dpdk.org/patch/84345
_Testing issues_
Submitter: Bing Zhao <bingz@nvidia.com>
Date: Thursday, November 19 2020 02:41:32
DPDK git baseline: Repo:dpdk
Branch: master
CommitID:2069f9eefca06190377bbff14734e2326439df42
84345 --> testing fail
Test environment and result as below:
+---------------------+--------------------+-------------------+----------------+
| Environment | dpdk_meson_compile | dpdk_compile_spdk | dpdk_unit_test |
+=====================+====================+===================+================+
| Windows Server 2019 | PASS | SKIPPED | SKIPPED |
+---------------------+--------------------+-------------------+----------------+
| FreeBSD 11.2 | PASS | SKIPPED | SKIPPED |
+---------------------+--------------------+-------------------+----------------+
| CentOS 8 | PASS | SKIPPED | SKIPPED |
+---------------------+--------------------+-------------------+----------------+
| Fedora 31 | PASS | SKIPPED | SKIPPED |
+---------------------+--------------------+-------------------+----------------+
| openSUSE Leap 15 | PASS | SKIPPED | SKIPPED |
+---------------------+--------------------+-------------------+----------------+
| Ubuntu 18.04 | PASS | FAIL | PASS |
+---------------------+--------------------+-------------------+----------------+
| Arch Linux | PASS | SKIPPED | SKIPPED |
+---------------------+--------------------+-------------------+----------------+
Windows Server 2019
Kernel: 10.0
Compiler: clang 9.0
FreeBSD 11.2
Kernel: 11.2
Compiler: gcc 8.3
CentOS 8
Kernel: 4.18.0.el8_0
Compiler: gcc 8.3.1
Fedora 31
Kernel: 5.3.16
Compiler: gcc 9.2.1
openSUSE Leap 15
Kernel: 4.12.14
Compiler: gcc 7.4.1
Ubuntu 18.04
Kernel: 4.15.0-generic
Compiler: gcc 7.5
Arch Linux
Kernel: latest
Compiler: gcc latest
To view detailed results, visit:
https://lab.dpdk.org/results/dashboard/patchsets/14559/
UNH-IOL DPDK Community Lab
To manage your email subscriptions, visit:
https://lab.dpdk.org/results/dashboard/preferences/subscriptions/
^ permalink raw reply [flat|nested] 2+ messages in thread
* [dpdk-test-report] |WARNING| pw84345 [PATCH] net/mlx5: fix eCPRI item value with mask
[not found] <1605753692-311910-1-git-send-email-bingz@nvidia.com>
@ 2020-11-19 2:42 ` checkpatch
0 siblings, 0 replies; 2+ messages in thread
From: checkpatch @ 2020-11-19 2:42 UTC (permalink / raw)
To: test-report; +Cc: Bing Zhao
Test-Label: checkpatch
Test-Status: WARNING
http://dpdk.org/patch/84345
_coding style issues_
WARNING:TYPO_SPELLING: 'daa' may be misspelled - perhaps 'data'?
#59:
Fixes: daa38a8924a0 ("net/mlx5: add flow translation of eCPRI header")
total: 0 errors, 1 warnings, 0 checks, 17 lines checked
^ permalink raw reply [flat|nested] 2+ messages in thread
end of thread, other threads:[~2020-11-19 3:46 UTC | newest]
Thread overview: 2+ messages (download: mbox.gz / follow: Atom feed)
-- links below jump to the message on this page --
2020-11-19 3:46 [dpdk-test-report] |WARNING| pw84345 [PATCH] net/mlx5: fix eCPRI item value with mask dpdklab
[not found] <1605753692-311910-1-git-send-email-bingz@nvidia.com>
2020-11-19 2:42 ` checkpatch
This is a public inbox, see mirroring instructions
for how to clone and mirror all data and code used for this inbox;
as well as URLs for NNTP newsgroup(s).