* [dpdk-test-report] |WARNING| [GIT MASTER] ed5cef36984485d26a3574bcede9c150671f78b8
@ 2020-11-19 19:56 dpdklab
0 siblings, 0 replies; 2+ messages in thread
From: dpdklab @ 2020-11-19 19:56 UTC (permalink / raw)
To: Test Report; +Cc: dpdk-test-reports
[-- Attachment #1: Type: text/plain, Size: 1917 bytes --]
_Testing issues_
Branch: dpdk-next-net
ed5cef36984485d26a3574bcede9c150671f78b8 --> testing fail
Test environment and result as below:
+---------------------+-------------------+--------------------+----------------+
| Environment | dpdk_compile_spdk | dpdk_meson_compile | dpdk_unit_test |
+=====================+===================+====================+================+
| Ubuntu 18.04 | FAIL | PASS | PASS |
+---------------------+-------------------+--------------------+----------------+
| Windows Server 2019 | SKIPPED | PASS | SKIPPED |
+---------------------+-------------------+--------------------+----------------+
| CentOS 8 | SKIPPED | PASS | SKIPPED |
+---------------------+-------------------+--------------------+----------------+
| Fedora 31 | SKIPPED | PASS | SKIPPED |
+---------------------+-------------------+--------------------+----------------+
| openSUSE Leap 15 | SKIPPED | PASS | SKIPPED |
+---------------------+-------------------+--------------------+----------------+
| Arch Linux | SKIPPED | PASS | SKIPPED |
+---------------------+-------------------+--------------------+----------------+
Ubuntu 18.04
Kernel: 4.15.0-generic
Compiler: gcc 7.5
Windows Server 2019
Kernel: 10.0
Compiler: clang 9.0
CentOS 8
Kernel: 4.18.0.el8_0
Compiler: gcc 8.3.1
Fedora 31
Kernel: 5.3.16
Compiler: gcc 9.2.1
openSUSE Leap 15
Kernel: 4.12.14
Compiler: gcc 7.4.1
Arch Linux
Kernel: latest
Compiler: gcc latest
To view detailed results, visit:
https://lab.dpdk.org/results/dashboard/tarballs/12703/
UNH-IOL DPDK Community Lab
To manage your email subscriptions, visit:
https://lab.dpdk.org/results/dashboard/preferences/subscriptions/
^ permalink raw reply [flat|nested] 2+ messages in thread
* [dpdk-test-report] |WARNING| [GIT MASTER] ed5cef36984485d26a3574bcede9c150671f78b8
@ 2020-11-23 21:19 dpdklab
0 siblings, 0 replies; 2+ messages in thread
From: dpdklab @ 2020-11-23 21:19 UTC (permalink / raw)
To: Test Report; +Cc: dpdk-test-reports
[-- Attachment #1: Type: text/plain, Size: 1917 bytes --]
_Testing issues_
Branch: dpdk-next-net
ed5cef36984485d26a3574bcede9c150671f78b8 --> testing fail
Test environment and result as below:
+---------------------+-------------------+--------------------+----------------+
| Environment | dpdk_compile_spdk | dpdk_meson_compile | dpdk_unit_test |
+=====================+===================+====================+================+
| Ubuntu 18.04 | FAIL | PASS | PASS |
+---------------------+-------------------+--------------------+----------------+
| Windows Server 2019 | SKIPPED | PASS | SKIPPED |
+---------------------+-------------------+--------------------+----------------+
| CentOS 8 | SKIPPED | PASS | SKIPPED |
+---------------------+-------------------+--------------------+----------------+
| Fedora 31 | SKIPPED | PASS | SKIPPED |
+---------------------+-------------------+--------------------+----------------+
| openSUSE Leap 15 | SKIPPED | PASS | SKIPPED |
+---------------------+-------------------+--------------------+----------------+
| Arch Linux | SKIPPED | PASS | SKIPPED |
+---------------------+-------------------+--------------------+----------------+
Ubuntu 18.04
Kernel: 4.15.0-generic
Compiler: gcc 7.5
Windows Server 2019
Kernel: 10.0
Compiler: clang 9.0
CentOS 8
Kernel: 4.18.0.el8_0
Compiler: gcc 8.3.1
Fedora 31
Kernel: 5.3.16
Compiler: gcc 9.2.1
openSUSE Leap 15
Kernel: 4.12.14
Compiler: gcc 7.4.1
Arch Linux
Kernel: latest
Compiler: gcc latest
To view detailed results, visit:
https://lab.dpdk.org/results/dashboard/tarballs/12703/
UNH-IOL DPDK Community Lab
To manage your email subscriptions, visit:
https://lab.dpdk.org/results/dashboard/preferences/subscriptions/
^ permalink raw reply [flat|nested] 2+ messages in thread
end of thread, other threads:[~2020-11-23 21:19 UTC | newest]
Thread overview: 2+ messages (download: mbox.gz / follow: Atom feed)
-- links below jump to the message on this page --
2020-11-19 19:56 [dpdk-test-report] |WARNING| [GIT MASTER] ed5cef36984485d26a3574bcede9c150671f78b8 dpdklab
2020-11-23 21:19 dpdklab
automatic DPDK test reports
This inbox may be cloned and mirrored by anyone:
git clone --mirror http://inbox.dpdk.org/test-report/0 test-report/git/0.git
# If you have public-inbox 1.1+ installed, you may
# initialize and index your mirror using the following commands:
public-inbox-init -V2 test-report test-report/ http://inbox.dpdk.org/test-report \
test-report@dpdk.org
public-inbox-index test-report
Example config snippet for mirrors.
Newsgroup available over NNTP:
nntp://inbox.dpdk.org/inbox.dpdk.test-report
AGPL code for this site: git clone https://public-inbox.org/public-inbox.git