* [dpdk-test-report] |WARNING| pw84408 [PATCH][v3] net/af_xdp: optimize RX path by removing the unneeded allocation mbuf
       [not found] <1605852868-25682-1-git-send-email-lirongqing@baidu.com>
@ 2020-11-20  6:15 ` checkpatch
  2020-11-20 14:28 ` [dpdk-test-report] || pw84408 " 0-day Robot
  1 sibling, 0 replies; 3+ messages in thread
From: checkpatch @ 2020-11-20  6:15 UTC (permalink / raw)
  To: test-report; +Cc: Li RongQing
Test-Label: checkpatch
Test-Status: WARNING
http://dpdk.org/patch/84408
_coding style issues_
Must be a reply to the first patch (--in-reply-to).
^ permalink raw reply	[flat|nested] 3+ messages in thread
* [dpdk-test-report] || pw84408 net/af_xdp: optimize RX path by removing the unneeded allocation mbuf
       [not found] <1605852868-25682-1-git-send-email-lirongqing@baidu.com>
  2020-11-20  6:15 ` [dpdk-test-report] |WARNING| pw84408 [PATCH][v3] net/af_xdp: optimize RX path by removing the unneeded allocation mbuf checkpatch
@ 2020-11-20 14:28 ` 0-day Robot
  1 sibling, 0 replies; 3+ messages in thread
From: 0-day Robot @ 2020-11-20 14:28 UTC (permalink / raw)
  To: test-report; +Cc: lirongqing, robot
From: robot@bytheb.org
Test-Label: travis-robot
Test-Status: 
http://dpdk.org/patch/84408
_Travis build: errored_
Build URL: https://travis-ci.com/ovsrobot/dpdk/builds/202981188
^ permalink raw reply	[flat|nested] 3+ messages in thread
* [dpdk-test-report] |WARNING| pw84408 [PATCH] [v3] net/af_xdp: optimize RX path by removing the unneeded allocation mbuf
@ 2020-11-20 10:23 dpdklab
  0 siblings, 0 replies; 3+ messages in thread
From: dpdklab @ 2020-11-20 10:23 UTC (permalink / raw)
  To: Test Report; +Cc: dpdk-test-reports
[-- Attachment #1: Type: text/plain, Size: 2331 bytes --]
Test-Label: iol-testing
Test-Status: WARNING
http://dpdk.org/patch/84408
_Testing issues_
Submitter: Li RongQing <lirongqing@baidu.com>
Date: Friday, November 20 2020 06:14:28 
DPDK git baseline: Repo:dpdk
  Branch: master
  CommitID:2069f9eefca06190377bbff14734e2326439df42
84408 --> testing fail
Test environment and result as below:
+---------------------+--------------------+-------------------+----------------+
|     Environment     | dpdk_meson_compile | dpdk_compile_spdk | dpdk_unit_test |
+=====================+====================+===================+================+
| Windows Server 2019 | PASS               | SKIPPED           | SKIPPED        |
+---------------------+--------------------+-------------------+----------------+
| FreeBSD 11.2        | PASS               | SKIPPED           | SKIPPED        |
+---------------------+--------------------+-------------------+----------------+
| Fedora 31           | PASS               | SKIPPED           | SKIPPED        |
+---------------------+--------------------+-------------------+----------------+
| CentOS 8            | PASS               | SKIPPED           | SKIPPED        |
+---------------------+--------------------+-------------------+----------------+
| openSUSE Leap 15    | PASS               | SKIPPED           | SKIPPED        |
+---------------------+--------------------+-------------------+----------------+
| Ubuntu 18.04        | PASS               | FAIL              | PASS           |
+---------------------+--------------------+-------------------+----------------+
| Arch Linux          | PASS               | SKIPPED           | SKIPPED        |
+---------------------+--------------------+-------------------+----------------+
Windows Server 2019
	Kernel: 10.0
	Compiler: clang 9.0
FreeBSD 11.2
	Kernel: 11.2
	Compiler: gcc 8.3
Fedora 31
	Kernel: 5.3.16
	Compiler: gcc 9.2.1
CentOS 8
	Kernel: 4.18.0.el8_0
	Compiler: gcc 8.3.1
openSUSE Leap 15
	Kernel: 4.12.14
	Compiler: gcc 7.4.1
Ubuntu 18.04
	Kernel: 4.15.0-generic
	Compiler: gcc 7.5
Arch Linux
	Kernel: latest
	Compiler: gcc latest
To view detailed results, visit:
https://lab.dpdk.org/results/dashboard/patchsets/14587/
UNH-IOL DPDK Community Lab
To manage your email subscriptions, visit: 
https://lab.dpdk.org/results/dashboard/preferences/subscriptions/
^ permalink raw reply	[flat|nested] 3+ messages in thread
end of thread, other threads:[~2020-11-20 14:30 UTC | newest]
Thread overview: 3+ messages (download: mbox.gz / follow: Atom feed)
-- links below jump to the message on this page --
     [not found] <1605852868-25682-1-git-send-email-lirongqing@baidu.com>
2020-11-20  6:15 ` [dpdk-test-report] |WARNING| pw84408 [PATCH][v3] net/af_xdp: optimize RX path by removing the unneeded allocation mbuf checkpatch
2020-11-20 14:28 ` [dpdk-test-report] || pw84408 " 0-day Robot
2020-11-20 10:23 [dpdk-test-report] |WARNING| pw84408 [PATCH] [v3] " dpdklab
This is a public inbox, see mirroring instructions
for how to clone and mirror all data and code used for this inbox;
as well as URLs for NNTP newsgroup(s).