* [dpdk-test-report] |WARNING| pw84392 [PATCH] net/mlx5: make ethernet xstats names compliant
@ 2020-11-20 12:29 dpdklab
0 siblings, 0 replies; 3+ messages in thread
From: dpdklab @ 2020-11-20 12:29 UTC (permalink / raw)
To: Test Report; +Cc: dpdk-test-reports
[-- Attachment #1: Type: text/plain, Size: 2344 bytes --]
Test-Label: iol-testing
Test-Status: WARNING
http://dpdk.org/patch/84392
_Testing issues_
Submitter: Viacheslav Ovsiienko <viacheslavo@nvidia.com>
Date: Thursday, November 19 2020 19:18:05
DPDK git baseline: Repo:dpdk
Branch: master
CommitID:2069f9eefca06190377bbff14734e2326439df42
84392 --> testing fail
Test environment and result as below:
+---------------------+-------------------+--------------------+----------------+
| Environment | dpdk_compile_spdk | dpdk_meson_compile | dpdk_unit_test |
+=====================+===================+====================+================+
| Ubuntu 18.04 | FAIL | PASS | PASS |
+---------------------+-------------------+--------------------+----------------+
| Windows Server 2019 | SKIPPED | PASS | SKIPPED |
+---------------------+-------------------+--------------------+----------------+
| FreeBSD 11.2 | SKIPPED | PASS | SKIPPED |
+---------------------+-------------------+--------------------+----------------+
| CentOS 8 | SKIPPED | PASS | SKIPPED |
+---------------------+-------------------+--------------------+----------------+
| Fedora 31 | SKIPPED | PASS | SKIPPED |
+---------------------+-------------------+--------------------+----------------+
| openSUSE Leap 15 | SKIPPED | PASS | SKIPPED |
+---------------------+-------------------+--------------------+----------------+
| Arch Linux | SKIPPED | PASS | SKIPPED |
+---------------------+-------------------+--------------------+----------------+
Ubuntu 18.04
Kernel: 4.15.0-generic
Compiler: gcc 7.5
Windows Server 2019
Kernel: 10.0
Compiler: clang 9.0
FreeBSD 11.2
Kernel: 11.2
Compiler: gcc 8.3
CentOS 8
Kernel: 4.18.0.el8_0
Compiler: gcc 8.3.1
Fedora 31
Kernel: 5.3.16
Compiler: gcc 9.2.1
openSUSE Leap 15
Kernel: 4.12.14
Compiler: gcc 7.4.1
Arch Linux
Kernel: latest
Compiler: gcc latest
To view detailed results, visit:
https://lab.dpdk.org/results/dashboard/patchsets/14583/
UNH-IOL DPDK Community Lab
To manage your email subscriptions, visit:
https://lab.dpdk.org/results/dashboard/preferences/subscriptions/
^ permalink raw reply [flat|nested] 3+ messages in thread
* [dpdk-test-report] |WARNING| pw84392 [PATCH] net/mlx5: make ethernet xstats names compliant
@ 2020-11-23 18:48 dpdklab
0 siblings, 0 replies; 3+ messages in thread
From: dpdklab @ 2020-11-23 18:48 UTC (permalink / raw)
To: Test Report; +Cc: dpdk-test-reports
[-- Attachment #1: Type: text/plain, Size: 2344 bytes --]
Test-Label: iol-testing
Test-Status: WARNING
http://dpdk.org/patch/84392
_Testing issues_
Submitter: Viacheslav Ovsiienko <viacheslavo@nvidia.com>
Date: Thursday, November 19 2020 19:18:05
DPDK git baseline: Repo:dpdk
Branch: master
CommitID:2069f9eefca06190377bbff14734e2326439df42
84392 --> testing fail
Test environment and result as below:
+---------------------+-------------------+--------------------+----------------+
| Environment | dpdk_compile_spdk | dpdk_meson_compile | dpdk_unit_test |
+=====================+===================+====================+================+
| Ubuntu 18.04 | FAIL | PASS | PASS |
+---------------------+-------------------+--------------------+----------------+
| Windows Server 2019 | SKIPPED | PASS | SKIPPED |
+---------------------+-------------------+--------------------+----------------+
| FreeBSD 11.2 | SKIPPED | PASS | SKIPPED |
+---------------------+-------------------+--------------------+----------------+
| CentOS 8 | SKIPPED | PASS | SKIPPED |
+---------------------+-------------------+--------------------+----------------+
| Fedora 31 | SKIPPED | PASS | SKIPPED |
+---------------------+-------------------+--------------------+----------------+
| openSUSE Leap 15 | SKIPPED | PASS | SKIPPED |
+---------------------+-------------------+--------------------+----------------+
| Arch Linux | SKIPPED | PASS | SKIPPED |
+---------------------+-------------------+--------------------+----------------+
Ubuntu 18.04
Kernel: 4.15.0-generic
Compiler: gcc 7.5
Windows Server 2019
Kernel: 10.0
Compiler: clang 9.0
FreeBSD 11.2
Kernel: 11.2
Compiler: gcc 8.3
CentOS 8
Kernel: 4.18.0.el8_0
Compiler: gcc 8.3.1
Fedora 31
Kernel: 5.3.16
Compiler: gcc 9.2.1
openSUSE Leap 15
Kernel: 4.12.14
Compiler: gcc 7.4.1
Arch Linux
Kernel: latest
Compiler: gcc latest
To view detailed results, visit:
https://lab.dpdk.org/results/dashboard/patchsets/14583/
UNH-IOL DPDK Community Lab
To manage your email subscriptions, visit:
https://lab.dpdk.org/results/dashboard/preferences/subscriptions/
^ permalink raw reply [flat|nested] 3+ messages in thread
* [dpdk-test-report] |WARNING| pw84392 [PATCH] net/mlx5: make ethernet xstats names compliant
[not found] <1605813485-8075-1-git-send-email-viacheslavo@nvidia.com>
@ 2020-11-19 19:18 ` checkpatch
0 siblings, 0 replies; 3+ messages in thread
From: checkpatch @ 2020-11-19 19:18 UTC (permalink / raw)
To: test-report; +Cc: Viacheslav Ovsiienko
Test-Label: checkpatch
Test-Status: WARNING
http://dpdk.org/patch/84392
_coding style issues_
WARNING:COMMIT_LOG_LONG_LINE: Possible unwrapped commit description (prefer a maximum 75 chars per line)
#50:
[1] http://doc.dpdk.org/guides/prog_guide/poll_mode_drv.html?highlight=xstats#extended-statistics-api
total: 0 errors, 1 warnings, 0 checks, 142 lines checked
^ permalink raw reply [flat|nested] 3+ messages in thread
end of thread, other threads:[~2020-11-23 18:48 UTC | newest]
Thread overview: 3+ messages (download: mbox.gz / follow: Atom feed)
-- links below jump to the message on this page --
2020-11-20 12:29 [dpdk-test-report] |WARNING| pw84392 [PATCH] net/mlx5: make ethernet xstats names compliant dpdklab
-- strict thread matches above, loose matches on Subject: below --
2020-11-23 18:48 dpdklab
[not found] <1605813485-8075-1-git-send-email-viacheslavo@nvidia.com>
2020-11-19 19:18 ` checkpatch
automatic DPDK test reports
This inbox may be cloned and mirrored by anyone:
git clone --mirror http://inbox.dpdk.org/test-report/0 test-report/git/0.git
# If you have public-inbox 1.1+ installed, you may
# initialize and index your mirror using the following commands:
public-inbox-init -V2 test-report test-report/ http://inbox.dpdk.org/test-report \
test-report@dpdk.org
public-inbox-index test-report
Example config snippet for mirrors.
Newsgroup available over NNTP:
nntp://inbox.dpdk.org/inbox.dpdk.test-report
AGPL code for this site: git clone https://public-inbox.org/public-inbox.git