automatic DPDK test reports
 help / color / Atom feed
* [dpdk-test-report] |WARNING| pw84360-84361 [PATCH] [v3, 2/2] net/bnxt: fix format characters for unsigned values
@ 2020-11-20 15:21 dpdklab
  0 siblings, 0 replies; 2+ messages in thread
From: dpdklab @ 2020-11-20 15:21 UTC (permalink / raw)
  To: Test Report; +Cc: dpdk-test-reports

[-- Attachment #1: Type: text/plain, Size: 2340 bytes --]

Test-Label: iol-testing
Test-Status: WARNING
http://dpdk.org/patch/84361

_Testing issues_

Submitter: Conor Walsh <conor.walsh@intel.com>
Date: Thursday, November 19 2020 10:17:00 
DPDK git baseline: Repo:dpdk
  Branch: master
  CommitID:2069f9eefca06190377bbff14734e2326439df42

84360-84361 --> testing fail

Test environment and result as below:

+---------------------+--------------------+----------------+-------------------+
|     Environment     | dpdk_meson_compile | dpdk_unit_test | dpdk_compile_spdk |
+=====================+====================+================+===================+
| Windows Server 2019 | PASS               | SKIPPED        | SKIPPED           |
+---------------------+--------------------+----------------+-------------------+
| FreeBSD 11.2        | PASS               | SKIPPED        | SKIPPED           |
+---------------------+--------------------+----------------+-------------------+
| CentOS 8            | PASS               | SKIPPED        | SKIPPED           |
+---------------------+--------------------+----------------+-------------------+
| Fedora 31           | PASS               | SKIPPED        | SKIPPED           |
+---------------------+--------------------+----------------+-------------------+
| openSUSE Leap 15    | PASS               | SKIPPED        | SKIPPED           |
+---------------------+--------------------+----------------+-------------------+
| Arch Linux          | PASS               | SKIPPED        | SKIPPED           |
+---------------------+--------------------+----------------+-------------------+
| Ubuntu 18.04        | PASS               | PASS           | FAIL              |
+---------------------+--------------------+----------------+-------------------+

Windows Server 2019
	Kernel: 10.0
	Compiler: clang 9.0

FreeBSD 11.2
	Kernel: 11.2
	Compiler: gcc 8.3

CentOS 8
	Kernel: 4.18.0.el8_0
	Compiler: gcc 8.3.1

Fedora 31
	Kernel: 5.3.16
	Compiler: gcc 9.2.1

openSUSE Leap 15
	Kernel: 4.12.14
	Compiler: gcc 7.4.1

Arch Linux
	Kernel: latest
	Compiler: gcc latest

Ubuntu 18.04
	Kernel: 4.15.0-generic
	Compiler: gcc 7.5

To view detailed results, visit:
https://lab.dpdk.org/results/dashboard/patchsets/14568/

UNH-IOL DPDK Community Lab

To manage your email subscriptions, visit: 
https://lab.dpdk.org/results/dashboard/preferences/subscriptions/

^ permalink raw reply	[flat|nested] 2+ messages in thread

* [dpdk-test-report] |WARNING| pw84360-84361 [PATCH] [v3, 2/2] net/bnxt: fix format characters for unsigned values
@ 2020-11-23 18:13 dpdklab
  0 siblings, 0 replies; 2+ messages in thread
From: dpdklab @ 2020-11-23 18:13 UTC (permalink / raw)
  To: Test Report; +Cc: dpdk-test-reports

[-- Attachment #1: Type: text/plain, Size: 2340 bytes --]

Test-Label: iol-testing
Test-Status: WARNING
http://dpdk.org/patch/84361

_Testing issues_

Submitter: Conor Walsh <conor.walsh@intel.com>
Date: Thursday, November 19 2020 10:17:00 
DPDK git baseline: Repo:dpdk
  Branch: master
  CommitID:2069f9eefca06190377bbff14734e2326439df42

84360-84361 --> testing fail

Test environment and result as below:

+---------------------+--------------------+----------------+-------------------+
|     Environment     | dpdk_meson_compile | dpdk_unit_test | dpdk_compile_spdk |
+=====================+====================+================+===================+
| Windows Server 2019 | PASS               | SKIPPED        | SKIPPED           |
+---------------------+--------------------+----------------+-------------------+
| FreeBSD 11.2        | PASS               | SKIPPED        | SKIPPED           |
+---------------------+--------------------+----------------+-------------------+
| CentOS 8            | PASS               | SKIPPED        | SKIPPED           |
+---------------------+--------------------+----------------+-------------------+
| Fedora 31           | PASS               | SKIPPED        | SKIPPED           |
+---------------------+--------------------+----------------+-------------------+
| openSUSE Leap 15    | PASS               | SKIPPED        | SKIPPED           |
+---------------------+--------------------+----------------+-------------------+
| Arch Linux          | PASS               | SKIPPED        | SKIPPED           |
+---------------------+--------------------+----------------+-------------------+
| Ubuntu 18.04        | PASS               | PASS           | FAIL              |
+---------------------+--------------------+----------------+-------------------+

Windows Server 2019
	Kernel: 10.0
	Compiler: clang 9.0

FreeBSD 11.2
	Kernel: 11.2
	Compiler: gcc 8.3

CentOS 8
	Kernel: 4.18.0.el8_0
	Compiler: gcc 8.3.1

Fedora 31
	Kernel: 5.3.16
	Compiler: gcc 9.2.1

openSUSE Leap 15
	Kernel: 4.12.14
	Compiler: gcc 7.4.1

Arch Linux
	Kernel: latest
	Compiler: gcc latest

Ubuntu 18.04
	Kernel: 4.15.0-generic
	Compiler: gcc 7.5

To view detailed results, visit:
https://lab.dpdk.org/results/dashboard/patchsets/14568/

UNH-IOL DPDK Community Lab

To manage your email subscriptions, visit: 
https://lab.dpdk.org/results/dashboard/preferences/subscriptions/

^ permalink raw reply	[flat|nested] 2+ messages in thread

end of thread, back to index

Thread overview: 2+ messages (download: mbox.gz / follow: Atom feed)
-- links below jump to the message on this page --
2020-11-20 15:21 [dpdk-test-report] |WARNING| pw84360-84361 [PATCH] [v3, 2/2] net/bnxt: fix format characters for unsigned values dpdklab
2020-11-23 18:13 dpdklab

automatic DPDK test reports

Archives are clonable:
	git clone --mirror http://inbox.dpdk.org/test-report/0 test-report/git/0.git

	# If you have public-inbox 1.1+ installed, you may
	# initialize and index your mirror using the following commands:
	public-inbox-init -V2 test-report test-report/ http://inbox.dpdk.org/test-report \
		test-report@dpdk.org
	public-inbox-index test-report


Newsgroup available over NNTP:
	nntp://inbox.dpdk.org/inbox.dpdk.test-report


AGPL code for this site: git clone https://public-inbox.org/ public-inbox