automatic DPDK test reports
 help / color / Atom feed
* [dpdk-test-report] |WARNING| pw84440 [PATCH] [DPDK-KMODS] igb_uio: add compile instructions
@ 2020-11-20 22:16 dpdklab
  0 siblings, 0 replies; 3+ messages in thread
From: dpdklab @ 2020-11-20 22:16 UTC (permalink / raw)
  To: Test Report; +Cc: dpdk-test-reports

[-- Attachment #1: Type: text/plain, Size: 2340 bytes --]

Test-Label: iol-testing
Test-Status: WARNING
http://dpdk.org/patch/84440

_Testing issues_

Submitter: Anatoly Burakov <anatoly.burakov@intel.com>
Date: Friday, November 20 2020 16:54:53 
DPDK git baseline: Repo:dpdk
  Branch: master
  CommitID:2069f9eefca06190377bbff14734e2326439df42

84440 --> testing fail

Test environment and result as below:

+---------------------+-------------------+--------------------+----------------+
|     Environment     | dpdk_compile_spdk | dpdk_meson_compile | dpdk_unit_test |
+=====================+===================+====================+================+
| Ubuntu 18.04        | FAIL              | PASS               | PASS           |
+---------------------+-------------------+--------------------+----------------+
| Windows Server 2019 | SKIPPED           | PASS               | SKIPPED        |
+---------------------+-------------------+--------------------+----------------+
| FreeBSD 11.2        | SKIPPED           | PASS               | SKIPPED        |
+---------------------+-------------------+--------------------+----------------+
| CentOS 8            | SKIPPED           | PASS               | SKIPPED        |
+---------------------+-------------------+--------------------+----------------+
| Fedora 31           | SKIPPED           | PASS               | SKIPPED        |
+---------------------+-------------------+--------------------+----------------+
| openSUSE Leap 15    | SKIPPED           | PASS               | SKIPPED        |
+---------------------+-------------------+--------------------+----------------+
| Arch Linux          | SKIPPED           | PASS               | SKIPPED        |
+---------------------+-------------------+--------------------+----------------+

Ubuntu 18.04
	Kernel: 4.15.0-generic
	Compiler: gcc 7.5

Windows Server 2019
	Kernel: 10.0
	Compiler: clang 9.0

FreeBSD 11.2
	Kernel: 11.2
	Compiler: gcc 8.3

CentOS 8
	Kernel: 4.18.0.el8_0
	Compiler: gcc 8.3.1

Fedora 31
	Kernel: 5.3.16
	Compiler: gcc 9.2.1

openSUSE Leap 15
	Kernel: 4.12.14
	Compiler: gcc 7.4.1

Arch Linux
	Kernel: latest
	Compiler: gcc latest

To view detailed results, visit:
https://lab.dpdk.org/results/dashboard/patchsets/14601/

UNH-IOL DPDK Community Lab

To manage your email subscriptions, visit: 
https://lab.dpdk.org/results/dashboard/preferences/subscriptions/

^ permalink raw reply	[flat|nested] 3+ messages in thread

* [dpdk-test-report] |WARNING| pw84440 [PATCH] [DPDK-KMODS] igb_uio: add compile instructions
@ 2020-11-23 19:49 dpdklab
  0 siblings, 0 replies; 3+ messages in thread
From: dpdklab @ 2020-11-23 19:49 UTC (permalink / raw)
  To: Test Report; +Cc: dpdk-test-reports

[-- Attachment #1: Type: text/plain, Size: 2340 bytes --]

Test-Label: iol-testing
Test-Status: WARNING
http://dpdk.org/patch/84440

_Testing issues_

Submitter: Anatoly Burakov <anatoly.burakov@intel.com>
Date: Friday, November 20 2020 16:54:53 
DPDK git baseline: Repo:dpdk
  Branch: master
  CommitID:2069f9eefca06190377bbff14734e2326439df42

84440 --> testing fail

Test environment and result as below:

+---------------------+-------------------+--------------------+----------------+
|     Environment     | dpdk_compile_spdk | dpdk_meson_compile | dpdk_unit_test |
+=====================+===================+====================+================+
| Ubuntu 18.04        | FAIL              | PASS               | PASS           |
+---------------------+-------------------+--------------------+----------------+
| Windows Server 2019 | SKIPPED           | PASS               | SKIPPED        |
+---------------------+-------------------+--------------------+----------------+
| FreeBSD 11.2        | SKIPPED           | PASS               | SKIPPED        |
+---------------------+-------------------+--------------------+----------------+
| CentOS 8            | SKIPPED           | PASS               | SKIPPED        |
+---------------------+-------------------+--------------------+----------------+
| Fedora 31           | SKIPPED           | PASS               | SKIPPED        |
+---------------------+-------------------+--------------------+----------------+
| openSUSE Leap 15    | SKIPPED           | PASS               | SKIPPED        |
+---------------------+-------------------+--------------------+----------------+
| Arch Linux          | SKIPPED           | PASS               | SKIPPED        |
+---------------------+-------------------+--------------------+----------------+

Ubuntu 18.04
	Kernel: 4.15.0-generic
	Compiler: gcc 7.5

Windows Server 2019
	Kernel: 10.0
	Compiler: clang 9.0

FreeBSD 11.2
	Kernel: 11.2
	Compiler: gcc 8.3

CentOS 8
	Kernel: 4.18.0.el8_0
	Compiler: gcc 8.3.1

Fedora 31
	Kernel: 5.3.16
	Compiler: gcc 9.2.1

openSUSE Leap 15
	Kernel: 4.12.14
	Compiler: gcc 7.4.1

Arch Linux
	Kernel: latest
	Compiler: gcc latest

To view detailed results, visit:
https://lab.dpdk.org/results/dashboard/patchsets/14601/

UNH-IOL DPDK Community Lab

To manage your email subscriptions, visit: 
https://lab.dpdk.org/results/dashboard/preferences/subscriptions/

^ permalink raw reply	[flat|nested] 3+ messages in thread

* [dpdk-test-report] |WARNING| pw84440 [PATCH DPDK-KMODS] igb_uio: add compile instructions
       [not found] <6ba21a558bc1d6049a77d09ed52d12627055db8a.1605891269.git.anatoly.burakov@intel.com>
@ 2020-11-20 16:55 ` " checkpatch
  0 siblings, 0 replies; 3+ messages in thread
From: checkpatch @ 2020-11-20 16:55 UTC (permalink / raw)
  To: test-report; +Cc: Anatoly Burakov

Test-Label: checkpatch
Test-Status: WARNING
http://dpdk.org/patch/84440

_coding style issues_


WARNING:TYPO_SPELLING: 'directry' may be misspelled - perhaps 'directory'?
#101: FILE: linux/README.rst:13:
+``linux/igb_uio`` directry:

total: 0 errors, 1 warnings, 50 lines checked

^ permalink raw reply	[flat|nested] 3+ messages in thread

end of thread, back to index

Thread overview: 3+ messages (download: mbox.gz / follow: Atom feed)
-- links below jump to the message on this page --
2020-11-20 22:16 [dpdk-test-report] |WARNING| pw84440 [PATCH] [DPDK-KMODS] igb_uio: add compile instructions dpdklab
  -- strict thread matches above, loose matches on Subject: below --
2020-11-23 19:49 dpdklab
     [not found] <6ba21a558bc1d6049a77d09ed52d12627055db8a.1605891269.git.anatoly.burakov@intel.com>
2020-11-20 16:55 ` [dpdk-test-report] |WARNING| pw84440 [PATCH DPDK-KMODS] " checkpatch

automatic DPDK test reports

Archives are clonable:
	git clone --mirror http://inbox.dpdk.org/test-report/0 test-report/git/0.git

	# If you have public-inbox 1.1+ installed, you may
	# initialize and index your mirror using the following commands:
	public-inbox-init -V2 test-report test-report/ http://inbox.dpdk.org/test-report \
		test-report@dpdk.org
	public-inbox-index test-report


Newsgroup available over NNTP:
	nntp://inbox.dpdk.org/inbox.dpdk.test-report


AGPL code for this site: git clone https://public-inbox.org/ public-inbox