automatic DPDK test reports
 help / color / Atom feed
* [dpdk-test-report] |WARNING| [GIT MASTER] 08c8e18b9cf78472dd0bcfdf484f0ff27b541020
@ 2020-11-21 12:20 dpdklab
  0 siblings, 0 replies; 2+ messages in thread
From: dpdklab @ 2020-11-21 12:20 UTC (permalink / raw)
  To: Test Report; +Cc: dpdk-test-reports

[-- Attachment #1: Type: text/plain, Size: 2133 bytes --]

_Testing issues_

Branch: dpdk-next-eventdev

08c8e18b9cf78472dd0bcfdf484f0ff27b541020 --> testing fail

Test environment and result as below:

+---------------------+-------------------+--------------------+----------------+
|     Environment     | dpdk_compile_spdk | dpdk_meson_compile | dpdk_unit_test |
+=====================+===================+====================+================+
| Ubuntu 18.04        | FAIL              | PASS               | PASS           |
+---------------------+-------------------+--------------------+----------------+
| Windows Server 2019 | SKIPPED           | PASS               | SKIPPED        |
+---------------------+-------------------+--------------------+----------------+
| FreeBSD 11.2        | SKIPPED           | PASS               | SKIPPED        |
+---------------------+-------------------+--------------------+----------------+
| CentOS 8            | SKIPPED           | PASS               | SKIPPED        |
+---------------------+-------------------+--------------------+----------------+
| Fedora 31           | SKIPPED           | PASS               | SKIPPED        |
+---------------------+-------------------+--------------------+----------------+
| openSUSE Leap 15    | SKIPPED           | PASS               | SKIPPED        |
+---------------------+-------------------+--------------------+----------------+
| Arch Linux          | SKIPPED           | PASS               | SKIPPED        |
+---------------------+-------------------+--------------------+----------------+

Ubuntu 18.04
	Kernel: 4.15.0-generic
	Compiler: gcc 7.5

Windows Server 2019
	Kernel: 10.0
	Compiler: clang 9.0

FreeBSD 11.2
	Kernel: 11.2
	Compiler: gcc 8.3

CentOS 8
	Kernel: 4.18.0.el8_0
	Compiler: gcc 8.3.1

Fedora 31
	Kernel: 5.3.16
	Compiler: gcc 9.2.1

openSUSE Leap 15
	Kernel: 4.12.14
	Compiler: gcc 7.4.1

Arch Linux
	Kernel: latest
	Compiler: gcc latest

To view detailed results, visit:
https://lab.dpdk.org/results/dashboard/tarballs/12733/

UNH-IOL DPDK Community Lab

To manage your email subscriptions, visit: 
https://lab.dpdk.org/results/dashboard/preferences/subscriptions/

^ permalink raw reply	[flat|nested] 2+ messages in thread

* [dpdk-test-report] |WARNING| [GIT MASTER] 08c8e18b9cf78472dd0bcfdf484f0ff27b541020
@ 2020-11-23 21:44 dpdklab
  0 siblings, 0 replies; 2+ messages in thread
From: dpdklab @ 2020-11-23 21:44 UTC (permalink / raw)
  To: Test Report; +Cc: dpdk-test-reports

[-- Attachment #1: Type: text/plain, Size: 2133 bytes --]

_Testing issues_

Branch: dpdk-next-eventdev

08c8e18b9cf78472dd0bcfdf484f0ff27b541020 --> testing fail

Test environment and result as below:

+---------------------+-------------------+--------------------+----------------+
|     Environment     | dpdk_compile_spdk | dpdk_meson_compile | dpdk_unit_test |
+=====================+===================+====================+================+
| Ubuntu 18.04        | FAIL              | PASS               | PASS           |
+---------------------+-------------------+--------------------+----------------+
| Windows Server 2019 | SKIPPED           | PASS               | SKIPPED        |
+---------------------+-------------------+--------------------+----------------+
| FreeBSD 11.2        | SKIPPED           | PASS               | SKIPPED        |
+---------------------+-------------------+--------------------+----------------+
| CentOS 8            | SKIPPED           | PASS               | SKIPPED        |
+---------------------+-------------------+--------------------+----------------+
| Fedora 31           | SKIPPED           | PASS               | SKIPPED        |
+---------------------+-------------------+--------------------+----------------+
| openSUSE Leap 15    | SKIPPED           | PASS               | SKIPPED        |
+---------------------+-------------------+--------------------+----------------+
| Arch Linux          | SKIPPED           | PASS               | SKIPPED        |
+---------------------+-------------------+--------------------+----------------+

Ubuntu 18.04
	Kernel: 4.15.0-generic
	Compiler: gcc 7.5

Windows Server 2019
	Kernel: 10.0
	Compiler: clang 9.0

FreeBSD 11.2
	Kernel: 11.2
	Compiler: gcc 8.3

CentOS 8
	Kernel: 4.18.0.el8_0
	Compiler: gcc 8.3.1

Fedora 31
	Kernel: 5.3.16
	Compiler: gcc 9.2.1

openSUSE Leap 15
	Kernel: 4.12.14
	Compiler: gcc 7.4.1

Arch Linux
	Kernel: latest
	Compiler: gcc latest

To view detailed results, visit:
https://lab.dpdk.org/results/dashboard/tarballs/12733/

UNH-IOL DPDK Community Lab

To manage your email subscriptions, visit: 
https://lab.dpdk.org/results/dashboard/preferences/subscriptions/

^ permalink raw reply	[flat|nested] 2+ messages in thread

end of thread, back to index

Thread overview: 2+ messages (download: mbox.gz / follow: Atom feed)
-- links below jump to the message on this page --
2020-11-21 12:20 [dpdk-test-report] |WARNING| [GIT MASTER] 08c8e18b9cf78472dd0bcfdf484f0ff27b541020 dpdklab
2020-11-23 21:44 dpdklab

automatic DPDK test reports

Archives are clonable:
	git clone --mirror http://inbox.dpdk.org/test-report/0 test-report/git/0.git

	# If you have public-inbox 1.1+ installed, you may
	# initialize and index your mirror using the following commands:
	public-inbox-init -V2 test-report test-report/ http://inbox.dpdk.org/test-report \
		test-report@dpdk.org
	public-inbox-index test-report


Newsgroup available over NNTP:
	nntp://inbox.dpdk.org/inbox.dpdk.test-report


AGPL code for this site: git clone https://public-inbox.org/ public-inbox