* [dpdk-test-report] |FAILURE| pw84661-84664 [PATCH] [v3, 4/4] test: change external memory test to use system page sz
@ 2020-12-01 20:09 dpdklab
0 siblings, 0 replies; only message in thread
From: dpdklab @ 2020-12-01 20:09 UTC (permalink / raw)
To: Test Report; +Cc: dpdk-test-reports
[-- Attachment #1: Type: text/plain, Size: 2347 bytes --]
Test-Label: iol-testing
Test-Status: FAILURE
http://dpdk.org/patch/84664
_Testing issues_
Submitter: Nithin Dabilpuram <ndabilpuram@marvell.com>
Date: Tuesday, December 01 2020 19:33:02
DPDK git baseline: Repo:dpdk
Branch: master
CommitID:d3fa7b89f0b893f051cb4cef1cbc961cb59f5721
84661-84664 --> testing fail
Test environment and result as below:
+---------------------+--------------------+-------------------+----------------+
| Environment | dpdk_meson_compile | dpdk_compile_spdk | dpdk_unit_test |
+=====================+====================+===================+================+
| Windows Server 2019 | PASS | SKIPPED | SKIPPED |
+---------------------+--------------------+-------------------+----------------+
| FreeBSD 11.2 | FAIL | SKIPPED | SKIPPED |
+---------------------+--------------------+-------------------+----------------+
| Fedora 31 | FAIL | SKIPPED | SKIPPED |
+---------------------+--------------------+-------------------+----------------+
| CentOS 8 | FAIL | SKIPPED | SKIPPED |
+---------------------+--------------------+-------------------+----------------+
| openSUSE Leap 15 | FAIL | SKIPPED | SKIPPED |
+---------------------+--------------------+-------------------+----------------+
| Ubuntu 18.04 | FAIL | FAIL | FAIL |
+---------------------+--------------------+-------------------+----------------+
| Arch Linux | FAIL | SKIPPED | SKIPPED |
+---------------------+--------------------+-------------------+----------------+
Windows Server 2019
Kernel: 10.0
Compiler: clang 9.0
FreeBSD 11.2
Kernel: 11.2
Compiler: gcc 8.3
Fedora 31
Kernel: 5.3.16
Compiler: gcc 9.2.1
CentOS 8
Kernel: 4.18.0.el8_0
Compiler: gcc 8.3.1
openSUSE Leap 15
Kernel: 4.12.14
Compiler: gcc 7.4.1
Ubuntu 18.04
Kernel: 4.15.0-generic
Compiler: gcc 7.5
Arch Linux
Kernel: latest
Compiler: gcc latest
To view detailed results, visit:
https://lab.dpdk.org/results/dashboard/patchsets/14709/
UNH-IOL DPDK Community Lab
To manage your email subscriptions, visit:
https://lab.dpdk.org/results/dashboard/preferences/subscriptions/
^ permalink raw reply [flat|nested] only message in thread
only message in thread, other threads:[~2020-12-01 20:09 UTC | newest]
Thread overview: (only message) (download: mbox.gz / follow: Atom feed)
-- links below jump to the message on this page --
2020-12-01 20:09 [dpdk-test-report] |FAILURE| pw84661-84664 [PATCH] [v3, 4/4] test: change external memory test to use system page sz dpdklab
This is a public inbox, see mirroring instructions
for how to clone and mirror all data and code used for this inbox;
as well as URLs for NNTP newsgroup(s).