[-- Attachment #1: Type: text/plain, Size: 2728 bytes --]
Test-Label: iol-testing
Test-Status: FAILURE
http://dpdk.org/patch/85902
_Testing issues_
Submitter: Wei Huang <wei.huang@intel.com>
Date: Wednesday, December 30 2020 06:26:25
DPDK git baseline: Repo:dpdk
Branch: master
CommitID:9d620630ea30386d7fc2ff192656a9051b6dc6b5
85899-85902 --> testing fail
Test environment and result as below:
+---------------------+----------------------+----------------+--------------------+-------------------+
| Environment | dpdk_mingw64_compile | dpdk_unit_test | dpdk_meson_compile | dpdk_compile_spdk |
+=====================+======================+================+====================+===================+
| Windows Server 2019 | PASS | SKIPPED | PASS | SKIPPED |
+---------------------+----------------------+----------------+--------------------+-------------------+
| Ubuntu 18.04 | SKIPPED | FAIL | FAIL | FAIL |
+---------------------+----------------------+----------------+--------------------+-------------------+
| Fedora 31 | SKIPPED | SKIPPED | FAIL | FAIL |
+---------------------+----------------------+----------------+--------------------+-------------------+
| FreeBSD 11.2 | SKIPPED | SKIPPED | FAIL | SKIPPED |
+---------------------+----------------------+----------------+--------------------+-------------------+
| CentOS 8 | SKIPPED | SKIPPED | FAIL | SKIPPED |
+---------------------+----------------------+----------------+--------------------+-------------------+
| openSUSE Leap 15 | SKIPPED | SKIPPED | FAIL | SKIPPED |
+---------------------+----------------------+----------------+--------------------+-------------------+
| Arch Linux | SKIPPED | SKIPPED | FAIL | SKIPPED |
+---------------------+----------------------+----------------+--------------------+-------------------+
Windows Server 2019
Kernel: 10.0
Compiler: clang 9.0
Ubuntu 18.04
Kernel: 4.15.0-generic
Compiler: gcc 7.5
Fedora 31
Kernel: 5.3.16
Compiler: gcc 9.2.1
FreeBSD 11.2
Kernel: 11.2
Compiler: gcc 8.3
CentOS 8
Kernel: 4.18.0.el8_0
Compiler: gcc 8.3.1
openSUSE Leap 15
Kernel: 4.12.14
Compiler: gcc 7.4.1
Arch Linux
Kernel: latest
Compiler: gcc latest
To view detailed results, visit:
https://lab.dpdk.org/results/dashboard/patchsets/14974/
UNH-IOL DPDK Community Lab
To manage your email subscriptions, visit:
https://lab.dpdk.org/results/dashboard/preferences/subscriptions/